From mboxrd@z Thu Jan 1 00:00:00 1970 Return-Path: Received: from mails.dpdk.org (mails.dpdk.org [217.70.189.124]) by inbox.dpdk.org (Postfix) with ESMTP id 9589B46B30 for ; Wed, 9 Jul 2025 21:01:14 +0200 (CEST) Received: from mails.dpdk.org (localhost [127.0.0.1]) by mails.dpdk.org (Postfix) with ESMTP id 6CF1A4029E; Wed, 9 Jul 2025 21:01:14 +0200 (CEST) Received: from mail-oo1-f99.google.com (mail-oo1-f99.google.com [209.85.161.99]) by mails.dpdk.org (Postfix) with ESMTP id D97404029E for ; Wed, 9 Jul 2025 21:01:12 +0200 (CEST) Received: by mail-oo1-f99.google.com with SMTP id 006d021491bc7-610d86b3da9so83850eaf.0 for ; Wed, 09 Jul 2025 12:01:12 -0700 (PDT) DKIM-Signature: v=1; a=rsa-sha256; c=relaxed/relaxed; d=iol.unh.edu; s=unh-iol; t=1752087672; x=1752692472; darn=dpdk.org; h=references:in-reply-to:cc:to:from:subject:message-id:date:from:to :cc:subject:date:message-id:reply-to; bh=nByF0EI7vuuxY4VmQZyE+7QhMz5iZUrmr8lHR4pmZSA=; b=ETPqoJD6VSnT28TW/C3BXHKa7QQ8QFTyptjWAZvEMMXpLKoic5SnABdFjOEGKFpmV1 I1v/6o6F+SjT2QmRjwotYckC4sU9l1UtmoG2VpOYbq7A84vv2hoy9SrIfXqgT7Kyjb2u GVwu/Piw9f092Mnot6FvOKV6ooqv1gKHgr7H0= X-Google-DKIM-Signature: v=1; a=rsa-sha256; c=relaxed/relaxed; d=1e100.net; s=20230601; t=1752087672; x=1752692472; h=references:in-reply-to:cc:to:from:subject:message-id:date :x-gm-message-state:from:to:cc:subject:date:message-id:reply-to; bh=nByF0EI7vuuxY4VmQZyE+7QhMz5iZUrmr8lHR4pmZSA=; b=a9eFQMbtKuxmF0Bpzu4OMMMvMixeg4F4DBXGr+mIqC6T5CwuG9MfSHn9g/LatS+e4i 8D0IJ5s/bog5s4Cs2yTbIpx01e7/0Kr/bnMKEkx3f6M7DwsrTYVCw3KNcQbkuqwL2lid 9VQd9YpdmBByKzGzkDyAxlaM9C/vUPBVJJL+SaigfqCcrin4MoLtWJ1fhpzepS5gh+S1 CuCGRCyiyNV8USgLSmadN1VEOVFDRIPqXe8hhE1eQ5O1M28QJlIJBL7a4BI5ufqHLJ9g 6KUKX3LK9+wUtzVlkgeWqP1mMFkfXrZ3yjV1jlrvZGgoOYU7Tnvy1l3IUSpZHT88vvce 9t+Q== X-Gm-Message-State: AOJu0YzP0p8j0qDI8WCsvOU7vemOg/4EBmL7LUf00yiAhtyzNrUAaSr6 x8wa+2BglOhCwqU1vESLM4nzrv/zaUQAy1uryP4PBVhvy8xx00fZHck2qxWsVLy38Xmk5jkrkpb irDSfEt0XP26Pa1wimaNMwfZITnvyJ39AxJao1We1jwyu X-Gm-Gg: ASbGncsbgHu0WLsVquOACDs/xNHVJD/7bd1FDO2V9VlGrQJ2nXQs6WrDGRAvUoIUKXT q1/YLVDvBJ5hwEqtwmMm2Xp3AzpJTASKBQLUoqjTuYRQJ7p1C53q3pfYK9HzrWxmi3OgcWOtt1s PCfMhxlDro7hOPt/cuhLh3434bcaje3aNsEXueXd59RYFghIga3jLykoJcCDOyetoIiQ4tbP6l4 noVrZ+SMml1jt+CvFenUokuwD3aVuPI6hQMRLF5UegHIlS7QWfAUYyglCTSLYx3r+d2PMQlzpPY 0KxzSuHg+BOqBjJSWRr8KboyvhDxWf9CXr9rLlH/ZCrgJNfTRGisnf14CR6ftFPL6vimZg== X-Google-Smtp-Source: AGHT+IFzkmZ4kqNfLO60LNvSS1ngbpeVmJoFxTWXVeho9EK+sxmZVwD55i0SXpF8+yktTQjKeRlv3D9aqgD3 X-Received: by 2002:a05:6820:c83:b0:613:87ee:10e with SMTP id 006d021491bc7-613cce5bb5bmr2539782eaf.5.1752087671949; Wed, 09 Jul 2025 12:01:11 -0700 (PDT) Received: from postal.iol.unh.edu (postal.iol.unh.edu. [132.177.123.84]) by smtp-relay.gmail.com with ESMTPS id 006d021491bc7-6138e568c85sm338113eaf.12.2025.07.09.12.01.11 (version=TLS1_2 cipher=ECDHE-ECDSA-AES128-GCM-SHA256 bits=128/128); Wed, 09 Jul 2025 12:01:11 -0700 (PDT) X-Relaying-Domain: iol.unh.edu Date: Wed, 09 Jul 2025 12:01:11 -0700 (PDT) Message-ID: <686ebc77.050a0220.eeb6.173fSMTPIN_ADDED_MISSING@mx.google.com> Received: from [172.21.0.6] (unknown [172.18.0.240]) by postal.iol.unh.edu (Postfix) with ESMTP id 29238604D420; Wed, 9 Jul 2025 15:01:11 -0400 (EDT) Subject: |FAILURE| pw155006 [PATCH] ethdev: fix shadow variable definition From: dpdklab@iol.unh.edu To: Test Report Cc: dpdk-test-reports@iol.unh.edu, Stephen Hemminger In-Reply-To: <20250703172407.116249-1-stephen@networkplumber.org> References: <20250703172407.116249-1-stephen@networkplumber.org> Content-Type: text/plain X-BeenThere: test-report@dpdk.org X-Mailman-Version: 2.1.29 Precedence: list List-Id: automatic DPDK test reports List-Unsubscribe: , List-Archive: List-Post: List-Help: List-Subscribe: , Errors-To: test-report-bounces@dpdk.org Test-Label: iol-compile-arm64-testing Test-Status: FAILURE http://dpdk.org/patch/155006 _Testing issues_ Submitter: Stephen Hemminger Date: Thursday, July 03 2025 17:24:07 DPDK git baseline: Repo:dpdk Branch: master CommitID:ba982f9a1ca9b96ed0394b764f1523d482e963a2 155006 --> testing issues Upstream job id: Generic-DPDK-Compile-Meson#407390 Test environment and result as below: +------------------------------+--------------------+ | Environment | dpdk_meson_compile | +==============================+====================+ | Red Hat Enterprise Linux 9.5 | FAIL | +------------------------------+--------------------+ | Ubuntu 20.04 | FAIL | +------------------------------+--------------------+ | Fedora Linux 40 | FAIL | +------------------------------+--------------------+ | Debian GNU/Linux 12 | FAIL | +------------------------------+--------------------+ | Fedora Linux 41 | FAIL | +------------------------------+--------------------+ | Ubuntu 22.04 | FAIL | +------------------------------+--------------------+ | Ubuntu 24.04 | FAIL | +------------------------------+--------------------+ | CentOS Stream 9 | FAIL | +------------------------------+--------------------+ | CentOS Stream 10 | FAIL | +------------------------------+--------------------+ ==== 20 line log output for CentOS Stream 10 (dpdk_meson_compile): ==== [55/3761] Compiling C object lib/librte_eal.a.p/eal_common_eal_common_options.c.o [56/3761] Compiling C object lib/librte_eal.a.p/eal_common_eal_common_string_fns.c.o [57/3761] Compiling C object lib/librte_eal.a.p/eal_common_eal_common_tailqs.c.o [58/3761] Compiling C object lib/librte_eal.a.p/eal_common_eal_common_thread.c.o [59/3761] Compiling C object lib/librte_eal.a.p/eal_common_eal_common_timer.c.o [60/3761] Compiling C object lib/librte_eal.a.p/eal_common_eal_common_trace_points.c.o [61/3761] Compiling C object lib/librte_eal.a.p/eal_common_eal_common_uuid.c.o [62/3761] Compiling C object lib/librte_eal.a.p/eal_common_malloc_elem.c.o [63/3761] Compiling C object lib/librte_eal.a.p/eal_common_malloc_heap.c.o FAILED: lib/librte_eal.a.p/eal_common_malloc_heap.c.o ccache cc -Ilib/librte_eal.a.p -Ilib -I../lib -Ilib/eal/common -I../lib/eal/common -I. -I.. -Iconfig -I../config -Ilib/eal/include -I../lib/eal/include -Ilib/eal/linux/include -I../lib/eal/linux/include -Ilib/eal/arm/include -I../lib/eal/arm/include -I../kernel/linux -Ilib/eal -I../lib/eal -Ilib/kvargs -I../lib/kvargs -Ilib/log -I../lib/log -Ilib/metrics -I../lib/metrics -Ilib/telemetry -I../lib/telemetry -fdiagnostics-color=always -pipe -D_FILE_OFFSET_BITS=64 -Wall -Winvalid-pch -Wextra -Werror -std=c11 -O3 -include rte_config.h -Wvla -Wcast-qual -Wdeprecated -Wformat -Wformat-nonliteral -Wformat-security -Wmissing-declarations -Wmissing-prototypes -Wnested-externs -Wold-style-definition -Wpointer-arith -Wshadow -Wsign-compare -Wstrict-prototypes -Wundef -Wwrite-strings -Wno-packed-not-aligned -Wno-missing-field-initializers -D_GNU_SOURCE -fPIC -march=armv8.1-a+crc+crypto -DALLOW_EXPERIMENTAL_API -DALLOW_INTERNAL_API -Wno-format-truncation '-DABI_VERSION="25.2"' -DRTE_EAL_PTHREAD_AT TR_SETAFFINITY_NP -DRTE_LOG_DEFAULT_LOGTYPE=lib.eal -MD -MQ lib/librte_eal.a.p/eal_common_malloc_heap.c.o -MF lib/librte_eal.a.p/eal_common_malloc_heap.c.o.d -o lib/librte_eal.a.p/eal_common_malloc_heap.c.o -c ../lib/eal/common/malloc_heap.c ../lib/eal/common/malloc_heap.c: In function 'malloc_heap_free': ../lib/eal/common/malloc_heap.c:1047:23: error: declaration of 'aligned_end' shadows a previous local [-Werror=shadow] 1047 | void *aligned_end = RTE_PTR_ADD(aligned_start, aligned_len); | ^~~~~~~~~~~ ../lib/eal/common/malloc_heap.c:862:45: note: shadowed declaration is here 862 | void *start, *aligned_start, *end, *aligned_end; | ^~~~~~~~~~~ cc1: all warnings being treated as errors ninja: build stopped: subcommand failed. ==== End log output ==== Red Hat Enterprise Linux 9.5 Kernel: 5.4 Compiler: gcc gcc (GCC) 11.5.0 20240719 (Red Hat 11.5.0-2) Ubuntu 20.04 Kernel: 5.15 Compiler: aarch64-linux-gnu-gcc gcc (Ubuntu 9.4.0-1ubuntu1~20.04.2) 9.4.0 Fedora Linux 40 Kernel: 5.4 Compiler: gcc gcc (GCC) 14.2.1 20240912 (Red Hat 14.2.1-3) Debian GNU/Linux 12 Kernel: 5.4 Compiler: gcc gcc (Debian 12.2.0-14+deb12u1) 12.2.0 Fedora Linux 41 Kernel: 5.4 Compiler: gcc gcc (GCC) 14.3.1 20250523 (Red Hat 14.3.1-1) Ubuntu 22.04 Kernel: 5.4 Compiler: gcc gcc (Ubuntu 11.4.0-1ubuntu1~22.04) 11.4.0 Ubuntu 24.04 Kernel: 5.4 Compiler: gcc gcc (Ubuntu 13.3.0-6ubuntu2~24.04) 13.3.0 CentOS Stream 9 Kernel: 5.4 Compiler: gcc gcc (GCC) 11.5.0 20240719 (Red Hat 11.5.0-7) CentOS Stream 10 Kernel: 5.4 Compiler: gcc gcc (GCC) 14.2.1 20250110 (Red Hat 14.2.1-8) To view detailed results, visit: https://lab.dpdk.org/results/dashboard/patchsets/33589/ UNH-IOL DPDK Community Lab To manage your email subscriptions, visit: https://lab.dpdk.org/results/dashboard/preferences/subscriptions/