From mboxrd@z Thu Jan 1 00:00:00 1970 Return-Path: Received: from mails.dpdk.org (mails.dpdk.org [217.70.189.124]) by inbox.dpdk.org (Postfix) with ESMTP id 899B546B30 for ; Wed, 9 Jul 2025 21:01:52 +0200 (CEST) Received: from mails.dpdk.org (localhost [127.0.0.1]) by mails.dpdk.org (Postfix) with ESMTP id 82C604029E; Wed, 9 Jul 2025 21:01:52 +0200 (CEST) Received: from mail-pl1-f226.google.com (mail-pl1-f226.google.com [209.85.214.226]) by mails.dpdk.org (Postfix) with ESMTP id 8F9D34029E for ; Wed, 9 Jul 2025 21:01:51 +0200 (CEST) Received: by mail-pl1-f226.google.com with SMTP id d9443c01a7336-2349f096605so2744645ad.3 for ; Wed, 09 Jul 2025 12:01:51 -0700 (PDT) DKIM-Signature: v=1; a=rsa-sha256; c=relaxed/relaxed; d=iol.unh.edu; s=unh-iol; t=1752087711; x=1752692511; darn=dpdk.org; h=references:in-reply-to:cc:to:from:subject:message-id:date:from:to :cc:subject:date:message-id:reply-to; bh=23upGU/xoBxJTsTRHkrS5INTJ5DQLBdx8oXCF60ZtgQ=; b=jpiOaPkXECWV3gXJjRi2B9EnuSfzzcqCX36gIajzMCvIkfVbPAcOtpJe29ehDG6fwV D+7jfVSQ5BmhaEnnXFUfGkz81ACzqoKc8QohpXe6zi7ew/wVa1YHwmj1aSQWt1OJllRV rvKEWBM9gtuCA6oCOBw/RDV6OtypseLYiwdmo= X-Google-DKIM-Signature: v=1; a=rsa-sha256; c=relaxed/relaxed; d=1e100.net; s=20230601; t=1752087711; x=1752692511; h=references:in-reply-to:cc:to:from:subject:message-id:date :x-gm-message-state:from:to:cc:subject:date:message-id:reply-to; bh=23upGU/xoBxJTsTRHkrS5INTJ5DQLBdx8oXCF60ZtgQ=; b=WHnHWi1xMPurmaWVK8GAwREVnkfkrIrEda+YoepNWPB2vemYnXylFSZ+xNiNJY207E Ug76vGQQ3+K/srh5iDbPjgMdCeFKbUdNFxTjBDupDdxZb8FOfXKxXeTOE9Sf+Mxm5Qel cIQ4VfnU/Y8UYIoUT7DO59wGphrxxc4zQ9YHoq28qMWxPGEcgAZeLR2kLvFKMmBzfCm3 CQ1fBGNEo8gMnfDitAJbOjzW7Y4QrDnANZjCM5SR2k/t4u6pcHBq38orv2vMLtrf9lKO KJgziqF5N5El9lWabqaQt1BU7dGpxF2VtLTS6f2D1kHQuiTgIq8TwfyDaABfucjt+5UY vcjQ== X-Gm-Message-State: AOJu0YwMrnPw43gNbylTalFiwLUjsxE3cbHDnGucZcpeyy1TGleCQ05I wX/koSeGajmRaGDArvhDii6/FoPe/W793KykhYR4HDc8xGlK0NOYvxXqRYvCHDobG/M1nUTxET+ GQgRnbMInE5XlhPT0XzOj+QmCiw3/vN+H1Tx2L3AB4e2dQLJAvakZozBIu7CF X-Gm-Gg: ASbGncs3sroBhOzGYRgtNSvXnHxTvWh+BW1pqMncSjzP3FOtHoMZV3qnvNwD6GtfW/S eH8dKlw/KUSvAIeuuVbcBaG0JpJcI8P9OScq13IEBq7B6hLjPcKLuN5HRw3C3KiL/RI2enI8vxG Wv5mejxv4/QbNWsdWfVYkbqAhtxE5FJw0GlpMthYGk1/6L9JTKRP6EH1nK8hj5kElxtehgkex6v ZGhvQJ7rBj6C4csq4/jvhss+yeN0UUVAOYoq/hDTArA5dxjN1ZD/uB8+1rEw3AN0nt2W7IBqFBd GPnyjXFKcpiBLZKlo0xXP69DAQFVnDFlk3xhE1w4sy4N6tE= X-Google-Smtp-Source: AGHT+IH2Uy4pM6IF2Na279XKj4GYyadC2sH9UyoafKjXU3jsrqAUnlElkUje3GGX9hOSIDyb5r4qzwXr37BX X-Received: by 2002:a17:903:2ecd:b0:235:ea29:28e9 with SMTP id d9443c01a7336-23ddb36902dmr67495995ad.38.1752087710637; Wed, 09 Jul 2025 12:01:50 -0700 (PDT) Received: from postal.iol.unh.edu (postal.iol.unh.edu. [2606:4100:3880:1234::84]) by smtp-relay.gmail.com with ESMTPS id d9443c01a7336-23c842d15bcsm6729075ad.43.2025.07.09.12.01.50 (version=TLS1_2 cipher=ECDHE-ECDSA-AES128-GCM-SHA256 bits=128/128); Wed, 09 Jul 2025 12:01:50 -0700 (PDT) X-Relaying-Domain: iol.unh.edu Date: Wed, 09 Jul 2025 12:01:50 -0700 (PDT) Message-ID: <686ebc9e.170a0220.12adea.3d31SMTPIN_ADDED_MISSING@mx.google.com> Received: from [172.21.0.5] (unknown [172.18.0.240]) by postal.iol.unh.edu (Postfix) with ESMTP id 1251F604D420; Wed, 9 Jul 2025 15:01:50 -0400 (EDT) Subject: |FAILURE| pw155006 [PATCH] ethdev: fix shadow variable definition From: dpdklab@iol.unh.edu To: Test Report Cc: dpdk-test-reports@iol.unh.edu, Stephen Hemminger In-Reply-To: <20250703172407.116249-1-stephen@networkplumber.org> References: <20250703172407.116249-1-stephen@networkplumber.org> Content-Type: text/plain X-BeenThere: test-report@dpdk.org X-Mailman-Version: 2.1.29 Precedence: list List-Id: automatic DPDK test reports List-Unsubscribe: , List-Archive: List-Post: List-Help: List-Subscribe: , Errors-To: test-report-bounces@dpdk.org Test-Label: iol-compile-arm64-testing Test-Status: FAILURE http://dpdk.org/patch/155006 _Testing issues_ Submitter: Stephen Hemminger Date: Thursday, July 03 2025 17:24:07 DPDK git baseline: Repo:dpdk Branch: master CommitID:ba982f9a1ca9b96ed0394b764f1523d482e963a2 155006 --> testing issues Upstream job id: Generic-DPDK-Compile-Meson#407394 Test environment and result as below: +------------------------------+--------------------+ | Environment | dpdk_meson_compile | +==============================+====================+ | Red Hat Enterprise Linux 9.5 | FAIL | +------------------------------+--------------------+ | Ubuntu 20.04 | FAIL | +------------------------------+--------------------+ | Fedora Linux 40 | FAIL | +------------------------------+--------------------+ | Debian GNU/Linux 12 | FAIL | +------------------------------+--------------------+ | Fedora Linux 41 | FAIL | +------------------------------+--------------------+ | Ubuntu 22.04 | FAIL | +------------------------------+--------------------+ | Ubuntu 24.04 | FAIL | +------------------------------+--------------------+ | CentOS Stream 9 | FAIL | +------------------------------+--------------------+ | CentOS Stream 10 | FAIL | +------------------------------+--------------------+ ==== 20 line log output for CentOS Stream 10 (dpdk_meson_compile): ==== [55/3761] Compiling C object lib/librte_eal.a.p/eal_common_eal_common_options.c.o [56/3761] Compiling C object lib/librte_eal.a.p/eal_common_eal_common_string_fns.c.o [57/3761] Compiling C object lib/librte_eal.a.p/eal_common_eal_common_tailqs.c.o [58/3761] Compiling C object lib/librte_eal.a.p/eal_common_eal_common_thread.c.o [59/3761] Compiling C object lib/librte_eal.a.p/eal_common_eal_common_timer.c.o [60/3761] Compiling C object lib/librte_eal.a.p/eal_common_eal_common_trace_points.c.o [61/3761] Compiling C object lib/librte_eal.a.p/eal_common_eal_common_uuid.c.o [62/3761] Compiling C object lib/librte_eal.a.p/eal_common_malloc_elem.c.o [63/3761] Compiling C object lib/librte_eal.a.p/eal_common_malloc_heap.c.o FAILED: lib/librte_eal.a.p/eal_common_malloc_heap.c.o ccache cc -Ilib/librte_eal.a.p -Ilib -I../lib -Ilib/eal/common -I../lib/eal/common -I. -I.. -Iconfig -I../config -Ilib/eal/include -I../lib/eal/include -Ilib/eal/linux/include -I../lib/eal/linux/include -Ilib/eal/arm/include -I../lib/eal/arm/include -I../kernel/linux -Ilib/eal -I../lib/eal -Ilib/kvargs -I../lib/kvargs -Ilib/log -I../lib/log -Ilib/metrics -I../lib/metrics -Ilib/telemetry -I../lib/telemetry -fdiagnostics-color=always -pipe -D_FILE_OFFSET_BITS=64 -Wall -Winvalid-pch -Wextra -Werror -std=c11 -O3 -include rte_config.h -Wvla -Wcast-qual -Wdeprecated -Wformat -Wformat-nonliteral -Wformat-security -Wmissing-declarations -Wmissing-prototypes -Wnested-externs -Wold-style-definition -Wpointer-arith -Wshadow -Wsign-compare -Wstrict-prototypes -Wundef -Wwrite-strings -Wno-packed-not-aligned -Wno-missing-field-initializers -D_GNU_SOURCE -fPIC -march=armv8.1-a+crc+crypto -DALLOW_EXPERIMENTAL_API -DALLOW_INTERNAL_API -Wno-format-truncation '-DABI_VERSION="25.2"' -DRTE_EAL_PTHREAD_AT TR_SETAFFINITY_NP -DRTE_LOG_DEFAULT_LOGTYPE=lib.eal -MD -MQ lib/librte_eal.a.p/eal_common_malloc_heap.c.o -MF lib/librte_eal.a.p/eal_common_malloc_heap.c.o.d -o lib/librte_eal.a.p/eal_common_malloc_heap.c.o -c ../lib/eal/common/malloc_heap.c ../lib/eal/common/malloc_heap.c: In function 'malloc_heap_free': ../lib/eal/common/malloc_heap.c:1047:23: error: declaration of 'aligned_end' shadows a previous local [-Werror=shadow] 1047 | void *aligned_end = RTE_PTR_ADD(aligned_start, aligned_len); | ^~~~~~~~~~~ ../lib/eal/common/malloc_heap.c:862:45: note: shadowed declaration is here 862 | void *start, *aligned_start, *end, *aligned_end; | ^~~~~~~~~~~ cc1: all warnings being treated as errors ninja: build stopped: subcommand failed. ==== End log output ==== Red Hat Enterprise Linux 9.5 Kernel: 5.4 Compiler: gcc gcc (GCC) 11.5.0 20240719 (Red Hat 11.5.0-2) Ubuntu 20.04 Kernel: 5.15 Compiler: aarch64-linux-gnu-gcc gcc (Ubuntu 9.4.0-1ubuntu1~20.04.2) 9.4.0 Fedora Linux 40 Kernel: 5.4 Compiler: gcc gcc (GCC) 14.2.1 20240912 (Red Hat 14.2.1-3) Debian GNU/Linux 12 Kernel: 5.4 Compiler: gcc gcc (Debian 12.2.0-14+deb12u1) 12.2.0 Fedora Linux 41 Kernel: 5.4 Compiler: gcc gcc (GCC) 14.3.1 20250523 (Red Hat 14.3.1-1) Ubuntu 22.04 Kernel: 5.4 Compiler: gcc gcc (Ubuntu 11.4.0-1ubuntu1~22.04) 11.4.0 Ubuntu 24.04 Kernel: 5.4 Compiler: gcc gcc (Ubuntu 13.3.0-6ubuntu2~24.04) 13.3.0 CentOS Stream 9 Kernel: 5.4 Compiler: gcc gcc (GCC) 11.5.0 20240719 (Red Hat 11.5.0-7) CentOS Stream 10 Kernel: 5.4 Compiler: gcc gcc (GCC) 14.2.1 20250110 (Red Hat 14.2.1-8) To view detailed results, visit: https://lab.dpdk.org/results/dashboard/patchsets/33589/ UNH-IOL DPDK Community Lab To manage your email subscriptions, visit: https://lab.dpdk.org/results/dashboard/preferences/subscriptions/