From mboxrd@z Thu Jan 1 00:00:00 1970 Return-Path: Received: from mails.dpdk.org (mails.dpdk.org [217.70.189.124]) by inbox.dpdk.org (Postfix) with ESMTP id 9E3F746B30 for ; Wed, 9 Jul 2025 21:02:18 +0200 (CEST) Received: from mails.dpdk.org (localhost [127.0.0.1]) by mails.dpdk.org (Postfix) with ESMTP id 97BAB4029E; Wed, 9 Jul 2025 21:02:18 +0200 (CEST) Received: from mail-oa1-f99.google.com (mail-oa1-f99.google.com [209.85.160.99]) by mails.dpdk.org (Postfix) with ESMTP id 301004029E for ; Wed, 9 Jul 2025 21:02:17 +0200 (CEST) Received: by mail-oa1-f99.google.com with SMTP id 586e51a60fabf-2f3dab2a2a9so128604fac.2 for ; Wed, 09 Jul 2025 12:02:17 -0700 (PDT) DKIM-Signature: v=1; a=rsa-sha256; c=relaxed/relaxed; d=iol.unh.edu; s=unh-iol; t=1752087736; x=1752692536; darn=dpdk.org; h=references:in-reply-to:cc:to:from:subject:message-id:date:from:to :cc:subject:date:message-id:reply-to; bh=P48ffJki0wnxK47DximM3FuVQgGg8WWiudaz+21TnYo=; b=J6X6nrkw8F/t6aRzM639/vCRUquIuNZxH4Xks8GdGuF7YfTT7BLe07CrDyQ9ilIO6d wXTy88CkjJ4/2ojum2Gs8TSg6UT0O2NuGfAtln9I8NW6GdkkjkAN31kzjBXnevBeMZZS ZTtOpJgJdVgjel3m4jlR/vCIi2bRlfIx6RpcE= X-Google-DKIM-Signature: v=1; a=rsa-sha256; c=relaxed/relaxed; d=1e100.net; s=20230601; t=1752087736; x=1752692536; h=references:in-reply-to:cc:to:from:subject:message-id:date :x-gm-message-state:from:to:cc:subject:date:message-id:reply-to; bh=P48ffJki0wnxK47DximM3FuVQgGg8WWiudaz+21TnYo=; b=xKQuKo8k+TowWr0CyRp98X9tCzR5AQ4gLjmqfAMnTqEfynV/piQDCAQpiO5EytBtI1 Nz7Imo4ZapcughGPdGO7uzsRkaZF70aBQAOr4JOIJUj0o1uuN+qHPpfLU+rCxK6CqyIh LyhAmX1iMxJjM0lR/MCMIWUYRiYUVLdQ9LYM81m3eGL6+WMofmK5UqCpBC/kBKyox+s/ VHRJRIPhL10fhxOjnQ4dDyTuroL7FwZkiPjlCZh28vBfdChM0ixaiy5TYHgwOQdFNMBC 0653ViUeqLCo1hxTFm5WzdJ4htQso76rnWckrpvVsC/ZByZUIwLBH2kT7KbkiLM9j/sL fcAw== X-Gm-Message-State: AOJu0YzZp2ScHRhjolG5k/lbLykB2ormE8j7XdCjYZfTa3wEbOnbBR01 rCR7HUsrYRh5jY5TE30r479pBe+1/0O3eYb66NfBwXESPG83YbjH6EEqzK/PNSKmW3R1qTIliTP P3ksjw3KeaDV5FMmJbTGmXdUpPh1unR8+tWd1ReZSgDwT X-Gm-Gg: ASbGncurMzqq4ruyjW3qNQye08Zm4hZ14OgvjQkt6QeDQgF7PqFBX+qDJsWITF0ho9/ QTfRbFf/P1vlXs+LpX7e/fX1vB7rek89geHkrGeAtYdbncGaMY7KE537X5vPpJl73O3JKP1/4Kr iz55A7dUJuSpXX+sc45FOIkq6m/Uhn9G56WnsAnf2fhL4Uw3F4rrnS/aWoeEzowLJ+D3VUdsRwv FCcY4dfIQHiJXF6Dt9ybbq+IAA7vpMceCO6VhgMfkNR6lidvTnWpv74EFmRaCk6NeNXaAjc3eC1 90totIEEQ8YSRvup83oN4ekhGQiDy1aMziZK4LdtAzEz4GhBH9x4RK/4pvI+tXD3wd+TqA== X-Google-Smtp-Source: AGHT+IG6NwWbh/5hkglXZVbggW3bfHItT4Ylo0Q2jGqeg661OTr5wY8yLGgP1lcncGD9jhDd3+xbG1Lfnu18 X-Received: by 2002:a05:6870:6c1b:b0:2f7:5945:2d2b with SMTP id 586e51a60fabf-2fef87ddb2dmr2923840fac.34.1752087735869; Wed, 09 Jul 2025 12:02:15 -0700 (PDT) Received: from postal.iol.unh.edu (postal.iol.unh.edu. [132.177.123.84]) by smtp-relay.gmail.com with ESMTPS id 586e51a60fabf-2f79018a9ebsm794199fac.41.2025.07.09.12.02.15 (version=TLS1_2 cipher=ECDHE-ECDSA-AES128-GCM-SHA256 bits=128/128); Wed, 09 Jul 2025 12:02:15 -0700 (PDT) X-Relaying-Domain: iol.unh.edu Date: Wed, 09 Jul 2025 12:02:15 -0700 (PDT) Message-ID: <686ebcb7.050a0220.2dfdf6.9bdbSMTPIN_ADDED_MISSING@mx.google.com> Received: from [172.21.0.7] (unknown [172.18.0.240]) by postal.iol.unh.edu (Postfix) with ESMTP id 56850604D420; Wed, 9 Jul 2025 15:02:15 -0400 (EDT) Subject: |FAILURE| pw155006 [PATCH] ethdev: fix shadow variable definition From: dpdklab@iol.unh.edu To: Test Report Cc: dpdk-test-reports@iol.unh.edu, Stephen Hemminger In-Reply-To: <20250703172407.116249-1-stephen@networkplumber.org> References: <20250703172407.116249-1-stephen@networkplumber.org> Content-Type: text/plain X-BeenThere: test-report@dpdk.org X-Mailman-Version: 2.1.29 Precedence: list List-Id: automatic DPDK test reports List-Unsubscribe: , List-Archive: List-Post: List-Help: List-Subscribe: , Errors-To: test-report-bounces@dpdk.org Test-Label: iol-compile-arm64-testing Test-Status: FAILURE http://dpdk.org/patch/155006 _Testing issues_ Submitter: Stephen Hemminger Date: Thursday, July 03 2025 17:24:07 DPDK git baseline: Repo:dpdk Branch: master CommitID:ba982f9a1ca9b96ed0394b764f1523d482e963a2 155006 --> testing issues Upstream job id: Generic-DPDK-Compile-Meson#407392 Test environment and result as below: +------------------------------+--------------------+ | Environment | dpdk_meson_compile | +==============================+====================+ | Red Hat Enterprise Linux 9.5 | FAIL | +------------------------------+--------------------+ | Ubuntu 20.04 | FAIL | +------------------------------+--------------------+ | Fedora Linux 40 | FAIL | +------------------------------+--------------------+ | Debian GNU/Linux 12 | FAIL | +------------------------------+--------------------+ | Fedora Linux 41 | FAIL | +------------------------------+--------------------+ | Ubuntu 22.04 | FAIL | +------------------------------+--------------------+ | Ubuntu 24.04 | FAIL | +------------------------------+--------------------+ | CentOS Stream 9 | FAIL | +------------------------------+--------------------+ | CentOS Stream 10 | FAIL | +------------------------------+--------------------+ ==== 20 line log output for CentOS Stream 10 (dpdk_meson_compile): ==== [55/3761] Compiling C object lib/librte_eal.a.p/eal_common_eal_common_options.c.o [56/3761] Compiling C object lib/librte_eal.a.p/eal_common_eal_common_string_fns.c.o [57/3761] Compiling C object lib/librte_eal.a.p/eal_common_eal_common_tailqs.c.o [58/3761] Compiling C object lib/librte_eal.a.p/eal_common_eal_common_thread.c.o [59/3761] Compiling C object lib/librte_eal.a.p/eal_common_eal_common_timer.c.o [60/3761] Compiling C object lib/librte_eal.a.p/eal_common_eal_common_trace_points.c.o [61/3761] Compiling C object lib/librte_eal.a.p/eal_common_eal_common_uuid.c.o [62/3761] Compiling C object lib/librte_eal.a.p/eal_common_malloc_elem.c.o [63/3761] Compiling C object lib/librte_eal.a.p/eal_common_malloc_heap.c.o FAILED: lib/librte_eal.a.p/eal_common_malloc_heap.c.o ccache cc -Ilib/librte_eal.a.p -Ilib -I../lib -Ilib/eal/common -I../lib/eal/common -I. -I.. -Iconfig -I../config -Ilib/eal/include -I../lib/eal/include -Ilib/eal/linux/include -I../lib/eal/linux/include -Ilib/eal/arm/include -I../lib/eal/arm/include -I../kernel/linux -Ilib/eal -I../lib/eal -Ilib/kvargs -I../lib/kvargs -Ilib/log -I../lib/log -Ilib/metrics -I../lib/metrics -Ilib/telemetry -I../lib/telemetry -fdiagnostics-color=always -pipe -D_FILE_OFFSET_BITS=64 -Wall -Winvalid-pch -Wextra -Werror -std=c11 -O3 -include rte_config.h -Wvla -Wcast-qual -Wdeprecated -Wformat -Wformat-nonliteral -Wformat-security -Wmissing-declarations -Wmissing-prototypes -Wnested-externs -Wold-style-definition -Wpointer-arith -Wshadow -Wsign-compare -Wstrict-prototypes -Wundef -Wwrite-strings -Wno-packed-not-aligned -Wno-missing-field-initializers -D_GNU_SOURCE -fPIC -march=armv8.1-a+crc+crypto -DALLOW_EXPERIMENTAL_API -DALLOW_INTERNAL_API -Wno-format-truncation '-DABI_VERSION="25.2"' -DRTE_EAL_PTHREAD_AT TR_SETAFFINITY_NP -DRTE_LOG_DEFAULT_LOGTYPE=lib.eal -MD -MQ lib/librte_eal.a.p/eal_common_malloc_heap.c.o -MF lib/librte_eal.a.p/eal_common_malloc_heap.c.o.d -o lib/librte_eal.a.p/eal_common_malloc_heap.c.o -c ../lib/eal/common/malloc_heap.c ../lib/eal/common/malloc_heap.c: In function 'malloc_heap_free': ../lib/eal/common/malloc_heap.c:1047:23: error: declaration of 'aligned_end' shadows a previous local [-Werror=shadow] 1047 | void *aligned_end = RTE_PTR_ADD(aligned_start, aligned_len); | ^~~~~~~~~~~ ../lib/eal/common/malloc_heap.c:862:45: note: shadowed declaration is here 862 | void *start, *aligned_start, *end, *aligned_end; | ^~~~~~~~~~~ cc1: all warnings being treated as errors ninja: build stopped: subcommand failed. ==== End log output ==== Red Hat Enterprise Linux 9.5 Kernel: 5.4 Compiler: gcc gcc (GCC) 11.5.0 20240719 (Red Hat 11.5.0-2) Ubuntu 20.04 Kernel: 5.15 Compiler: aarch64-linux-gnu-gcc gcc (Ubuntu 9.4.0-1ubuntu1~20.04.2) 9.4.0 Fedora Linux 40 Kernel: 5.4 Compiler: gcc gcc (GCC) 14.2.1 20240912 (Red Hat 14.2.1-3) Debian GNU/Linux 12 Kernel: 5.4 Compiler: gcc gcc (Debian 12.2.0-14+deb12u1) 12.2.0 Fedora Linux 41 Kernel: 5.4 Compiler: gcc gcc (GCC) 14.3.1 20250523 (Red Hat 14.3.1-1) Ubuntu 22.04 Kernel: 5.4 Compiler: gcc gcc (Ubuntu 11.4.0-1ubuntu1~22.04) 11.4.0 Ubuntu 24.04 Kernel: 5.4 Compiler: gcc gcc (Ubuntu 13.3.0-6ubuntu2~24.04) 13.3.0 CentOS Stream 9 Kernel: 5.4 Compiler: gcc gcc (GCC) 11.5.0 20240719 (Red Hat 11.5.0-7) CentOS Stream 10 Kernel: 5.4 Compiler: gcc gcc (GCC) 14.2.1 20250110 (Red Hat 14.2.1-8) To view detailed results, visit: https://lab.dpdk.org/results/dashboard/patchsets/33589/ UNH-IOL DPDK Community Lab To manage your email subscriptions, visit: https://lab.dpdk.org/results/dashboard/preferences/subscriptions/