From mboxrd@z Thu Jan 1 00:00:00 1970 Return-Path: Received: from mails.dpdk.org (mails.dpdk.org [217.70.189.124]) by inbox.dpdk.org (Postfix) with ESMTP id F363D46A87 for ; Wed, 9 Jul 2025 21:04:37 +0200 (CEST) Received: from mails.dpdk.org (localhost [127.0.0.1]) by mails.dpdk.org (Postfix) with ESMTP id D80CF4029E; Wed, 9 Jul 2025 21:04:37 +0200 (CEST) Received: from mail-il1-f226.google.com (mail-il1-f226.google.com [209.85.166.226]) by mails.dpdk.org (Postfix) with ESMTP id 78D004029E for ; Wed, 9 Jul 2025 21:04:36 +0200 (CEST) Received: by mail-il1-f226.google.com with SMTP id e9e14a558f8ab-3df2e7cdc64so1446085ab.1 for ; Wed, 09 Jul 2025 12:04:36 -0700 (PDT) DKIM-Signature: v=1; a=rsa-sha256; c=relaxed/relaxed; d=iol.unh.edu; s=unh-iol; t=1752087876; x=1752692676; darn=dpdk.org; h=references:in-reply-to:cc:to:from:subject:message-id:date:from:to :cc:subject:date:message-id:reply-to; bh=MCmcyGLrPcpi7kJyEp0hN8mWnfv6ErX4jdAye7j832U=; b=St2a9yVIRZtSaJZ9ACcFgAuwpFRTr7tEoJSSRuyeItGb9QAdIi+kCcm7UfhJO6Iuy6 esyz2ts0tmH2wm743Yg4rroUcimSx4yfQB1+wnd898PlePRuOOV1/Dd3lHJyAopXGBME bR1phNFt+rIRm2zg6m7VthOHvTIS0IAmM3Ti4= X-Google-DKIM-Signature: v=1; a=rsa-sha256; c=relaxed/relaxed; d=1e100.net; s=20230601; t=1752087876; x=1752692676; h=references:in-reply-to:cc:to:from:subject:message-id:date :x-gm-message-state:from:to:cc:subject:date:message-id:reply-to; bh=MCmcyGLrPcpi7kJyEp0hN8mWnfv6ErX4jdAye7j832U=; b=lbyUBPqEqY3b4Avopr8inuPRLrN167sA9rv/vXItNO0s+KZKGfNWpbhn7cXCX8Uf/9 uTJc3MPKV1S93i5R1iByg+QCAMIUUH9TjwfTmjDwK2H7/fvvHfNO+9OzJQIu6inhwBm0 e/c2+U13GqktkB/Bll7u/+UddtxOQnwuhNSqntd06ZddxBuhMWm1/FNYqgpRzHshL/R1 oeY3XY4flvXXWJiHY/IK3aYJfMFNRRn/lgVcdXlswOT5dgi7fQSrPsES8z6/IiUikNIf ThQTzFz23tw8bA9ehyGn5CIZMeMpi3B7fgie3XpvhM0Av+fSDAGU3gQrm//mCeZkWMWd SZNw== X-Gm-Message-State: AOJu0YyDDWXvnhZjzOJOAChoKETGq3//6jP/jDUDR14VXTOZKhWUTlxv 9sDAn8iQ+EnHFWjaRw4cjB5gnE3iYJ8Gh/BfYqSxCKvvUctf93DvBTL2GbvUikWJHx/7WQRHYP5 PgmN/ivVNk2tYLnCaEWgxlejtYIygYE6ZWgQdtzq6zJwJ X-Gm-Gg: ASbGncs0dEC7qGECdssdKegji0Q1qE9KQGYvm8FGS8r3ZLNhUTiP0y3qMqEJeXuG1yY QrLhVyPGjdG6PhQl8SNgzhRvKM6NWdpb85yN/dxSqf7P0onfmXB9lJIzzsTfL9iH/ravXgV4irA WO0NTpVFK7JbHF89roeo07ZkZoKfwqdt3B42Ng4QrCKm/6qAwGXNhUe/NCieKBY/kppGFan/T9W b6MiLB/NvhUePLv7QX7n4FDPze7L/dh9LM/Wc6qWNdcSYQSWCdW5dXnF05eyhupcne80ITAZiyI woWvht8LJD9RmaF1ng3R3/U/gT0MOG1qlKBL8oqZHiLzshbmnZcf9pbHWProS5Ey3IHwfw== X-Google-Smtp-Source: AGHT+IGzYcvsp/Wpq6txt/uvNLUuIE6FhUNM6dIb+rz383h2sSqmiVyncLjfLP1A4eVmJoFZT/mToxom7Tl7 X-Received: by 2002:a05:6e02:2304:b0:3df:3464:ab86 with SMTP id e9e14a558f8ab-3e167019363mr37192445ab.9.1752087875632; Wed, 09 Jul 2025 12:04:35 -0700 (PDT) Received: from postal.iol.unh.edu (postal.iol.unh.edu. [132.177.123.84]) by smtp-relay.gmail.com with ESMTPS id e9e14a558f8ab-3e0ec28dd73sm8054435ab.0.2025.07.09.12.04.35 (version=TLS1_2 cipher=ECDHE-ECDSA-AES128-GCM-SHA256 bits=128/128); Wed, 09 Jul 2025 12:04:35 -0700 (PDT) X-Relaying-Domain: iol.unh.edu Date: Wed, 09 Jul 2025 12:04:35 -0700 (PDT) Message-ID: <686ebd43.050a0220.1408ef.aabfSMTPIN_ADDED_MISSING@mx.google.com> Received: from [172.21.0.5] (unknown [172.18.0.240]) by postal.iol.unh.edu (Postfix) with ESMTP id 218CC604D420; Wed, 9 Jul 2025 15:04:35 -0400 (EDT) Subject: |FAILURE| pw155006 [PATCH] ethdev: fix shadow variable definition From: dpdklab@iol.unh.edu To: Test Report Cc: dpdk-test-reports@iol.unh.edu, Stephen Hemminger In-Reply-To: <20250703172407.116249-1-stephen@networkplumber.org> References: <20250703172407.116249-1-stephen@networkplumber.org> Content-Type: text/plain X-BeenThere: test-report@dpdk.org X-Mailman-Version: 2.1.29 Precedence: list List-Id: automatic DPDK test reports List-Unsubscribe: , List-Archive: List-Post: List-Help: List-Subscribe: , Errors-To: test-report-bounces@dpdk.org Test-Label: iol-compile-arm64-testing Test-Status: FAILURE http://dpdk.org/patch/155006 _Testing issues_ Submitter: Stephen Hemminger Date: Thursday, July 03 2025 17:24:07 DPDK git baseline: Repo:dpdk Branch: master CommitID:ba982f9a1ca9b96ed0394b764f1523d482e963a2 155006 --> testing issues Upstream job id: Generic-DPDK-Compile-Meson#407393 Test environment and result as below: +------------------------------+--------------------+ | Environment | dpdk_meson_compile | +==============================+====================+ | Red Hat Enterprise Linux 9.5 | FAIL | +------------------------------+--------------------+ | Ubuntu 20.04 | FAIL | +------------------------------+--------------------+ | Fedora Linux 40 | FAIL | +------------------------------+--------------------+ | Debian GNU/Linux 12 | FAIL | +------------------------------+--------------------+ | Fedora Linux 41 | FAIL | +------------------------------+--------------------+ | Ubuntu 22.04 | FAIL | +------------------------------+--------------------+ | Ubuntu 24.04 | FAIL | +------------------------------+--------------------+ | CentOS Stream 9 | FAIL | +------------------------------+--------------------+ | CentOS Stream 10 | FAIL | +------------------------------+--------------------+ ==== 20 line log output for CentOS Stream 10 (dpdk_meson_compile): ==== [55/3761] Compiling C object lib/librte_eal.a.p/eal_common_eal_common_options.c.o [56/3761] Compiling C object lib/librte_eal.a.p/eal_common_eal_common_string_fns.c.o [57/3761] Compiling C object lib/librte_eal.a.p/eal_common_eal_common_tailqs.c.o [58/3761] Compiling C object lib/librte_eal.a.p/eal_common_eal_common_thread.c.o [59/3761] Compiling C object lib/librte_eal.a.p/eal_common_eal_common_timer.c.o [60/3761] Compiling C object lib/librte_eal.a.p/eal_common_eal_common_trace_points.c.o [61/3761] Compiling C object lib/librte_eal.a.p/eal_common_eal_common_uuid.c.o [62/3761] Compiling C object lib/librte_eal.a.p/eal_common_malloc_elem.c.o [63/3761] Compiling C object lib/librte_eal.a.p/eal_common_malloc_heap.c.o FAILED: lib/librte_eal.a.p/eal_common_malloc_heap.c.o ccache cc -Ilib/librte_eal.a.p -Ilib -I../lib -Ilib/eal/common -I../lib/eal/common -I. -I.. -Iconfig -I../config -Ilib/eal/include -I../lib/eal/include -Ilib/eal/linux/include -I../lib/eal/linux/include -Ilib/eal/arm/include -I../lib/eal/arm/include -I../kernel/linux -Ilib/eal -I../lib/eal -Ilib/kvargs -I../lib/kvargs -Ilib/log -I../lib/log -Ilib/metrics -I../lib/metrics -Ilib/telemetry -I../lib/telemetry -fdiagnostics-color=always -pipe -D_FILE_OFFSET_BITS=64 -Wall -Winvalid-pch -Wextra -Werror -std=c11 -O3 -include rte_config.h -Wvla -Wcast-qual -Wdeprecated -Wformat -Wformat-nonliteral -Wformat-security -Wmissing-declarations -Wmissing-prototypes -Wnested-externs -Wold-style-definition -Wpointer-arith -Wshadow -Wsign-compare -Wstrict-prototypes -Wundef -Wwrite-strings -Wno-packed-not-aligned -Wno-missing-field-initializers -D_GNU_SOURCE -fPIC -march=armv8.1-a+crc+crypto -DALLOW_EXPERIMENTAL_API -DALLOW_INTERNAL_API -Wno-format-truncation '-DABI_VERSION="25.2"' -DRTE_EAL_PTHREAD_AT TR_SETAFFINITY_NP -DRTE_LOG_DEFAULT_LOGTYPE=lib.eal -MD -MQ lib/librte_eal.a.p/eal_common_malloc_heap.c.o -MF lib/librte_eal.a.p/eal_common_malloc_heap.c.o.d -o lib/librte_eal.a.p/eal_common_malloc_heap.c.o -c ../lib/eal/common/malloc_heap.c ../lib/eal/common/malloc_heap.c: In function 'malloc_heap_free': ../lib/eal/common/malloc_heap.c:1047:23: error: declaration of 'aligned_end' shadows a previous local [-Werror=shadow] 1047 | void *aligned_end = RTE_PTR_ADD(aligned_start, aligned_len); | ^~~~~~~~~~~ ../lib/eal/common/malloc_heap.c:862:45: note: shadowed declaration is here 862 | void *start, *aligned_start, *end, *aligned_end; | ^~~~~~~~~~~ cc1: all warnings being treated as errors ninja: build stopped: subcommand failed. ==== End log output ==== Red Hat Enterprise Linux 9.5 Kernel: 5.4 Compiler: gcc gcc (GCC) 11.5.0 20240719 (Red Hat 11.5.0-2) Ubuntu 20.04 Kernel: 5.15 Compiler: aarch64-linux-gnu-gcc gcc (Ubuntu 9.4.0-1ubuntu1~20.04.2) 9.4.0 Fedora Linux 40 Kernel: 5.4 Compiler: gcc gcc (GCC) 14.2.1 20240912 (Red Hat 14.2.1-3) Debian GNU/Linux 12 Kernel: 5.4 Compiler: gcc gcc (Debian 12.2.0-14+deb12u1) 12.2.0 Fedora Linux 41 Kernel: 5.4 Compiler: gcc gcc (GCC) 14.3.1 20250523 (Red Hat 14.3.1-1) Ubuntu 22.04 Kernel: 5.4 Compiler: gcc gcc (Ubuntu 11.4.0-1ubuntu1~22.04) 11.4.0 Ubuntu 24.04 Kernel: 5.4 Compiler: gcc gcc (Ubuntu 13.3.0-6ubuntu2~24.04) 13.3.0 CentOS Stream 9 Kernel: 5.4 Compiler: gcc gcc (GCC) 11.5.0 20240719 (Red Hat 11.5.0-7) CentOS Stream 10 Kernel: 5.4 Compiler: gcc gcc (GCC) 14.2.1 20250110 (Red Hat 14.2.1-8) To view detailed results, visit: https://lab.dpdk.org/results/dashboard/patchsets/33589/ UNH-IOL DPDK Community Lab To manage your email subscriptions, visit: https://lab.dpdk.org/results/dashboard/preferences/subscriptions/