From mboxrd@z Thu Jan 1 00:00:00 1970 Return-Path: Received: from mails.dpdk.org (mails.dpdk.org [217.70.189.124]) by inbox.dpdk.org (Postfix) with ESMTP id 54AC446B30 for ; Wed, 9 Jul 2025 21:17:10 +0200 (CEST) Received: from mails.dpdk.org (localhost [127.0.0.1]) by mails.dpdk.org (Postfix) with ESMTP id 2C8554029E; Wed, 9 Jul 2025 21:17:10 +0200 (CEST) Received: from mail-io1-f100.google.com (mail-io1-f100.google.com [209.85.166.100]) by mails.dpdk.org (Postfix) with ESMTP id 1FA4A4029E for ; Wed, 9 Jul 2025 21:17:09 +0200 (CEST) Received: by mail-io1-f100.google.com with SMTP id ca18e2360f4ac-876231b81d5so17745239f.2 for ; Wed, 09 Jul 2025 12:17:09 -0700 (PDT) DKIM-Signature: v=1; a=rsa-sha256; c=relaxed/relaxed; d=iol.unh.edu; s=unh-iol; t=1752088628; x=1752693428; darn=dpdk.org; h=references:in-reply-to:cc:to:from:subject:message-id:date:from:to :cc:subject:date:message-id:reply-to; bh=y4l5ey5HXApTVrDYui6XFrK38TDuvudnNtfhudyKsLE=; b=h7c6u/T2Jv+zBS05Yg7VyWKhYZT+DnQTL95bKbqILqKPbCDUsj7f13q/DirInk8b4p kfvLHUlP1aTELjdEsybai66+AqmhaEkRzq6pBJK+jopR8yfl341KMbqbtuhCXvZfJ9OD /3rqCvlW4NlZf5hYDQ1UwQyHgk0JoQAxp8m2c= X-Google-DKIM-Signature: v=1; a=rsa-sha256; c=relaxed/relaxed; d=1e100.net; s=20230601; t=1752088628; x=1752693428; h=references:in-reply-to:cc:to:from:subject:message-id:date :x-gm-message-state:from:to:cc:subject:date:message-id:reply-to; bh=y4l5ey5HXApTVrDYui6XFrK38TDuvudnNtfhudyKsLE=; b=QHkCi1qfxCXb7TTLh5yIi7MwymZJ9JFyWo7mojwRrIP3GDnIwsJiq0C0qYVPFSIBiv ctRJ3oEhtAFCwRM6ShfL3HuVF7yiUG0GZNTmVe1q07YsPHKwc1Iqo89U/jaeHdP2BljD 4DzQdk6NcobVuJiOMp2rwBpKEZXD6LBU3a1bUDVleK9Xe0R7X/BxyumtJQjQNEVnEhxC 92VfXp/WR4BXVGBfItIBipB0VCeIbws0Vo4rDu+U3ieDozEVJLSZ5UDRNK6o/vE1y5/i OesOFmPBI/dzuNMqOZkr//SM43m5MZxhk0+SAdCwqqPePYIxEkd4Dx5L3MySf14L5zCI kxSg== X-Gm-Message-State: AOJu0YwhkL/HAOMGIx7y1rWR/iAL4RUWSTeBe6h2cOUYDt/38Vztq1CA QF+WpsUgHvUWVp/TjRiI4WMx4ENCCNxq49igkpyPiASbdH4joqaGlIqoNmJebHrIC0FkgcXvTq0 HoFe978jhUrqP0vwlgSdetZMtbnkHRElJH+tBx+BWXlpg X-Gm-Gg: ASbGnctdy7YxG/s0EQwuRJ2rvpY2nE6QNaE9POwjpWHbZwf+6sRVdAiZroIaFHyI6mM PaAXAynW/XdisO5avBm179DjkNX7WpZf9NdCCo69+ejSkawZYmDVUdKU6ARu0APBn7/gFwXb/yF O5kCWbCyzo/ZGnA4KmjzE539rFVVqbvdS8fconoMJYn1sA4t/JhMcb6wBYwvYJBR7wQ14uARs0M /296RW4adKwiyOEA4jhf8CL6ZWQI72eL0+PjJRbhEze2bHhbZda50mRtZqEGVJUzNElf62mJqqR 1+DSufx2dbwo45zulzXWnvslb6sOcJv0WAshgCj5njPyg1hEl7bHJrfT3LB5gI8VensYcw== X-Google-Smtp-Source: AGHT+IEpzcsjm6bjPI97hu4STkYAw1ZZN2IfCNbVXR3X9vwoCxaSsUKujprsHEy3ol7iO1mDFrEL3HWW2heA X-Received: by 2002:a05:6e02:12ed:b0:3df:3d1a:2e76 with SMTP id e9e14a558f8ab-3e166ff978cmr40987715ab.1.1752088628221; Wed, 09 Jul 2025 12:17:08 -0700 (PDT) Received: from postal.iol.unh.edu (postal.iol.unh.edu. [132.177.123.84]) by smtp-relay.gmail.com with ESMTPS id e9e14a558f8ab-3e1004a59easm7944865ab.58.2025.07.09.12.17.08 (version=TLS1_2 cipher=ECDHE-ECDSA-AES128-GCM-SHA256 bits=128/128); Wed, 09 Jul 2025 12:17:08 -0700 (PDT) X-Relaying-Domain: iol.unh.edu Date: Wed, 09 Jul 2025 12:17:08 -0700 (PDT) Message-ID: <686ec034.050a0220.1af31f.9c5bSMTPIN_ADDED_MISSING@mx.google.com> Received: from [172.21.0.6] (unknown [172.18.0.240]) by postal.iol.unh.edu (Postfix) with ESMTP id B4973604D420; Wed, 9 Jul 2025 15:17:07 -0400 (EDT) Subject: |FAILURE| pw155084 [PATCH] [RFC] add hints to CLAUDE From: dpdklab@iol.unh.edu To: Test Report Cc: dpdk-test-reports@iol.unh.edu, Stephen Hemminger In-Reply-To: <20250708190957.10108-1-stephen@networkplumber.org> References: <20250708190957.10108-1-stephen@networkplumber.org> Content-Type: text/plain X-BeenThere: test-report@dpdk.org X-Mailman-Version: 2.1.29 Precedence: list List-Id: automatic DPDK test reports List-Unsubscribe: , List-Archive: List-Post: List-Help: List-Subscribe: , Errors-To: test-report-bounces@dpdk.org Test-Label: iol-unit-amd64-testing Test-Status: FAILURE http://dpdk.org/patch/155084 _Testing issues_ Submitter: Stephen Hemminger Date: Tuesday, July 08 2025 19:09:41 DPDK git baseline: Repo:dpdk Branch: master CommitID:e90979eebbea093f6bab2d7c222fc5f5c9a85eff 155084 --> testing issues Upstream job id: Generic-VM-Unit-Test-DPDK#29831 Test environment and result as below: +-------------------------------+----------------+ | Environment | dpdk_unit_test | +===============================+================+ | CentOS Stream 9 | PASS | +-------------------------------+----------------+ | Debian GNU/Linux 12 | PASS | +-------------------------------+----------------+ | CentOS Stream 10 | PASS | +-------------------------------+----------------+ | Fedora Linux 41 | PASS | +-------------------------------+----------------+ | Fedora Linux 40 | PASS | +-------------------------------+----------------+ | Red Hat Enterprise Linux 9.5 | PASS | +-------------------------------+----------------+ | Red Hat Enterprise Linux 8.10 | PASS | +-------------------------------+----------------+ | Ubuntu 20.04 | PASS | +-------------------------------+----------------+ | Ubuntu 22.04 | PASS | +-------------------------------+----------------+ | Ubuntu 24.04 | PASS | +-------------------------------+----------------+ | Windows Server 2022 | FAIL | +-------------------------------+----------------+ ==== Unit test summary for Windows Server 2022 (dpdk_unit_test): ==== Failed to get the unit test results. Displaying the unit test results is not supported for some environments, such as our aarch32 testing, where meson is not used to run the tests. Download the logs available on our CI site. ==== End log output ==== CentOS Stream 9 Kernel: 5.15 Compiler: gcc gcc (GCC) 11.5.0 20240719 (Red Hat 11.5.0-7) Debian GNU/Linux 12 Kernel: 5.15 Compiler: gcc gcc (Debian 12.2.0-14+deb12u1) 12.2.0 CentOS Stream 10 Kernel: 5.15 Compiler: gcc gcc (GCC) 14.2.1 20250110 (Red Hat 14.2.1-8) Fedora Linux 41 Kernel: 5.15 Compiler: gcc gcc (GCC) 14.3.1 20250523 (Red Hat 14.3.1-1) Fedora Linux 40 Kernel: 5.15 Compiler: clang gcc (GCC) 14.2.1 20240912 (Red Hat 14.2.1-3) Red Hat Enterprise Linux 9.5 Kernel: 5.15 Compiler: gcc gcc (GCC) 11.5.0 20240719 (Red Hat 11.5.0-2) Red Hat Enterprise Linux 8.10 Kernel: 5.15 Compiler: gcc gcc (GCC) 8.5.0 20210514 (Red Hat 8.5.0-22) Ubuntu 20.04 Kernel: 5.15 Compiler: gcc gcc (Ubuntu 9.4.0-1ubuntu1~20.04.2) 9.4.0 Ubuntu 22.04 Kernel: 5.15 Compiler: gcc gcc (Ubuntu 11.4.0-1ubuntu1~22.04) 11.4.0 Ubuntu 24.04 Kernel: 5.15 Compiler: gcc gcc (Ubuntu 13.3.0-6ubuntu2~24.04) 13.3.0 Windows Server 2022 Kernel: 10.0.20348.2031 Compiler: clang 15.0.7, gcc 14.1.0 (MinGW), and MSVC VS 19.39.33521 To view detailed results, visit: https://lab.dpdk.org/results/dashboard/patchsets/33617/ UNH-IOL DPDK Community Lab To manage your email subscriptions, visit: https://lab.dpdk.org/results/dashboard/preferences/subscriptions/