automatic DPDK test reports
 help / color / mirror / Atom feed
From: dpdklab@iol.unh.edu
To: Test Report <test-report@dpdk.org>
Cc: dpdk-test-reports@iol.unh.edu
Subject: |SUCCESS| pw155007 [PATCH] [v2,01/14] net/sxe: add base driver direc
Date: Wed, 09 Jul 2025 15:01:01 -0700 (PDT)	[thread overview]
Message-ID: <686ee69d.050a0220.d9e67.02cbSMTPIN_ADDED_MISSING@mx.google.com> (raw)
In-Reply-To: <20250704025401.301617-1-liujie5@linkdatatechnology.com>

Test-Label: iol-unit-arm64-testing
Test-Status: SUCCESS
http://dpdk.org/patch/155007

_Testing PASS_

Submitter: Jie Liu <liujie5@linkdatatechnology.com>
Date: Friday, July 04 2025 02:53:48 
DPDK git baseline: Repo:dpdk
  Branch: master
  CommitID:7e6d6106a4ef052d6a2a6bd6e83c5b16a36c65c9

155007 --> testing pass

Upstream job id: Generic-Unit-Test-DPDK#354339

Test environment and result as below:

+------------------------------+----------------+---------------------------+--------------+------------------------------+
|         Environment          | dpdk_unit_test | cryptodev_sw_zuc_autotest | lpm_autotest | cryptodev_sw_snow3g_autotest |
+==============================+================+===========================+==============+==============================+
| CentOS Stream 9              | PASS           | SKIPPED                   | SKIPPED      | SKIPPED                      |
+------------------------------+----------------+---------------------------+--------------+------------------------------+
| CentOS Stream 10             | PASS           | SKIPPED                   | SKIPPED      | SKIPPED                      |
+------------------------------+----------------+---------------------------+--------------+------------------------------+
| Debian GNU/Linux 12          | PASS           | SKIPPED                   | SKIPPED      | SKIPPED                      |
+------------------------------+----------------+---------------------------+--------------+------------------------------+
| Fedora Linux 40              | PASS           | SKIPPED                   | SKIPPED      | SKIPPED                      |
+------------------------------+----------------+---------------------------+--------------+------------------------------+
| Ubuntu 20.04                 | PASS           | SKIPPED                   | PASS         | SKIPPED                      |
+------------------------------+----------------+---------------------------+--------------+------------------------------+
| Fedora Linux 41              | PASS           | SKIPPED                   | SKIPPED      | SKIPPED                      |
+------------------------------+----------------+---------------------------+--------------+------------------------------+
| Ubuntu 22.04                 | PASS           | SKIPPED                   | SKIPPED      | SKIPPED                      |
+------------------------------+----------------+---------------------------+--------------+------------------------------+
| Red Hat Enterprise Linux 9.5 | PASS           | SKIPPED                   | SKIPPED      | SKIPPED                      |
+------------------------------+----------------+---------------------------+--------------+------------------------------+
| Ubuntu 24.04                 | PASS           | SKIPPED                   | SKIPPED      | SKIPPED                      |
+------------------------------+----------------+---------------------------+--------------+------------------------------+
| Debian 12 (arm)              | SKIPPED        | PASS                      | SKIPPED      | PASS                         |
+------------------------------+----------------+---------------------------+--------------+------------------------------+


CentOS Stream 9
	Kernel: 5.4
	Compiler: gcc gcc (GCC) 11.5.0 20240719 (Red Hat 11.5.0-7)

CentOS Stream 10
	Kernel: 5.4
	Compiler: gcc gcc (GCC) 14.2.1 20250110 (Red Hat 14.2.1-8)

Debian GNU/Linux 12
	Kernel: 5.4
	Compiler: gcc gcc (Debian 12.2.0-14+deb12u1) 12.2.0

Fedora Linux 40
	Kernel: 5.4
	Compiler: gcc gcc (GCC) 14.2.1 20240912 (Red Hat 14.2.1-3)

Ubuntu 20.04
	Kernel: 5.4
	Compiler: gcc gcc (Ubuntu 9.4.0-1ubuntu1~20.04.2) 9.4.0

Fedora Linux 41
	Kernel: 5.4
	Compiler: gcc gcc (GCC) 14.3.1 20250523 (Red Hat 14.3.1-1)

Ubuntu 22.04
	Kernel: 5.4
	Compiler: gcc gcc (Ubuntu 11.4.0-1ubuntu1~22.04) 11.4.0

Red Hat Enterprise Linux 9.5
	Kernel: 5.4
	Compiler: gcc gcc (GCC) 11.5.0 20240719 (Red Hat 11.5.0-2)

Ubuntu 24.04
	Kernel: 5.4
	Compiler: gcc gcc (Ubuntu 13.3.0-6ubuntu2~24.04) 13.3.0

Debian 12 (arm)
	Kernel: Depends on container host
	Compiler: gcc (Debian 12.2.0-14) 12.2.0

To view detailed results, visit:
https://lab.dpdk.org/results/dashboard/patchsets/33590/

UNH-IOL DPDK Community Lab

To manage your email subscriptions, visit: 
https://lab.dpdk.org/results/dashboard/preferences/subscriptions/

  parent reply	other threads:[~2025-07-09 22:01 UTC|newest]

Thread overview: 17+ messages / expand[flat|nested]  mbox.gz  Atom feed  top
     [not found] <20250704025401.301617-1-liujie5@linkdatatechnology.com>
2025-07-04  2:54 ` |WARNING| pw155007 [PATCH v2 01/14] net/sxe: add base driver directory and doc Adding a minimum maintainable directory structure for the network driver and request checkpatch
2025-07-09 16:04 ` |FAILURE| pw155007 [PATCH] [v2, 01/14] net/sxe: add base driver directory and doc Adding a minimum maintainable directory structure for the network driver and request maintenance of the sxe driver dpdklab
2025-07-09 16:56 ` dpdklab
2025-07-09 20:25 ` |SUCCESS| pw155007 [PATCH] [v2,01/14] net/sxe: add base driver direc dpdklab
2025-07-09 20:31 ` |PENDING| " dpdklab
2025-07-09 20:35 ` |SUCCESS| " dpdklab
2025-07-09 20:42 ` dpdklab
2025-07-09 20:49 ` dpdklab
2025-07-09 21:02 ` dpdklab
2025-07-09 21:13 ` dpdklab
2025-07-09 21:19 ` |PENDING| " dpdklab
2025-07-09 21:40 ` |SUCCESS| " dpdklab
2025-07-09 21:46 ` |WARNING| " dpdklab
2025-07-09 22:01 ` dpdklab [this message]
2025-07-10  0:19 ` dpdklab
2025-07-10  3:46 ` dpdklab
2025-07-10  3:55 ` dpdklab

Reply instructions:

You may reply publicly to this message via plain-text email
using any one of the following methods:

* Save the following mbox file, import it into your mail client,
  and reply-to-all from there: mbox

  Avoid top-posting and favor interleaved quoting:
  https://en.wikipedia.org/wiki/Posting_style#Interleaved_style

* Reply using the --to, --cc, and --in-reply-to
  switches of git-send-email(1):

  git send-email \
    --in-reply-to=686ee69d.050a0220.d9e67.02cbSMTPIN_ADDED_MISSING@mx.google.com \
    --to=dpdklab@iol.unh.edu \
    --cc=dpdk-test-reports@iol.unh.edu \
    --cc=test-report@dpdk.org \
    /path/to/YOUR_REPLY

  https://kernel.org/pub/software/scm/git/docs/git-send-email.html

* If your mail client supports setting the In-Reply-To header
  via mailto: links, try the mailto: link
Be sure your reply has a Subject: header at the top and a blank line before the message body.
This is a public inbox, see mirroring instructions
for how to clone and mirror all data and code used for this inbox;
as well as URLs for NNTP newsgroup(s).