From: dpdklab@iol.unh.edu
To: Test Report <test-report@dpdk.org>
Cc: dpdk-test-reports@iol.unh.edu
Subject: |SUCCESS| pw154945-154949 [PATCH] [v3,5/5] dts: add performance test
Date: Wed, 09 Jul 2025 16:11:24 -0700 (PDT) [thread overview]
Message-ID: <686ef71c.810a0220.1016b2.043dSMTPIN_ADDED_MISSING@mx.google.com> (raw)
In-Reply-To: <20250702052154.381690-5-probb@iol.unh.edu>
Test-Label: iol-sample-apps-testing
Test-Status: SUCCESS
http://dpdk.org/patch/154949
_Testing PASS_
Submitter: Patrick Robb <probb@iol.unh.edu>
Date: Wednesday, July 02 2025 05:21:54
DPDK git baseline: Repo:dpdk
Branch: master
CommitID:e90979eebbea093f6bab2d7c222fc5f5c9a85eff
154945-154949 --> testing pass
Upstream job id: ACVP-FIPS-testing#10443
Test environment and result as below:
+--------------+----------------------+
| Environment | dpdk_fips_validation |
+==============+======================+
| Ubuntu 20.04 | PASS |
+--------------+----------------------+
Ubuntu 20.04
Kernel: 5.15
Compiler: gcc gcc (Ubuntu 9.4.0-1ubuntu1~20.04.2) 9.4.0
To view detailed results, visit:
https://lab.dpdk.org/results/dashboard/patchsets/33562/
UNH-IOL DPDK Community Lab
To manage your email subscriptions, visit:
https://lab.dpdk.org/results/dashboard/preferences/subscriptions/
prev parent reply other threads:[~2025-07-09 23:11 UTC|newest]
Thread overview: 24+ messages / expand[flat|nested] mbox.gz Atom feed top
[not found] <20250702052154.381690-5-probb@iol.unh.edu>
2025-07-02 5:27 ` |SUCCESS| pw154949 [PATCH v3 5/5] dts: add performance test functions to test suite API checkpatch
2025-07-02 6:43 ` |FAILURE| " 0-day Robot
2025-07-09 0:32 ` |SUCCESS| pw154945-154949 [PATCH] [v3,5/5] dts: add performance test dpdklab
2025-07-09 1:01 ` dpdklab
2025-07-09 1:04 ` dpdklab
2025-07-09 1:07 ` dpdklab
2025-07-09 1:31 ` dpdklab
2025-07-09 1:49 ` |PENDING| " dpdklab
2025-07-09 2:10 ` dpdklab
2025-07-09 2:20 ` dpdklab
2025-07-09 2:21 ` dpdklab
2025-07-09 2:21 ` dpdklab
2025-07-09 2:41 ` |SUCCESS| " dpdklab
2025-07-09 3:57 ` dpdklab
2025-07-09 4:19 ` dpdklab
2025-07-09 4:41 ` |WARNING| " dpdklab
2025-07-09 4:42 ` dpdklab
2025-07-09 5:53 ` dpdklab
2025-07-09 5:59 ` |SUCCESS| " dpdklab
2025-07-09 6:30 ` |WARNING| " dpdklab
2025-07-09 7:11 ` dpdklab
2025-07-09 14:04 ` |SUCCESS| " dpdklab
2025-07-09 14:53 ` dpdklab
2025-07-09 23:11 ` dpdklab [this message]
Reply instructions:
You may reply publicly to this message via plain-text email
using any one of the following methods:
* Save the following mbox file, import it into your mail client,
and reply-to-all from there: mbox
Avoid top-posting and favor interleaved quoting:
https://en.wikipedia.org/wiki/Posting_style#Interleaved_style
* Reply using the --to, --cc, and --in-reply-to
switches of git-send-email(1):
git send-email \
--in-reply-to=686ef71c.810a0220.1016b2.043dSMTPIN_ADDED_MISSING@mx.google.com \
--to=dpdklab@iol.unh.edu \
--cc=dpdk-test-reports@iol.unh.edu \
--cc=test-report@dpdk.org \
/path/to/YOUR_REPLY
https://kernel.org/pub/software/scm/git/docs/git-send-email.html
* If your mail client supports setting the In-Reply-To header
via mailto: links, try the mailto: link
Be sure your reply has a Subject: header at the top and a blank line
before the message body.
This is a public inbox, see mirroring instructions
for how to clone and mirror all data and code used for this inbox;
as well as URLs for NNTP newsgroup(s).