* |SUCCESS| pw155110-155121 [RFC v2 12/12] pdump: mark API and application as deprecated
[not found] <20250709173611.6390-13-stephen@networkplumber.org>
@ 2025-07-09 17:03 ` qemudev
2025-07-09 17:08 ` |FAILURE| " qemudev
` (11 subsequent siblings)
12 siblings, 0 replies; 13+ messages in thread
From: qemudev @ 2025-07-09 17:03 UTC (permalink / raw)
To: test-report
Test-Label: loongarch-compilation
Test-Status: SUCCESS
http://dpdk.org/patch/155121
_Compilation OK_
Submitter: Stephen Hemminger <stephen@networkplumber.org>
Date: Wed, 9 Jul 2025 10:33:27 -0700
DPDK git baseline: Repo:dpdk
Branch: main
CommitID: ab79c1ba245646055cac3a3c6ec3544b217c6751
155110-155121 --> meson & ninja build successfully
Test environment and result as below:
+---------------------+----------------+
| Environment | compilation |
+---------------------+----------------+
| Loongnix-Server 8.3 | PASS |
+---------------------+----------------+
Loongnix-Server 8.3
Kernel: 4.19.190+
Compiler: gcc 8.3
^ permalink raw reply [flat|nested] 13+ messages in thread
* |FAILURE| pw155110-155121 [RFC v2 12/12] pdump: mark API and application as deprecated
[not found] <20250709173611.6390-13-stephen@networkplumber.org>
2025-07-09 17:03 ` |SUCCESS| pw155110-155121 [RFC v2 12/12] pdump: mark API and application as deprecated qemudev
@ 2025-07-09 17:08 ` qemudev
2025-07-09 17:36 ` |SUCCESS| pw155121 " checkpatch
` (10 subsequent siblings)
12 siblings, 0 replies; 13+ messages in thread
From: qemudev @ 2025-07-09 17:08 UTC (permalink / raw)
To: test-report; +Cc: Stephen Hemminger, zhoumin
Test-Label: loongarch-unit-testing
Test-Status: FAILURE
http://dpdk.org/patch/155121
_Unit Testing FAIL_
Submitter: Stephen Hemminger <stephen@networkplumber.org>
Date: Wed, 9 Jul 2025 10:33:27 -0700
DPDK git baseline: Repo:dpdk
Branch: main
CommitID: ab79c1ba245646055cac3a3c6ec3544b217c6751
155110-155121 --> testing fail
Test environment and result as below:
+---------------------+----------------+
| Environment | dpdk_unit_test |
+---------------------+----------------+
| Loongnix-Server 8.3 | FAIL |
+---------------------+----------------+
Loongnix-Server 8.3
Kernel: 4.19.190+
Compiler: gcc 8.3
Test result details:
1/121 DPDK:fast-tests / acl_autotest OK 3.45s
2/121 DPDK:fast-tests / alarm_autotest OK 1.75s
3/121 DPDK:fast-tests / argparse_autotest OK 0.74s
4/121 DPDK:fast-tests / atomic_autotest OK 7.32s
5/121 DPDK:fast-tests / bitcount_autotest OK 0.63s
6/121 DPDK:fast-tests / bitmap_autotest OK 0.61s
7/121 DPDK:fast-tests / bitops_autotest OK 2.11s
8/121 DPDK:fast-tests / bitratestats_autotest OK 0.61s
9/121 DPDK:fast-tests / bitset_autotest OK 3.33s
10/121 DPDK:fast-tests / bpf_autotest OK 0.62s
11/121 DPDK:fast-tests / bpf_convert_autotest OK 0.62s
12/121 DPDK:fast-tests / byteorder_autotest OK 0.61s
13/121 DPDK:fast-tests / cfgfile_autotest OK 0.60s
14/121 DPDK:fast-tests / cksum_autotest OK 0.62s
15/121 DPDK:fast-tests / cmdline_autotest OK 0.61s
16/121 DPDK:fast-tests / common_autotest OK 1.50s
17/121 DPDK:fast-tests / compressdev_autotest SKIP 0.07s exit status 77
18/121 DPDK:fast-tests / cpuflags_autotest OK 0.61s
19/121 DPDK:fast-tests / crc_autotest OK 0.62s
20/121 DPDK:fast-tests / user_delay_us OK 0.61s
21/121 DPDK:fast-tests / debug_autotest OK 18.96s
22/121 DPDK:fast-tests / devargs_autotest OK 0.62s
23/121 DPDK:fast-tests / dispatcher_autotest OK 2.58s
24/121 DPDK:fast-tests / distributor_autotest OK 1.21s
25/121 DPDK:fast-tests / eal_flags_c_opt_autotest OK 0.77s
26/121 DPDK:fast-tests / eal_flags_main_opt_autotest OK 0.22s
27/121 DPDK:fast-tests / eal_flags_n_opt_autotest OK 0.20s
28/121 DPDK:fast-tests / eal_flags_hpet_autotest OK 0.14s
29/121 DPDK:fast-tests / eal_flags_no_huge_autotest OK 0.22s
30/121 DPDK:fast-tests / eal_flags_a_opt_autotest OK 0.30s
31/121 DPDK:fast-tests / eal_flags_b_opt_autotest OK 0.25s
32/121 DPDK:fast-tests / eal_flags_vdev_opt_autotest OK 0.20s
33/121 DPDK:fast-tests / eal_flags_r_opt_autotest OK 0.19s
34/121 DPDK:fast-tests / eal_flags_mem_autotest OK 0.60s
35/121 DPDK:fast-tests / eal_flags_file_prefix_autotest OK 22.26s
36/121 DPDK:fast-tests / eal_flags_misc_autotest OK 1.04s
37/121 DPDK:fast-tests / eal_fs_autotest OK 0.62s
38/121 DPDK:fast-tests / errno_autotest OK 0.61s
39/121 DPDK:fast-tests / ethdev_link_status OK 0.62s
40/121 DPDK:fast-tests / ethdev_mirror FAIL 0.62s exit status 255
41/121 DPDK:fast-tests / event_eth_tx_adapter_autotest OK 1.70s
42/121 DPDK:fast-tests / event_ring_autotest OK 0.62s
43/121 DPDK:fast-tests / eventdev_common_autotest OK 0.62s
44/121 DPDK:fast-tests / eventdev_selftest_sw OK 7.44s
45/121 DPDK:fast-tests / fbarray_autotest OK 0.62s
46/121 DPDK:fast-tests / fib_autotest OK 1.45s
47/121 DPDK:fast-tests / fib6_autotest OK 1.24s
48/121 DPDK:fast-tests / func_reentrancy_autotest OK 2.23s
49/121 DPDK:fast-tests / graph_autotest OK 0.62s
50/121 DPDK:fast-tests / node_list_dump OK 0.61s
51/121 DPDK:fast-tests / graph_feature_arc_autotest OK 0.62s
52/121 DPDK:fast-tests / hash_autotest OK 1.24s
53/121 DPDK:fast-tests / hash_readwrite_func_autotest OK 6.39s
54/121 DPDK:fast-tests / interrupt_autotest OK 1.92s
55/121 DPDK:fast-tests / ipfrag_autotest OK 0.08s
56/121 DPDK:fast-tests / ipsec_autotest SKIP 0.62s exit status 77
57/121 DPDK:fast-tests / kvargs_autotest OK 0.59s
58/121 DPDK:fast-tests / latencystats_autotest OK 0.62s
59/121 DPDK:fast-tests / lcore_var_autotest OK 0.74s
60/121 DPDK:fast-tests / lcores_autotest OK 5.42s
61/121 DPDK:fast-tests / logs_autotest OK 0.62s
62/121 DPDK:fast-tests / lpm_autotest OK 2.66s
63/121 DPDK:fast-tests / lpm6_autotest OK 5.74s
64/121 DPDK:fast-tests / malloc_autotest OK 60.99s
65/121 DPDK:fast-tests / mbuf_autotest OK 5.27s
66/121 DPDK:fast-tests / mcslock_autotest OK 3.76s
67/121 DPDK:fast-tests / member_autotest OK 1.82s
68/121 DPDK:fast-tests / memcpy_autotest OK 7.21s
69/121 DPDK:fast-tests / memory_autotest OK 0.10s
70/121 DPDK:fast-tests / mempool_autotest OK 0.44s
71/121 DPDK:fast-tests / memzone_autotest OK 0.15s
72/121 DPDK:fast-tests / meter_autotest OK 0.62s
73/121 DPDK:fast-tests / metrics_autotest OK 0.62s
74/121 DPDK:fast-tests / multiprocess_autotest OK 0.76s
75/121 DPDK:fast-tests / net_ether_autotest OK 1.28s
76/121 DPDK:fast-tests / net_ipv6_autotest OK 0.62s
77/121 DPDK:fast-tests / pcapng_autotest OK 6.77s
78/121 DPDK:fast-tests / pdcp_autotest SKIP 0.07s exit status 77
79/121 DPDK:fast-tests / pdump_autotest OK 0.72s
80/121 DPDK:fast-tests / per_lcore_autotest OK 0.72s
81/121 DPDK:fast-tests / pflock_autotest OK 1.39s
82/121 DPDK:fast-tests / pie_autotest OK 0.62s
83/121 DPDK:fast-tests / ring_pmd_autotest OK 0.63s
84/121 DPDK:fast-tests / power_autotest OK 0.61s
85/121 DPDK:fast-tests / power_cpufreq_autotest SKIP 0.08s exit status 77
86/121 DPDK:fast-tests / power_intel_uncore_autotest SKIP 0.62s exit status 77
87/121 DPDK:fast-tests / power_kvm_vm_autotest SKIP 0.08s exit status 77
88/121 DPDK:fast-tests / prefetch_autotest OK 0.62s
89/121 DPDK:fast-tests / ptr_compress_autotest OK 0.61s
90/121 DPDK:fast-tests / rawdev_autotest OK 0.61s
91/121 DPDK:fast-tests / rcu_qsbr_autotest OK 1.14s
92/121 DPDK:fast-tests / reorder_autotest OK 0.67s
93/121 DPDK:fast-tests / rib_autotest OK 9.26s
94/121 DPDK:fast-tests / rib6_autotest OK 9.26s
95/121 DPDK:fast-tests / ring_autotest OK 0.65s
96/121 DPDK:fast-tests / rwlock_test1_autotest OK 1.36s
97/121 DPDK:fast-tests / rwlock_rda_autotest OK 5.61s
98/121 DPDK:fast-tests / rwlock_rds_wrm_autotest OK 5.57s
99/121 DPDK:fast-tests / rwlock_rde_wro_autotest OK 5.62s
100/121 DPDK:fast-tests / sched_autotest OK 0.62s
101/121 DPDK:fast-tests / security_autotest OK 0.08s
102/121 DPDK:fast-tests / seqlock_autotest OK 2.61s
103/121 DPDK:fast-tests / service_autotest OK 3.32s
104/121 DPDK:fast-tests / soring_autotest OK 0.40s
105/121 DPDK:fast-tests / spinlock_autotest OK 0.47s
106/121 DPDK:fast-tests / stack_autotest OK 0.87s
107/121 DPDK:fast-tests / stack_lf_autotest SKIP 0.06s exit status 77
108/121 DPDK:fast-tests / string_autotest OK 0.39s
109/121 DPDK:fast-tests / table_autotest OK 7.72s
110/121 DPDK:fast-tests / tailq_autotest OK 0.39s
111/121 DPDK:fast-tests / telemetry_data_autotest OK 0.40s
112/121 DPDK:fast-tests / telemetry_json_autotest OK 0.40s
113/121 DPDK:fast-tests / thash_autotest OK 0.41s
114/121 DPDK:fast-tests / threads_autotest OK 0.57s
115/121 DPDK:fast-tests / ticketlock_autotest OK 0.55s
116/121 DPDK:fast-tests / timer_autotest OK 3.87s
117/121 DPDK:fast-tests / trace_autotest OK 0.39s
118/121 DPDK:fast-tests / trace_autotest_with_traces OK 0.40s
119/121 DPDK:fast-tests / vdev_autotest OK 0.39s
120/121 DPDK:fast-tests / version_autotest OK 0.39s
121/121 DPDK:fast-tests / telemetry_all OK 1.32s
Ok: 113
Expected Fail: 0
Fail: 1
Unexpected Pass: 0
Skipped: 7
Timeout: 0
Test logs for failed test cases:
================================================================================
DPDK:fast-tests / ethdev_mirror: FAIL
================================================================================
-------------------------------------stdout-------------------------------------
RTE>>ethdev_mirror
+ ------------------------------------------------------- +
+ Test Suite : port mirroring
+ ------------------------------------------------------- +
+ TestCase [ 0] : ethdev_mirror_api failed
+ TestCase [ 1] : ethdev_mirror_packets failed
+ ------------------------------------------------------- +
+ Test Suite Summary : port mirroring
+ ------------------------------------------------------- +
+ Tests Total : 2
+ Tests Skipped : 0
+ Tests Executed : 2
+ Tests Unsupported: 0
+ Tests Passed : 0
+ Tests Failed : 2
+ ------------------------------------------------------- +
Test Failed
RTE>>
-------------------------------------stderr-------------------------------------
EAL: Detected CPU lcores: 32
EAL: Detected NUMA nodes: 8
EAL: Detected static linkage of DPDK
EAL: Multi-process socket /var/run/dpdk/rte/mp_socket
EAL: Selected IOVA mode 'VA'
APP: HPET is not enabled, using TSC as default timer
ETHDEV: Invalid port_id=32
ETHDEV: invalid snap len
ETHDEV: Invalid direction 0
ETHDEV: invalid snap len
ETHDEV: invalid snap len
EAL: Test assert ethdev_mirror_api line 148 failed: Could not create mirror from ring to null
ETHDEV: invalid snap len
EAL: Test assert ethdev_mirror_packets line 252 failed: Could not create mirror from ring to null
^ permalink raw reply [flat|nested] 13+ messages in thread
* |SUCCESS| pw155121 [RFC v2 12/12] pdump: mark API and application as deprecated
[not found] <20250709173611.6390-13-stephen@networkplumber.org>
2025-07-09 17:03 ` |SUCCESS| pw155110-155121 [RFC v2 12/12] pdump: mark API and application as deprecated qemudev
2025-07-09 17:08 ` |FAILURE| " qemudev
@ 2025-07-09 17:36 ` checkpatch
2025-07-09 18:24 ` |FAILURE| " 0-day Robot
` (9 subsequent siblings)
12 siblings, 0 replies; 13+ messages in thread
From: checkpatch @ 2025-07-09 17:36 UTC (permalink / raw)
To: test-report
Test-Label: checkpatch
Test-Status: SUCCESS
http://dpdk.org/patch/155121
_coding style OK_
^ permalink raw reply [flat|nested] 13+ messages in thread
* |FAILURE| pw155121 [RFC v2 12/12] pdump: mark API and application as deprecated
[not found] <20250709173611.6390-13-stephen@networkplumber.org>
` (2 preceding siblings ...)
2025-07-09 17:36 ` |SUCCESS| pw155121 " checkpatch
@ 2025-07-09 18:24 ` 0-day Robot
2025-07-09 23:10 ` |SUCCESS| pw155110-155121 [PATCH] [RFC,v2,12/12] pdump: mark API and dpdklab
` (8 subsequent siblings)
12 siblings, 0 replies; 13+ messages in thread
From: 0-day Robot @ 2025-07-09 18:24 UTC (permalink / raw)
To: test-report; +Cc: stephen, robot
From: robot@bytheb.org
Test-Label: github-robot: build
Test-Status: FAILURE
http://patchwork.dpdk.org/patch/155121/
_github build: failed_
Build URL: https://github.com/ovsrobot/dpdk/actions/runs/16176432478
Build Logs:
-----------------------Summary of failed steps-----------------------
"windows-2022-msvc" failed at step Build
"ubuntu-22.04-gcc-abi+debug+doc+examples+tests" failed at step Build and test
"ubuntu-22.04-gcc-mini" failed at step Build and test
"ubuntu-22.04-gcc-stdatomic" failed at step Build and test
"ubuntu-22.04-clang-stdatomic" failed at step Build and test
"ubuntu-22.04-clang-asan+doc+tests" failed at step Build and test
"ubuntu-22.04-gcc-shared-aarch64" failed at step Build and test
"ubuntu-22.04-gcc-static-mingw" failed at step Build and test
"ubuntu-22.04-gcc-ppc64le" failed at step Build and test
"ubuntu-22.04-gcc-riscv64" failed at step Build and test
"ubuntu-22.04-gcc-static-i386" failed at step Build and test
"fedora:39-gcc" failed at step Build
"fedora:39-clang" failed at step Build
----------------------End summary of failed steps--------------------
-------------------------------BEGIN LOGS----------------------------
####################################################################################
#### [Begin job log] "windows-2022-msvc" at step Build
####################################################################################
[123/454] Linking target lib/rte_mbuf-25.dll
Creating library lib\rte_mbuf.lib and object lib\rte_mbuf.exp
[124/454] Compiling C object lib/librte_ethdev.a.p/ethdev_ethdev_profile.c.obj
[125/454] Compiling C object lib/librte_ethdev.a.p/ethdev_ethdev_trace_points.c.obj
[126/454] Compiling C object lib/librte_ethdev.a.p/ethdev_rte_class_eth.c.obj
[127/454] Compiling C object lib/librte_ethdev.a.p/ethdev_rte_ethdev_cman.c.obj
[128/454] Compiling C object lib/librte_ethdev.a.p/ethdev_rte_mirror.c.obj
FAILED: lib/librte_ethdev.a.p/ethdev_rte_mirror.c.obj
"cl" "-Ilib\librte_ethdev.a.p" "-Ilib" "-I..\lib" "-Ilib\ethdev" "-I..\lib\ethdev" "-Ilib\eal\common" "-I..\lib\eal\common" "-I." "-I.." "-Iconfig" "-I..\config" "-Ilib\eal\include" "-I..\lib\eal\include" "-Ilib\eal\windows\include" "-I..\lib\eal\windows\include" "-Ilib\eal\x86\include" "-I..\lib\eal\x86\include" "-Ilib\eal" "-I..\lib\eal" "-Ilib\log" "-I..\lib\log" "-Ilib\kvargs" "-I..\lib\kvargs" "-Ilib\net" "-I..\lib\net" "-Ilib\mbuf" "-I..\lib\mbuf" "-Ilib\mempool" "-I..\lib\mempool" "-Ilib\ring" "-I..\lib\ring" "-Ilib\metrics" "-I..\lib\metrics" "-Ilib\telemetry" "-I..\lib\telemetry" "-Ilib\meter" "-I..\lib\meter" "/MD" "/nologo" "/showIncludes" "/utf-8" "/W3" "/WX" "/std:c11" "/O2" "/Gw" "/wd4244" "/wd4267" "/wd4146" "/experimental:c11atomics" "/d1experimental:typeof" "/experimental:statementExpressions" "/FI" "rte_config.h" "-D_GNU_SOURCE" "-D_WIN32_WINNT=0x0A00" "-DALLOW_EXPERIMENTAL_API" "-DALLOW_INTERNAL_API" "-DRTE_LOG_DEFAULT_LOGTYPE=lib.ethdev" "/Fdlib\librte_ethdev.a.p\ethdev_rte_mirror.c.pdb" /Folib/librte_ethdev.a.p/ethdev_rte_mirror.c.obj "/c" ../lib/ethdev/rte_mirror.c
../lib/ethdev/rte_mirror.c(122): error C7707: call to '__c11_atomic_store': argument type 'rte_eth_mirror **' must be a pointer to an atomic type
../lib/ethdev/rte_mirror.c(194): warning C4090: 'function': different '_Atomic' qualifiers
../lib/ethdev/rte_mirror.c(196): warning C4090: 'function': different '_Atomic' qualifiers
../lib/ethdev/rte_mirror.c(224): error C7707: call to '__c11_atomic_store': argument type 'rte_eth_mirror **' must be a pointer to an atomic type
../lib/ethdev/rte_mirror.c(253): warning C4090: 'function': different '_Atomic' qualifiers
../lib/ethdev/rte_mirror.c(254): warning C4090: 'function': different '_Atomic' qualifiers
[129/454] Compiling C object lib/librte_ethdev.a.p/ethdev_rte_ethdev_telemetry.c.obj
[130/454] Generating symbol file lib/rte_mbuf-25.dll.p/rte_mbuf-25.dll.symbols
[131/454] Compiling C object lib/librte_ethdev.a.p/ethdev_rte_mtr.c.obj
[132/454] Compiling C object lib/librte_ethdev.a.p/ethdev_rte_ethdev.c.obj
[133/454] Compiling C object lib/librte_ethdev.a.p/ethdev_rte_flow.c.obj
ninja: build stopped: subcommand failed.
INFO: autodetecting backend as ninja
INFO: calculating backend command to run: C:\hostedtoolcache\windows\Python\3.13.5\x64\Scripts\ninja.EXE -C D:/a/dpdk/dpdk/build
##[error]Process completed with exit code 1.
####################################################################################
#### [End job log] "windows-2022-msvc" at step Build
####################################################################################
####################################################################################
#### [Begin job log] "ubuntu-22.04-gcc-abi+debug+doc+examples+tests" at step Build and test
####################################################################################
/home/runner/work/dpdk/dpdk/lib/ethdev/rte_ethdev.h: In function ‘rte_eth_rx_burst’:
/home/runner/work/dpdk/dpdk/lib/ethdev/rte_ethdev.h:6343:25: error: ‘rte_eth_mirror_burst’ is deprecated: Symbol is not yet part of stable ABI [-Werror=deprecated-declarations]
6343 | rte_eth_mirror_burst(port_id, queue_id, RTE_ETH_MIRROR_DIRECTION_INGRESS,
| ^~~~~~~~~~~~~~~~~~~~
In file included from /home/runner/work/dpdk/dpdk/lib/ethdev/rte_ethdev.h:173,
from /home/runner/work/dpdk/dpdk/lib/ethdev/rte_tm_driver.h:20,
from buildtools/chkincs/chkincs.p/rte_tm_driver.c:1:
/home/runner/work/dpdk/dpdk/lib/ethdev/rte_mirror.h:105:6: note: declared here
105 | void rte_eth_mirror_burst(uint16_t port_id, uint16_t quque_id, uint8_t dir,
| ^~~~~~~~~~~~~~~~~~~~
In file included from /home/runner/work/dpdk/dpdk/lib/ethdev/rte_tm_driver.h:20,
from buildtools/chkincs/chkincs.p/rte_tm_driver.c:1:
/home/runner/work/dpdk/dpdk/lib/ethdev/rte_ethdev.h: In function ‘rte_eth_tx_burst’:
/home/runner/work/dpdk/dpdk/lib/ethdev/rte_ethdev.h:6712:25: error: ‘rte_eth_mirror_burst’ is deprecated: Symbol is not yet part of stable ABI [-Werror=deprecated-declarations]
6712 | rte_eth_mirror_burst(port_id, queue_id, RTE_ETH_MIRROR_DIRECTION_EGRESS,
| ^~~~~~~~~~~~~~~~~~~~
In file included from /home/runner/work/dpdk/dpdk/lib/ethdev/rte_ethdev.h:173,
from /home/runner/work/dpdk/dpdk/lib/ethdev/rte_tm_driver.h:20,
from buildtools/chkincs/chkincs.p/rte_tm_driver.c:1:
/home/runner/work/dpdk/dpdk/lib/ethdev/rte_mirror.h:105:6: note: declared here
105 | void rte_eth_mirror_burst(uint16_t port_id, uint16_t quque_id, uint8_t dir,
| ^~~~~~~~~~~~~~~~~~~~
cc1: all warnings being treated as errors
ninja: build stopped: subcommand failed.
##[error]Process completed with exit code 1.
####################################################################################
#### [End job log] "ubuntu-22.04-gcc-abi+debug+doc+examples+tests" at step Build and test
####################################################################################
####################################################################################
#### [Begin job log] "ubuntu-22.04-gcc-mini" at step Build and test
####################################################################################
/home/runner/work/dpdk/dpdk/lib/ethdev/rte_ethdev.h:6343:25: error: ‘rte_eth_mirror_burst’ is deprecated: Symbol is not yet part of stable ABI [-Werror=deprecated-declarations]
6343 | rte_eth_mirror_burst(port_id, queue_id, RTE_ETH_MIRROR_DIRECTION_INGRESS,
| ^~~~~~~~~~~~~~~~~~~~
In file included from /home/runner/work/dpdk/dpdk/lib/ethdev/rte_ethdev.h:173,
from /home/runner/work/dpdk/dpdk/lib/ethdev/rte_mtr_driver.h:20,
from buildtools/chkincs/chkincs.p/rte_mtr_driver.c:1:
/home/runner/work/dpdk/dpdk/lib/ethdev/rte_mirror.h:105:6: note: declared here
105 | void rte_eth_mirror_burst(uint16_t port_id, uint16_t quque_id, uint8_t dir,
| ^~~~~~~~~~~~~~~~~~~~
In file included from /home/runner/work/dpdk/dpdk/lib/ethdev/rte_mtr_driver.h:20,
from buildtools/chkincs/chkincs.p/rte_mtr_driver.c:1:
/home/runner/work/dpdk/dpdk/lib/ethdev/rte_ethdev.h: In function ‘rte_eth_tx_burst’:
/home/runner/work/dpdk/dpdk/lib/ethdev/rte_ethdev.h:6712:25: error: ‘rte_eth_mirror_burst’ is deprecated: Symbol is not yet part of stable ABI [-Werror=deprecated-declarations]
6712 | rte_eth_mirror_burst(port_id, queue_id, RTE_ETH_MIRROR_DIRECTION_EGRESS,
| ^~~~~~~~~~~~~~~~~~~~
In file included from /home/runner/work/dpdk/dpdk/lib/ethdev/rte_ethdev.h:173,
from /home/runner/work/dpdk/dpdk/lib/ethdev/rte_mtr_driver.h:20,
from buildtools/chkincs/chkincs.p/rte_mtr_driver.c:1:
/home/runner/work/dpdk/dpdk/lib/ethdev/rte_mirror.h:105:6: note: declared here
105 | void rte_eth_mirror_burst(uint16_t port_id, uint16_t quque_id, uint8_t dir,
| ^~~~~~~~~~~~~~~~~~~~
cc1: all warnings being treated as errors
[1372/2146] Compiling C object app/dpdk-test.p/test_test_memcpy_perf.c.o
ninja: build stopped: subcommand failed.
##[error]Process completed with exit code 1.
####################################################################################
#### [End job log] "ubuntu-22.04-gcc-mini" at step Build and test
####################################################################################
####################################################################################
#### [Begin job log] "ubuntu-22.04-gcc-stdatomic" at step Build and test
####################################################################################
../lib/ethdev/rte_mirror.c: In function ‘rte_eth_remove_mirror’:
../lib/ethdev/rte_mirror.c:253:46: error: passing argument 1 of ‘ethdev_delete_mirror’ from incompatible pointer type [-Werror=incompatible-pointer-types]
253 | found = ethdev_delete_mirror(&dev->rx_mirror, target_id);
| ^~~~~~~~~~~~~~~
| |
| struct rte_eth_mirror * _Atomic*
../lib/ethdev/rte_mirror.c:210:46: note: expected ‘struct rte_eth_mirror **’ but argument is of type ‘struct rte_eth_mirror * _Atomic*’
210 | ethdev_delete_mirror(struct rte_eth_mirror **top, uint16_t target_id)
| ~~~~~~~~~~~~~~~~~~~~~~~~^~~
../lib/ethdev/rte_mirror.c:254:47: error: passing argument 1 of ‘ethdev_delete_mirror’ from incompatible pointer type [-Werror=incompatible-pointer-types]
254 | found |= ethdev_delete_mirror(&dev->tx_mirror, target_id);
| ^~~~~~~~~~~~~~~
| |
| struct rte_eth_mirror * _Atomic*
../lib/ethdev/rte_mirror.c:210:46: note: expected ‘struct rte_eth_mirror **’ but argument is of type ‘struct rte_eth_mirror * _Atomic*’
210 | ethdev_delete_mirror(struct rte_eth_mirror **top, uint16_t target_id)
| ~~~~~~~~~~~~~~~~~~~~~~~~^~~
cc1: all warnings being treated as errors
[164/3613] Compiling C object lib/librte_ethdev.a.p/ethdev_sff_telemetry.c.o
[165/3613] Compiling C object lib/librte_ethdev.a.p/ethdev_rte_mtr.c.o
[166/3613] Compiling C object lib/librte_ethdev.a.p/ethdev_rte_tm.c.o
[167/3613] Compiling C object lib/librte_ethdev.a.p/ethdev_rte_flow.c.o
[168/3613] Compiling C object lib/librte_ethdev.a.p/ethdev_rte_ethdev.c.o
ninja: build stopped: subcommand failed.
##[error]Process completed with exit code 1.
####################################################################################
#### [End job log] "ubuntu-22.04-gcc-stdatomic" at step Build and test
####################################################################################
####################################################################################
#### [Begin job log] "ubuntu-22.04-clang-stdatomic" at step Build and test
####################################################################################
atomic_store_explicit(ptr, val, memorder)
^ ~~~
/usr/lib/llvm-14/lib/clang/14.0.0/include/stdatomic.h:127:31: note: expanded from macro 'atomic_store_explicit'
#define atomic_store_explicit __c11_atomic_store
^
../lib/ethdev/rte_mirror.c:253:32: error: incompatible pointer types passing '_Atomic(struct rte_eth_mirror *) *' to parameter of type 'struct rte_eth_mirror **' [-Werror,-Wincompatible-pointer-types]
found = ethdev_delete_mirror(&dev->rx_mirror, target_id);
^~~~~~~~~~~~~~~
../lib/ethdev/rte_mirror.c:210:46: note: passing argument to parameter 'top' here
ethdev_delete_mirror(struct rte_eth_mirror **top, uint16_t target_id)
^
../lib/ethdev/rte_mirror.c:254:33: error: incompatible pointer types passing '_Atomic(struct rte_eth_mirror *) *' to parameter of type 'struct rte_eth_mirror **' [-Werror,-Wincompatible-pointer-types]
found |= ethdev_delete_mirror(&dev->tx_mirror, target_id);
^~~~~~~~~~~~~~~
../lib/ethdev/rte_mirror.c:210:46: note: passing argument to parameter 'top' here
ethdev_delete_mirror(struct rte_eth_mirror **top, uint16_t target_id)
^
7 errors generated.
[164/3613] Compiling C object lib/librte_ethdev.a.p/ethdev_sff_telemetry.c.o
[165/3613] Compiling C object lib/librte_ethdev.a.p/ethdev_rte_mtr.c.o
[166/3613] Compiling C object lib/librte_ethdev.a.p/ethdev_rte_tm.c.o
[167/3613] Compiling C object lib/librte_ethdev.a.p/ethdev_rte_ethdev.c.o
[168/3613] Compiling C object lib/librte_ethdev.a.p/ethdev_rte_flow.c.o
ninja: build stopped: subcommand failed.
##[error]Process completed with exit code 1.
####################################################################################
#### [End job log] "ubuntu-22.04-clang-stdatomic" at step Build and test
####################################################################################
####################################################################################
#### [Begin job log] "ubuntu-22.04-clang-asan+doc+tests" at step Build and test
####################################################################################
In file included from buildtools/chkincs/chkincs.p/rte_mtr_driver.c:1:
In file included from /home/runner/work/dpdk/dpdk/lib/ethdev/rte_mtr_driver.h:20:
../lib/ethdev/rte_ethdev.h:6343:4: error: 'rte_eth_mirror_burst' is deprecated: Symbol is not yet part of stable ABI [-Werror,-Wdeprecated-declarations]
rte_eth_mirror_burst(port_id, queue_id, RTE_ETH_MIRROR_DIRECTION_INGRESS,
^
../lib/ethdev/rte_mirror.h:104:1: note: 'rte_eth_mirror_burst' has been explicitly marked deprecated here
__rte_experimental
^
../lib/eal/include/rte_compat.h:15:16: note: expanded from macro '__rte_experimental'
__attribute__((deprecated("Symbol is not yet part of stable ABI"), \
^
In file included from buildtools/chkincs/chkincs.p/rte_mtr_driver.c:1:
In file included from /home/runner/work/dpdk/dpdk/lib/ethdev/rte_mtr_driver.h:20:
../lib/ethdev/rte_ethdev.h:6712:4: error: 'rte_eth_mirror_burst' is deprecated: Symbol is not yet part of stable ABI [-Werror,-Wdeprecated-declarations]
rte_eth_mirror_burst(port_id, queue_id, RTE_ETH_MIRROR_DIRECTION_EGRESS,
^
../lib/ethdev/rte_mirror.h:104:1: note: 'rte_eth_mirror_burst' has been explicitly marked deprecated here
__rte_experimental
^
../lib/eal/include/rte_compat.h:15:16: note: expanded from macro '__rte_experimental'
__attribute__((deprecated("Symbol is not yet part of stable ABI"), \
^
2 errors generated.
ninja: build stopped: subcommand failed.
##[error]Process completed with exit code 1.
####################################################################################
#### [End job log] "ubuntu-22.04-clang-asan+doc+tests" at step Build and test
####################################################################################
####################################################################################
#### [Begin job log] "ubuntu-22.04-gcc-shared-aarch64" at step Build and test
####################################################################################
[144/7069] Compiling C object lib/librte_net.so.25.2.p/net_rte_net_crc.c.o
[145/7069] Compiling C object lib/librte_ethdev.a.p/ethdev_ethdev_profile.c.o
[146/7069] Compiling C object lib/librte_ethdev.a.p/ethdev_ethdev_private.c.o
FAILED: [code=1] lib/librte_ethdev.a.p/ethdev_ethdev_private.c.o
ccache aarch64-linux-gnu-gcc -Ilib/librte_ethdev.a.p -Ilib -I../lib -Ilib/ethdev -I../lib/ethdev -Ilib/eal/common -I../lib/eal/common -I. -I.. -Iconfig -I../config -Ilib/eal/include -I../lib/eal/include -Ilib/eal/linux/include -I../lib/eal/linux/include -Ilib/eal/arm/include -I../lib/eal/arm/include -I../kernel/linux -Ilib/eal -I../lib/eal -Ilib/kvargs -I../lib/kvargs -Ilib/log -I../lib/log -Ilib/metrics -I../lib/metrics -Ilib/telemetry -I../lib/telemetry -Ilib/net -I../lib/net -Ilib/mbuf -I../lib/mbuf -Ilib/mempool -I../lib/mempool -Ilib/ring -I../lib/ring -Ilib/meter -I../lib/meter -fdiagnostics-color=always -pipe -D_FILE_OFFSET_BITS=64 -Wall -Winvalid-pch -Wextra -Werror -std=c11 -O2 -g -include rte_config.h -Wvla -Wcast-qual -Wdeprecated -Wformat -Wformat-nonliteral -Wformat-security -Wmissing-declarations -Wmissing-prototypes -Wnested-externs -Wold-style-definition -Wpointer-arith -Wsign-compare -Wstrict-prototypes -Wundef -Wwrite-strings -Wno-packed-not-aligned -Wno-missing-field-initializers -D_GNU_SOURCE -fPIC -march=armv8-a+crc -moutline-atomics -DALLOW_EXPERIMENTAL_API -DALLOW_INTERNAL_API -Wno-format-truncation -DRTE_FLOW_DEBUG -DRTE_LOG_DEFAULT_LOGTYPE=lib.ethdev -MD -MQ lib/librte_ethdev.a.p/ethdev_ethdev_private.c.o -MF lib/librte_ethdev.a.p/ethdev_ethdev_private.c.o.d -o lib/librte_ethdev.a.p/ethdev_ethdev_private.c.o -c ../lib/ethdev/ethdev_private.c
../lib/ethdev/ethdev_private.c: In function ‘ethdev_request’:
../lib/ethdev/ethdev_private.c:605:17: error: implicit declaration of function ‘free’ [-Werror=implicit-function-declaration]
605 | free(mp_reply.msgs);
| ^~~~
../lib/ethdev/ethdev_private.c:14:1: note: include ‘<stdlib.h>’ or provide a declaration of ‘free’
13 | #include "ethdev_private.h"
+++ |+#include <stdlib.h>
14 |
../lib/ethdev/ethdev_private.c:605:17: error: incompatible implicit declaration of built-in function ‘free’ [-Werror=builtin-declaration-mismatch]
605 | free(mp_reply.msgs);
| ^~~~
../lib/ethdev/ethdev_private.c:605:17: note: include ‘<stdlib.h>’ or provide a declaration of ‘free’
cc1: all warnings being treated as errors
[147/7069] Compiling C object lib/librte_ethdev.a.p/ethdev_ethdev_driver.c.o
[148/7069] Compiling C object lib/librte_ethdev.a.p/ethdev_rte_class_eth.c.o
[149/7069] Generating ring.sym_chk with a custom command (wrapped by meson to capture output)
[150/7069] Compiling C object lib/librte_ethdev.a.p/ethdev_ethdev_trace_points.c.o
[151/7069] Compiling C object lib/librte_ethdev.a.p/ethdev_rte_ethdev.c.o
ninja: build stopped: subcommand failed.
##[error]Process completed with exit code 1.
####################################################################################
#### [End job log] "ubuntu-22.04-gcc-shared-aarch64" at step Build and test
####################################################################################
####################################################################################
#### [Begin job log] "ubuntu-22.04-gcc-static-mingw" at step Build and test
####################################################################################
| ^~~~~~~~~~~~~~~~~~~~
In file included from ../lib/ethdev/rte_ethdev.h:173,
from ../lib/ethdev/rte_flow.h:43,
from /home/runner/work/dpdk/dpdk/lib/ethdev/rte_mtr.h:52,
from buildtools/chkincs/chkincs.exe.p/rte_mtr.c:1:
../lib/ethdev/rte_mirror.h:105:6: note: declared here
105 | void rte_eth_mirror_burst(uint16_t port_id, uint16_t quque_id, uint8_t dir,
| ^~~~~~~~~~~~~~~~~~~~
In file included from ../lib/ethdev/rte_flow.h:43,
from /home/runner/work/dpdk/dpdk/lib/ethdev/rte_mtr.h:52,
from buildtools/chkincs/chkincs.exe.p/rte_mtr.c:1:
../lib/ethdev/rte_ethdev.h: In function ‘rte_eth_tx_burst’:
../lib/ethdev/rte_ethdev.h:6712:4: error: ‘rte_eth_mirror_burst’ is deprecated: Symbol is not yet part of stable ABI [-Werror=deprecated-declarations]
6712 | rte_eth_mirror_burst(port_id, queue_id, RTE_ETH_MIRROR_DIRECTION_EGRESS,
| ^~~~~~~~~~~~~~~~~~~~
In file included from ../lib/ethdev/rte_ethdev.h:173,
from ../lib/ethdev/rte_flow.h:43,
from /home/runner/work/dpdk/dpdk/lib/ethdev/rte_mtr.h:52,
from buildtools/chkincs/chkincs.exe.p/rte_mtr.c:1:
../lib/ethdev/rte_mirror.h:105:6: note: declared here
105 | void rte_eth_mirror_burst(uint16_t port_id, uint16_t quque_id, uint8_t dir,
| ^~~~~~~~~~~~~~~~~~~~
cc1: all warnings being treated as errors
ninja: build stopped: subcommand failed.
##[error]Process completed with exit code 1.
####################################################################################
#### [End job log] "ubuntu-22.04-gcc-static-mingw" at step Build and test
####################################################################################
####################################################################################
#### [Begin job log] "ubuntu-22.04-gcc-ppc64le" at step Build and test
####################################################################################
[152/6327] Compiling C object lib/librte_ethdev.a.p/ethdev_ethdev_profile.c.o
[153/6327] Compiling C object lib/librte_ethdev.a.p/ethdev_rte_class_eth.c.o
[154/6327] Compiling C object lib/librte_ethdev.a.p/ethdev_ethdev_private.c.o
FAILED: [code=1] lib/librte_ethdev.a.p/ethdev_ethdev_private.c.o
ccache powerpc64le-linux-gnu-gcc -Ilib/librte_ethdev.a.p -Ilib -I../lib -Ilib/ethdev -I../lib/ethdev -Ilib/eal/common -I../lib/eal/common -I. -I.. -Iconfig -I../config -Ilib/eal/include -I../lib/eal/include -Ilib/eal/linux/include -I../lib/eal/linux/include -Ilib/eal/ppc/include -I../lib/eal/ppc/include -I../kernel/linux -Ilib/eal -I../lib/eal -Ilib/kvargs -I../lib/kvargs -Ilib/log -I../lib/log -Ilib/metrics -I../lib/metrics -Ilib/telemetry -I../lib/telemetry -Ilib/net -I../lib/net -Ilib/mbuf -I../lib/mbuf -Ilib/mempool -I../lib/mempool -Ilib/ring -I../lib/ring -Ilib/meter -I../lib/meter -fdiagnostics-color=always -pipe -D_FILE_OFFSET_BITS=64 -Wall -Winvalid-pch -Wextra -Werror -std=c11 -O2 -g -include rte_config.h -Wvla -Wcast-qual -Wdeprecated -Wformat -Wformat-nonliteral -Wformat-security -Wmissing-declarations -Wmissing-prototypes -Wnested-externs -Wold-style-definition -Wpointer-arith -Wsign-compare -Wstrict-prototypes -Wundef -Wwrite-strings -Wno-packed-not-aligned -Wno-missing-field-initializers -Wno-psabi -D_GNU_SOURCE -fPIC -mcpu=power8 -mtune=power8 -DALLOW_EXPERIMENTAL_API -DALLOW_INTERNAL_API -Wno-format-truncation -DRTE_FLOW_DEBUG -DRTE_LOG_DEFAULT_LOGTYPE=lib.ethdev -MD -MQ lib/librte_ethdev.a.p/ethdev_ethdev_private.c.o -MF lib/librte_ethdev.a.p/ethdev_ethdev_private.c.o.d -o lib/librte_ethdev.a.p/ethdev_ethdev_private.c.o -c ../lib/ethdev/ethdev_private.c
../lib/ethdev/ethdev_private.c: In function ‘ethdev_request’:
../lib/ethdev/ethdev_private.c:605:17: error: implicit declaration of function ‘free’ [-Werror=implicit-function-declaration]
605 | free(mp_reply.msgs);
| ^~~~
../lib/ethdev/ethdev_private.c:14:1: note: include ‘<stdlib.h>’ or provide a declaration of ‘free’
13 | #include "ethdev_private.h"
+++ |+#include <stdlib.h>
14 |
../lib/ethdev/ethdev_private.c:605:17: error: incompatible implicit declaration of built-in function ‘free’ [-Werror=builtin-declaration-mismatch]
605 | free(mp_reply.msgs);
| ^~~~
../lib/ethdev/ethdev_private.c:605:17: note: include ‘<stdlib.h>’ or provide a declaration of ‘free’
cc1: all warnings being treated as errors
[155/6327] Compiling C object lib/librte_ethdev.a.p/ethdev_ethdev_driver.c.o
[156/6327] Compiling C object lib/librte_ethdev.a.p/ethdev_rte_ethdev_cman.c.o
[157/6327] Compiling C object lib/librte_ethdev.a.p/ethdev_rte_ethdev_telemetry.c.o
[158/6327] Compiling C object lib/librte_ethdev.a.p/ethdev_ethdev_trace_points.c.o
[159/6327] Compiling C object lib/librte_ethdev.a.p/ethdev_rte_ethdev.c.o
ninja: build stopped: subcommand failed.
##[error]Process completed with exit code 1.
####################################################################################
#### [End job log] "ubuntu-22.04-gcc-ppc64le" at step Build and test
####################################################################################
####################################################################################
#### [Begin job log] "ubuntu-22.04-gcc-riscv64" at step Build and test
####################################################################################
[144/6278] Compiling C object lib/librte_net.so.25.2.p/net_rte_net.c.o
[145/6278] Compiling C object lib/librte_ethdev.a.p/ethdev_ethdev_profile.c.o
[146/6278] Compiling C object lib/librte_ethdev.a.p/ethdev_ethdev_private.c.o
FAILED: [code=1] lib/librte_ethdev.a.p/ethdev_ethdev_private.c.o
ccache riscv64-linux-gnu-gcc -Ilib/librte_ethdev.a.p -Ilib -I../lib -Ilib/ethdev -I../lib/ethdev -Ilib/eal/common -I../lib/eal/common -I. -I.. -Iconfig -I../config -Ilib/eal/include -I../lib/eal/include -Ilib/eal/linux/include -I../lib/eal/linux/include -Ilib/eal/riscv/include -I../lib/eal/riscv/include -I../kernel/linux -Ilib/eal -I../lib/eal -Ilib/kvargs -I../lib/kvargs -Ilib/log -I../lib/log -Ilib/metrics -I../lib/metrics -Ilib/telemetry -I../lib/telemetry -Ilib/net -I../lib/net -Ilib/mbuf -I../lib/mbuf -Ilib/mempool -I../lib/mempool -Ilib/ring -I../lib/ring -Ilib/meter -I../lib/meter -fdiagnostics-color=always -pipe -D_FILE_OFFSET_BITS=64 -Wall -Winvalid-pch -Wextra -Werror -std=c11 -O2 -g -include rte_config.h -Wvla -Wcast-qual -Wdeprecated -Wformat -Wformat-nonliteral -Wformat-security -Wmissing-declarations -Wmissing-prototypes -Wnested-externs -Wold-style-definition -Wpointer-arith -Wsign-compare -Wstrict-prototypes -Wundef -Wwrite-strings -Wno-packed-not-aligned -Wno-missing-field-initializers -D_GNU_SOURCE -fPIC -march=rv64gc -DALLOW_EXPERIMENTAL_API -DALLOW_INTERNAL_API -Wno-format-truncation -DRTE_FLOW_DEBUG -DRTE_LOG_DEFAULT_LOGTYPE=lib.ethdev -MD -MQ lib/librte_ethdev.a.p/ethdev_ethdev_private.c.o -MF lib/librte_ethdev.a.p/ethdev_ethdev_private.c.o.d -o lib/librte_ethdev.a.p/ethdev_ethdev_private.c.o -c ../lib/ethdev/ethdev_private.c
../lib/ethdev/ethdev_private.c: In function ‘ethdev_request’:
../lib/ethdev/ethdev_private.c:605:17: error: implicit declaration of function ‘free’ [-Werror=implicit-function-declaration]
605 | free(mp_reply.msgs);
| ^~~~
../lib/ethdev/ethdev_private.c:14:1: note: include ‘<stdlib.h>’ or provide a declaration of ‘free’
13 | #include "ethdev_private.h"
+++ |+#include <stdlib.h>
14 |
../lib/ethdev/ethdev_private.c:605:17: error: incompatible implicit declaration of built-in function ‘free’ [-Werror=builtin-declaration-mismatch]
605 | free(mp_reply.msgs);
| ^~~~
../lib/ethdev/ethdev_private.c:605:17: note: include ‘<stdlib.h>’ or provide a declaration of ‘free’
cc1: all warnings being treated as errors
[147/6278] Compiling C object lib/librte_ethdev.a.p/ethdev_ethdev_driver.c.o
[148/6278] Generating ring.sym_chk with a custom command (wrapped by meson to capture output)
[149/6278] Compiling C object lib/librte_ethdev.a.p/ethdev_rte_class_eth.c.o
[150/6278] Compiling C object lib/librte_ethdev.a.p/ethdev_ethdev_trace_points.c.o
[151/6278] Compiling C object lib/librte_ethdev.a.p/ethdev_rte_ethdev.c.o
ninja: build stopped: subcommand failed.
##[error]Process completed with exit code 1.
####################################################################################
#### [End job log] "ubuntu-22.04-gcc-riscv64" at step Build and test
####################################################################################
####################################################################################
#### [Begin job log] "ubuntu-22.04-gcc-static-i386" at step Build and test
####################################################################################
/home/runner/work/dpdk/dpdk/lib/ethdev/rte_ethdev.h:6343:25: error: ‘rte_eth_mirror_burst’ is deprecated: Symbol is not yet part of stable ABI [-Werror=deprecated-declarations]
6343 | rte_eth_mirror_burst(port_id, queue_id, RTE_ETH_MIRROR_DIRECTION_INGRESS,
| ^~~~~~~~~~~~~~~~~~~~
In file included from /home/runner/work/dpdk/dpdk/lib/ethdev/rte_ethdev.h:173,
from /home/runner/work/dpdk/dpdk/lib/ethdev/rte_mtr_driver.h:20,
from buildtools/chkincs/chkincs.p/rte_mtr_driver.c:1:
/home/runner/work/dpdk/dpdk/lib/ethdev/rte_mirror.h:105:6: note: declared here
105 | void rte_eth_mirror_burst(uint16_t port_id, uint16_t quque_id, uint8_t dir,
| ^~~~~~~~~~~~~~~~~~~~
In file included from /home/runner/work/dpdk/dpdk/lib/ethdev/rte_mtr_driver.h:20,
from buildtools/chkincs/chkincs.p/rte_mtr_driver.c:1:
/home/runner/work/dpdk/dpdk/lib/ethdev/rte_ethdev.h: In function ‘rte_eth_tx_burst’:
/home/runner/work/dpdk/dpdk/lib/ethdev/rte_ethdev.h:6712:25: error: ‘rte_eth_mirror_burst’ is deprecated: Symbol is not yet part of stable ABI [-Werror=deprecated-declarations]
6712 | rte_eth_mirror_burst(port_id, queue_id, RTE_ETH_MIRROR_DIRECTION_EGRESS,
| ^~~~~~~~~~~~~~~~~~~~
In file included from /home/runner/work/dpdk/dpdk/lib/ethdev/rte_ethdev.h:173,
from /home/runner/work/dpdk/dpdk/lib/ethdev/rte_mtr_driver.h:20,
from buildtools/chkincs/chkincs.p/rte_mtr_driver.c:1:
/home/runner/work/dpdk/dpdk/lib/ethdev/rte_mirror.h:105:6: note: declared here
105 | void rte_eth_mirror_burst(uint16_t port_id, uint16_t quque_id, uint8_t dir,
| ^~~~~~~~~~~~~~~~~~~~
cc1: all warnings being treated as errors
[4247/5984] Compiling C object app/dpdk-test.p/test_test_memcpy_perf.c.o
ninja: build stopped: subcommand failed.
##[error]Process completed with exit code 1.
####################################################################################
#### [End job log] "ubuntu-22.04-gcc-static-i386" at step Build and test
####################################################################################
####################################################################################
#### [Begin job log] "fedora:39-gcc" at step Build
####################################################################################
####################################################################################
#### [End job log] "fedora:39-gcc" at step Build
####################################################################################
####################################################################################
#### [Begin job log] "fedora:39-clang" at step Build
####################################################################################
####################################################################################
#### [End job log] "fedora:39-clang" at step Build
####################################################################################
--------------------------------END LOGS-----------------------------
^ permalink raw reply [flat|nested] 13+ messages in thread
* |SUCCESS| pw155110-155121 [PATCH] [RFC,v2,12/12] pdump: mark API and
[not found] <20250709173611.6390-13-stephen@networkplumber.org>
` (3 preceding siblings ...)
2025-07-09 18:24 ` |FAILURE| " 0-day Robot
@ 2025-07-09 23:10 ` dpdklab
2025-07-09 23:11 ` dpdklab
` (7 subsequent siblings)
12 siblings, 0 replies; 13+ messages in thread
From: dpdklab @ 2025-07-09 23:10 UTC (permalink / raw)
To: Ali Alnubani, Test Report; +Cc: dpdk-test-reports
Test-Label: iol-mellanox-Performance
Test-Status: SUCCESS
http://dpdk.org/patch/155121
_Performance Testing PASS_
Submitter: Stephen Hemminger <stephen@networkplumber.org>
Date: Wednesday, July 09 2025 17:33:38
DPDK git baseline: Repo:dpdk
Branch: master
CommitID:9fe9c0b231c8da5435bfccb1963121b4277f961c
155110-155121 --> performance testing pass
Upstream job id: Template-DTS-Pipeline#236151
Test environment and result as below:
Ubuntu 24.04
Kernel: 6.8
Compiler: gcc gcc (Ubuntu 13.3.0-6ubuntu2~24.04) 13.3.0
NIC: NVIDIA Mellanox ConnectX-7 100000 Mbps
Fail/Total: 0/6
Detail performance results:
+------------+---------+----------+-------------+------------------------------+
| frame_size | txd/rxd | num_cpus | num_threads | throughput difference from |
| | | | | expected |
+============+=========+==========+=============+==============================+
| 64 | 1024 | 1 | 1 | -0.1% |
+------------+---------+----------+-------------+------------------------------+
| 128 | 1024 | 1 | 1 | -0.5% |
+------------+---------+----------+-------------+------------------------------+
| 256 | 1024 | 1 | 1 | -1.0% |
+------------+---------+----------+-------------+------------------------------+
| 512 | 1024 | 1 | 1 | -0.0% |
+------------+---------+----------+-------------+------------------------------+
| 1024 | 1024 | 1 | 1 | 0.1% |
+------------+---------+----------+-------------+------------------------------+
| 1518 | 1024 | 1 | 1 | -0.2% |
+------------+---------+----------+-------------+------------------------------+
Ubuntu 24.04
Kernel: 6.8
Compiler: gcc gcc (Ubuntu 13.3.0-6ubuntu2~24.04) 13.3.0
NIC: Mellanox ConnectX-6 Lx 25000 Mbps
Fail/Total: 0/6
Detail performance results:
+------------+---------+----------+-------------+------------------------------+
| frame_size | txd/rxd | num_cpus | num_threads | throughput difference from |
| | | | | expected |
+============+=========+==========+=============+==============================+
| 64 | 1024 | 1 | 1 | -0.2% |
+------------+---------+----------+-------------+------------------------------+
| 128 | 1024 | 1 | 1 | -0.1% |
+------------+---------+----------+-------------+------------------------------+
| 256 | 1024 | 1 | 1 | -0.0% |
+------------+---------+----------+-------------+------------------------------+
| 512 | 1024 | 1 | 1 | -0.1% |
+------------+---------+----------+-------------+------------------------------+
| 1024 | 1024 | 1 | 1 | 0.1% |
+------------+---------+----------+-------------+------------------------------+
| 1518 | 1024 | 1 | 1 | -0.0% |
+------------+---------+----------+-------------+------------------------------+
To view detailed results, visit:
https://lab.dpdk.org/results/dashboard/patchsets/33629/
UNH-IOL DPDK Community Lab
To manage your email subscriptions, visit:
https://lab.dpdk.org/results/dashboard/preferences/subscriptions/
^ permalink raw reply [flat|nested] 13+ messages in thread
* |SUCCESS| pw155110-155121 [PATCH] [RFC,v2,12/12] pdump: mark API and
[not found] <20250709173611.6390-13-stephen@networkplumber.org>
` (4 preceding siblings ...)
2025-07-09 23:10 ` |SUCCESS| pw155110-155121 [PATCH] [RFC,v2,12/12] pdump: mark API and dpdklab
@ 2025-07-09 23:11 ` dpdklab
2025-07-09 23:31 ` dpdklab
` (6 subsequent siblings)
12 siblings, 0 replies; 13+ messages in thread
From: dpdklab @ 2025-07-09 23:11 UTC (permalink / raw)
To: Test Report; +Cc: dpdk-test-reports
Test-Label: iol-intel-Functional
Test-Status: SUCCESS
http://dpdk.org/patch/155121
_Functional Testing PASS_
Submitter: Stephen Hemminger <stephen@networkplumber.org>
Date: Wednesday, July 09 2025 17:33:38
DPDK git baseline: Repo:dpdk
Branch: master
CommitID:9fe9c0b231c8da5435bfccb1963121b4277f961c
155110-155121 --> functional testing pass
Upstream job id: Template-DTS-Pipeline#236163
Test environment and result as below:
Ubuntu 24.04
Kernel: 6.8
Compiler: gcc gcc (Ubuntu 13.3.0-6ubuntu2~24.04) 13.3.0
NIC: Intel Corporation 4xxx Series QAT 0 Mbps
Aggregate Results by Test Suite
+----------------------------+--------+
| Test Suite | Result |
+============================+========+
| crypto_perf_cryptodev_perf | PASS |
+----------------------------+--------+
To view detailed results, visit:
https://lab.dpdk.org/results/dashboard/patchsets/33629/
UNH-IOL DPDK Community Lab
To manage your email subscriptions, visit:
https://lab.dpdk.org/results/dashboard/preferences/subscriptions/
^ permalink raw reply [flat|nested] 13+ messages in thread
* |SUCCESS| pw155110-155121 [PATCH] [RFC,v2,12/12] pdump: mark API and
[not found] <20250709173611.6390-13-stephen@networkplumber.org>
` (5 preceding siblings ...)
2025-07-09 23:11 ` dpdklab
@ 2025-07-09 23:31 ` dpdklab
2025-07-09 23:43 ` dpdklab
` (5 subsequent siblings)
12 siblings, 0 replies; 13+ messages in thread
From: dpdklab @ 2025-07-09 23:31 UTC (permalink / raw)
To: Test Report; +Cc: dpdk-test-reports
Test-Label: iol-broadcom-Performance
Test-Status: SUCCESS
http://dpdk.org/patch/155121
_Performance Testing PASS_
Submitter: Stephen Hemminger <stephen@networkplumber.org>
Date: Wednesday, July 09 2025 17:33:38
DPDK git baseline: Repo:dpdk
Branch: master
CommitID:9fe9c0b231c8da5435bfccb1963121b4277f961c
155110-155121 --> performance testing pass
Upstream job id: Template-DTS-Pipeline#236155
Test environment and result as below:
Ubuntu 22.04
Kernel: 5.15
Compiler: gcc gcc (Ubuntu 11.4.0-1ubuntu1~22.04) 11.4.0
NIC: Broadcom Inc. and subsidiaries BCM57414 NetXtreme-E 10Gb/25Gb RDMA Ethernet Controller 16d7 25 Mbps
Fail/Total: 0/3
Detail performance results:
+------------+---------+----------+-------------+------------------------------+
| frame_size | txd/rxd | num_cpus | num_threads | throughput difference from |
| | | | | expected |
+============+=========+==========+=============+==============================+
| 64 | 128 | 1 | 1 | 0.4% |
+------------+---------+----------+-------------+------------------------------+
| 64 | 512 | 1 | 1 | 0.6% |
+------------+---------+----------+-------------+------------------------------+
| 64 | 2048 | 1 | 1 | 1.6% |
+------------+---------+----------+-------------+------------------------------+
Ubuntu 22.04
Kernel: 5.15
Compiler: gcc gcc (Ubuntu 11.4.0-1ubuntu1~22.04) 11.4.0
NIC: Arm Broadcom Inc. brcm_57414 25000 Mbps
Fail/Total: 0/2
Detail performance results:
+------------+---------+----------+-------------+------------------------------+
| frame_size | txd/rxd | num_cpus | num_threads | throughput difference from |
| | | | | expected |
+============+=========+==========+=============+==============================+
| 64 | 512 | 1 | 1 | 0.0% |
+------------+---------+----------+-------------+------------------------------+
| 64 | 2048 | 1 | 1 | 0.6% |
+------------+---------+----------+-------------+------------------------------+
To view detailed results, visit:
https://lab.dpdk.org/results/dashboard/patchsets/33629/
UNH-IOL DPDK Community Lab
To manage your email subscriptions, visit:
https://lab.dpdk.org/results/dashboard/preferences/subscriptions/
^ permalink raw reply [flat|nested] 13+ messages in thread
* |SUCCESS| pw155110-155121 [PATCH] [RFC,v2,12/12] pdump: mark API and
[not found] <20250709173611.6390-13-stephen@networkplumber.org>
` (6 preceding siblings ...)
2025-07-09 23:31 ` dpdklab
@ 2025-07-09 23:43 ` dpdklab
2025-07-10 0:19 ` |WARNING| " dpdklab
` (4 subsequent siblings)
12 siblings, 0 replies; 13+ messages in thread
From: dpdklab @ 2025-07-09 23:43 UTC (permalink / raw)
To: Test Report; +Cc: dpdk-test-reports
Test-Label: iol-intel-Functional
Test-Status: SUCCESS
http://dpdk.org/patch/155121
_Functional Testing PASS_
Submitter: Stephen Hemminger <stephen@networkplumber.org>
Date: Wednesday, July 09 2025 17:33:38
DPDK git baseline: Repo:dpdk
Branch: master
CommitID:9fe9c0b231c8da5435bfccb1963121b4277f961c
155110-155121 --> functional testing pass
Upstream job id: Template-DTS-Pipeline#236161
Test environment and result as below:
Ubuntu 24.04
Kernel: 6.8
Compiler: gcc gcc (Ubuntu 13.3.0-6ubuntu2~24.04) 13.3.0
NIC: Intel Corporation 4xxx Series QAT 0 Mbps
Aggregate Results by Test Suite
+----------------------------+--------+
| Test Suite | Result |
+============================+========+
| crypto_perf_cryptodev_perf | PASS |
+----------------------------+--------+
Ubuntu 22.04
Kernel: 5.15
Compiler: gcc gcc (Ubuntu 11.4.0-1ubuntu1~22.04) 11.4.0
NIC: Intel Corporation QAT 8970 0 Mbps
Aggregate Results by Test Suite
+----------------------------+--------+
| Test Suite | Result |
+============================+========+
| crypto_perf_cryptodev_perf | PASS |
+----------------------------+--------+
To view detailed results, visit:
https://lab.dpdk.org/results/dashboard/patchsets/33629/
UNH-IOL DPDK Community Lab
To manage your email subscriptions, visit:
https://lab.dpdk.org/results/dashboard/preferences/subscriptions/
^ permalink raw reply [flat|nested] 13+ messages in thread
* |WARNING| pw155110-155121 [PATCH] [RFC,v2,12/12] pdump: mark API and
[not found] <20250709173611.6390-13-stephen@networkplumber.org>
` (7 preceding siblings ...)
2025-07-09 23:43 ` dpdklab
@ 2025-07-10 0:19 ` dpdklab
2025-07-10 0:27 ` |FAILURE| " dpdklab
` (3 subsequent siblings)
12 siblings, 0 replies; 13+ messages in thread
From: dpdklab @ 2025-07-10 0:19 UTC (permalink / raw)
To: Test Report; +Cc: dpdk-test-reports
Test-Label: iol-unit-arm64-testing
Test-Status: WARNING
http://dpdk.org/patch/155121
_Testing issues_
Submitter: Stephen Hemminger <stephen@networkplumber.org>
Date: Wednesday, July 09 2025 17:33:38
DPDK git baseline: Repo:dpdk
Branch: master
CommitID:9fe9c0b231c8da5435bfccb1963121b4277f961c
155110-155121 --> testing issues
Upstream job id: Aarch32-Unit-Test#6883
Test environment and result as below:
+------------------------------+--------------+---------------------------+------------------------------+----------------+
| Environment | lpm_autotest | cryptodev_sw_zuc_autotest | cryptodev_sw_snow3g_autotest | dpdk_unit_test |
+==============================+==============+===========================+==============================+================+
| Ubuntu 20.04 | WARN | SKIPPED | SKIPPED | WARN |
+------------------------------+--------------+---------------------------+------------------------------+----------------+
| Debian 12 (arm) | SKIPPED | WARN | WARN | SKIPPED |
+------------------------------+--------------+---------------------------+------------------------------+----------------+
| Debian GNU/Linux 12 | SKIPPED | SKIPPED | SKIPPED | WARN |
+------------------------------+--------------+---------------------------+------------------------------+----------------+
| CentOS Stream 9 | SKIPPED | SKIPPED | SKIPPED | WARN |
+------------------------------+--------------+---------------------------+------------------------------+----------------+
| CentOS Stream 10 | SKIPPED | SKIPPED | SKIPPED | WARN |
+------------------------------+--------------+---------------------------+------------------------------+----------------+
| Fedora Linux 40 | SKIPPED | SKIPPED | SKIPPED | WARN |
+------------------------------+--------------+---------------------------+------------------------------+----------------+
| Ubuntu 22.04 | SKIPPED | SKIPPED | SKIPPED | WARN |
+------------------------------+--------------+---------------------------+------------------------------+----------------+
| Fedora Linux 41 | SKIPPED | SKIPPED | SKIPPED | WARN |
+------------------------------+--------------+---------------------------+------------------------------+----------------+
| Red Hat Enterprise Linux 9.5 | SKIPPED | SKIPPED | SKIPPED | WARN |
+------------------------------+--------------+---------------------------+------------------------------+----------------+
| Ubuntu 24.04 | SKIPPED | SKIPPED | SKIPPED | WARN |
+------------------------------+--------------+---------------------------+------------------------------+----------------+
==== 20 line log output for Ubuntu 24.04 (dpdk_unit_test): ====
[154/3738] Compiling C object lib/librte_ethdev.a.p/ethdev_ethdev_private.c.o
FAILED: lib/librte_ethdev.a.p/ethdev_ethdev_private.c.o
ccache cc -Ilib/librte_ethdev.a.p -Ilib -I../lib -Ilib/ethdev -I../lib/ethdev -Ilib/eal/common -I../lib/eal/common -I. -I.. -Iconfig -I../config -Ilib/eal/include -I../lib/eal/include -Ilib/eal/linux/include -I../lib/eal/linux/include -Ilib/eal/arm/include -I../lib/eal/arm/include -I../kernel/linux -Ilib/eal -I../lib/eal -Ilib/kvargs -I../lib/kvargs -Ilib/log -I../lib/log -Ilib/metrics -I../lib/metrics -Ilib/telemetry -I../lib/telemetry -Ilib/net -I../lib/net -Ilib/mbuf -I../lib/mbuf -Ilib/mempool -I../lib/mempool -Ilib/ring -I../lib/ring -Ilib/meter -I../lib/meter -fdiagnostics-color=always -pipe -D_FILE_OFFSET_BITS=64 -Wall -Winvalid-pch -Wextra -Werror -std=c11 -O3 -include rte_config.h -Wvla -Wcast-qual -Wdeprecated -Wformat -Wformat-nonliteral -Wformat-security -Wmissing-declarations -Wmissing-prototypes -Wnested-externs -Wold-style-definition -Wpointer-arith -Wsign-compare -Wstrict-prototypes -Wundef -Wwrite-strings -Wno-packed-not-aligned -Wno-missing-field-initializers -D_GNU
_SOURCE -fPIC -march=armv8.1-a+crc+crypto -DALLOW_EXPERIMENTAL_API -DALLOW_INTERNAL_API -Wno-format-truncation -DRTE_LOG_DEFAULT_LOGTYPE=lib.ethdev -MD -MQ lib/librte_ethdev.a.p/ethdev_ethdev_private.c.o -MF lib/librte_ethdev.a.p/ethdev_ethdev_private.c.o.d -o lib/librte_ethdev.a.p/ethdev_ethdev_private.c.o -c ../lib/ethdev/ethdev_private.c
../lib/ethdev/ethdev_private.c: In function 'ethdev_request':
../lib/ethdev/ethdev_private.c:605:17: error: implicit declaration of function 'free' [-Werror=implicit-function-declaration]
605 | free(mp_reply.msgs);
| ^~~~
../lib/ethdev/ethdev_private.c:14:1: note: include '<stdlib.h>' or provide a declaration of 'free'
13 | #include "ethdev_private.h"
+++ |+#include <stdlib.h>
14 |
../lib/ethdev/ethdev_private.c:605:17: error: incompatible implicit declaration of built-in function 'free' [-Werror=builtin-declaration-mismatch]
605 | free(mp_reply.msgs);
| ^~~~
../lib/ethdev/ethdev_private.c:605:17: note: include '<stdlib.h>' or provide a declaration of 'free'
cc1: all warnings being treated as errors
[155/3738] Compiling C object lib/librte_ethdev.a.p/ethdev_ethdev_driver.c.o
[156/3738] Generating symbol file lib/librte_meter.so.25.2.p/librte_meter.so.25.2.symbols
[157/3738] Generating symbol file lib/librte_rcu.so.25.2.p/librte_rcu.so.25.2.symbols
ninja: build stopped: subcommand failed.
==== End log output ====
Ubuntu 20.04
Kernel: 5.4
Compiler: gcc gcc (Ubuntu 9.4.0-1ubuntu1~20.04.2) 9.4.0
Debian 12 (arm)
Kernel: Depends on container host
Compiler: gcc (Debian 12.2.0-14) 12.2.0
Debian GNU/Linux 12
Kernel: 5.4
Compiler: gcc gcc (Debian 12.2.0-14+deb12u1) 12.2.0
CentOS Stream 9
Kernel: 5.4
Compiler: gcc gcc (GCC) 11.5.0 20240719 (Red Hat 11.5.0-7)
CentOS Stream 10
Kernel: 5.4
Compiler: gcc gcc (GCC) 14.2.1 20250110 (Red Hat 14.2.1-8)
Fedora Linux 40
Kernel: 5.4
Compiler: gcc gcc (GCC) 14.2.1 20240912 (Red Hat 14.2.1-3)
Ubuntu 22.04
Kernel: 5.15
Compiler: gcc gcc (Ubuntu 11.4.0-1ubuntu1~22.04) 11.4.0
Fedora Linux 41
Kernel: 5.4
Compiler: clang gcc (GCC) 14.3.1 20250523 (Red Hat 14.3.1-1)
Red Hat Enterprise Linux 9.5
Kernel: 5.4
Compiler: gcc gcc (GCC) 11.5.0 20240719 (Red Hat 11.5.0-2)
Ubuntu 24.04
Kernel: 5.4
Compiler: gcc gcc (Ubuntu 13.3.0-6ubuntu2~24.04) 13.3.0
To view detailed results, visit:
https://lab.dpdk.org/results/dashboard/patchsets/33629/
UNH-IOL DPDK Community Lab
To manage your email subscriptions, visit:
https://lab.dpdk.org/results/dashboard/preferences/subscriptions/
^ permalink raw reply [flat|nested] 13+ messages in thread
* |FAILURE| pw155110-155121 [PATCH] [RFC,v2,12/12] pdump: mark API and
[not found] <20250709173611.6390-13-stephen@networkplumber.org>
` (8 preceding siblings ...)
2025-07-10 0:19 ` |WARNING| " dpdklab
@ 2025-07-10 0:27 ` dpdklab
2025-07-10 0:46 ` dpdklab
` (2 subsequent siblings)
12 siblings, 0 replies; 13+ messages in thread
From: dpdklab @ 2025-07-10 0:27 UTC (permalink / raw)
To: Test Report; +Cc: dpdk-test-reports, Stephen Hemminger
Test-Label: iol-compile-arm64-testing
Test-Status: FAILURE
http://dpdk.org/patch/155121
_Testing issues_
Submitter: Stephen Hemminger <stephen@networkplumber.org>
Date: Wednesday, July 09 2025 17:33:38
DPDK git baseline: Repo:dpdk
Branch: master
CommitID:9fe9c0b231c8da5435bfccb1963121b4277f961c
155110-155121 --> testing issues
Upstream job id: Generic-DPDK-Compile-Meson#407549
Test environment and result as below:
+------------------------------+--------------------+
| Environment | dpdk_meson_compile |
+==============================+====================+
| Ubuntu 20.04 | FAIL |
+------------------------------+--------------------+
| Red Hat Enterprise Linux 9.5 | FAIL |
+------------------------------+--------------------+
| Debian GNU/Linux 12 | FAIL |
+------------------------------+--------------------+
| Fedora Linux 40 | FAIL |
+------------------------------+--------------------+
| Fedora Linux 41 | FAIL |
+------------------------------+--------------------+
| Ubuntu 22.04 | FAIL |
+------------------------------+--------------------+
| Ubuntu 24.04 | FAIL |
+------------------------------+--------------------+
| CentOS Stream 9 | FAIL |
+------------------------------+--------------------+
| CentOS Stream 10 | FAIL |
+------------------------------+--------------------+
==== 20 line log output for CentOS Stream 10 (dpdk_meson_compile): ====
[162/3764] Linking target lib/librte_meter.so.25.2
[163/3764] Generating symbol file lib/librte_meter.so.25.2.p/librte_meter.so.25.2.symbols
[164/3764] Compiling C object lib/librte_ethdev.a.p/ethdev_ethdev_driver.c.o
[165/3764] Compiling C object lib/librte_ethdev.a.p/ethdev_ethdev_private.c.o
FAILED: lib/librte_ethdev.a.p/ethdev_ethdev_private.c.o
ccache cc -Ilib/librte_ethdev.a.p -Ilib -I../lib -Ilib/ethdev -I../lib/ethdev -Ilib/eal/common -I../lib/eal/common -I. -I.. -Iconfig -I../config -Ilib/eal/include -I../lib/eal/include -Ilib/eal/linux/include -I../lib/eal/linux/include -Ilib/eal/arm/include -I../lib/eal/arm/include -I../kernel/linux -Ilib/eal -I../lib/eal -Ilib/kvargs -I../lib/kvargs -Ilib/log -I../lib/log -Ilib/metrics -I../lib/metrics -Ilib/telemetry -I../lib/telemetry -Ilib/net -I../lib/net -Ilib/mbuf -I../lib/mbuf -Ilib/mempool -I../lib/mempool -Ilib/ring -I../lib/ring -Ilib/meter -I../lib/meter -fdiagnostics-color=always -pipe -D_FILE_OFFSET_BITS=64 -Wall -Winvalid-pch -Wextra -Werror -std=c11 -O3 -include rte_config.h -Wvla -Wcast-qual -Wdeprecated -Wformat -Wformat-nonliteral -Wformat-security -Wmissing-declarations -Wmissing-prototypes -Wnested-externs -Wold-style-definition -Wpointer-arith -Wsign-compare -Wstrict-prototypes -Wundef -Wwrite-strings -Wno-packed-not-aligned -Wno-missing-field-initializers -D_GNU
_SOURCE -fPIC -march=armv8.1-a+crc+crypto -DALLOW_EXPERIMENTAL_API -DALLOW_INTERNAL_API -Wno-format-truncation -DRTE_LOG_DEFAULT_LOGTYPE=lib.ethdev -MD -MQ lib/librte_ethdev.a.p/ethdev_ethdev_private.c.o -MF lib/librte_ethdev.a.p/ethdev_ethdev_private.c.o.d -o lib/librte_ethdev.a.p/ethdev_ethdev_private.c.o -c ../lib/ethdev/ethdev_private.c
../lib/ethdev/ethdev_private.c: In function 'ethdev_request':
../lib/ethdev/ethdev_private.c:605:17: error: implicit declaration of function 'free' [-Wimplicit-function-declaration]
605 | free(mp_reply.msgs);
| ^~~~
../lib/ethdev/ethdev_private.c:14:1: note: include '<stdlib.h>' or provide a declaration of 'free'
13 | #include "ethdev_private.h"
+++ |+#include <stdlib.h>
14 |
../lib/ethdev/ethdev_private.c:605:17: error: incompatible implicit declaration of built-in function 'free' [-Werror=builtin-declaration-mismatch]
605 | free(mp_reply.msgs);
| ^~~~
../lib/ethdev/ethdev_private.c:605:17: note: include '<stdlib.h>' or provide a declaration of 'free'
cc1: all warnings being treated as errors
ninja: build stopped: subcommand failed.
==== End log output ====
Ubuntu 20.04
Kernel: 5.15
Compiler: aarch64-linux-gnu-gcc gcc (Ubuntu 9.4.0-1ubuntu1~20.04.2) 9.4.0
Red Hat Enterprise Linux 9.5
Kernel: 5.4
Compiler: gcc gcc (GCC) 11.5.0 20240719 (Red Hat 11.5.0-2)
Debian GNU/Linux 12
Kernel: 5.4
Compiler: gcc gcc (Debian 12.2.0-14+deb12u1) 12.2.0
Fedora Linux 40
Kernel: 5.4
Compiler: gcc gcc (GCC) 14.2.1 20240912 (Red Hat 14.2.1-3)
Fedora Linux 41
Kernel: 5.4
Compiler: clang gcc (GCC) 14.3.1 20250523 (Red Hat 14.3.1-1)
Ubuntu 22.04
Kernel: 5.4
Compiler: gcc gcc (Ubuntu 11.4.0-1ubuntu1~22.04) 11.4.0
Ubuntu 24.04
Kernel: 5.4
Compiler: gcc gcc (Ubuntu 13.3.0-6ubuntu2~24.04) 13.3.0
CentOS Stream 9
Kernel: 5.4
Compiler: gcc gcc (GCC) 11.5.0 20240719 (Red Hat 11.5.0-7)
CentOS Stream 10
Kernel: 5.4
Compiler: gcc gcc (GCC) 14.2.1 20250110 (Red Hat 14.2.1-8)
To view detailed results, visit:
https://lab.dpdk.org/results/dashboard/patchsets/33629/
UNH-IOL DPDK Community Lab
To manage your email subscriptions, visit:
https://lab.dpdk.org/results/dashboard/preferences/subscriptions/
^ permalink raw reply [flat|nested] 13+ messages in thread
* |FAILURE| pw155110-155121 [PATCH] [RFC,v2,12/12] pdump: mark API and
[not found] <20250709173611.6390-13-stephen@networkplumber.org>
` (9 preceding siblings ...)
2025-07-10 0:27 ` |FAILURE| " dpdklab
@ 2025-07-10 0:46 ` dpdklab
2025-07-10 1:01 ` dpdklab
2025-07-10 1:04 ` dpdklab
12 siblings, 0 replies; 13+ messages in thread
From: dpdklab @ 2025-07-10 0:46 UTC (permalink / raw)
To: Test Report; +Cc: dpdk-test-reports, Stephen Hemminger
Test-Label: iol-unit-amd64-testing
Test-Status: FAILURE
http://dpdk.org/patch/155121
_Testing issues_
Submitter: Stephen Hemminger <stephen@networkplumber.org>
Date: Wednesday, July 09 2025 17:33:38
DPDK git baseline: Repo:dpdk
Branch: master
CommitID:9fe9c0b231c8da5435bfccb1963121b4277f961c
155110-155121 --> testing issues
Upstream job id: Generic-Unit-Test-DPDK#354428
Test environment and result as below:
+-------------------------------+----------------+
| Environment | dpdk_unit_test |
+===============================+================+
| Fedora Linux 40 | FAIL |
+-------------------------------+----------------+
| Debian GNU/Linux 12 | FAIL |
+-------------------------------+----------------+
| CentOS Stream 9 | FAIL |
+-------------------------------+----------------+
| CentOS Stream 10 | FAIL |
+-------------------------------+----------------+
| Fedora Linux 41 | FAIL |
+-------------------------------+----------------+
| Red Hat Enterprise Linux 9.5 | FAIL |
+-------------------------------+----------------+
| Red Hat Enterprise Linux 8.10 | FAIL |
+-------------------------------+----------------+
| Ubuntu 22.04 | FAIL |
+-------------------------------+----------------+
| Ubuntu 20.04 | FAIL |
+-------------------------------+----------------+
| Ubuntu 24.04 | FAIL |
+-------------------------------+----------------+
==== Unit test summary for Ubuntu 24.04 (dpdk_unit_test): ====
ninja: Entering directory `/root/workspace/Generic-Unit-Test-DPDK@2/dpdk/build'
ninja: no work to do.
1/121 DPDK:fast-tests / acl_autotest OK 3.16s
2/121 DPDK:fast-tests / alarm_autotest OK 1.33s
3/121 DPDK:fast-tests / argparse_autotest OK 0.17s
4/121 DPDK:fast-tests / atomic_autotest OK 0.45s
5/121 DPDK:fast-tests / bitcount_autotest OK 0.19s
6/121 DPDK:fast-tests / bitmap_autotest OK 0.22s
7/121 DPDK:fast-tests / bitops_autotest OK 1.92s
8/121 DPDK:fast-tests / bitratestats_autotest OK 0.26s
9/121 DPDK:fast-tests / bitset_autotest OK 1.71s
10/121 DPDK:fast-tests / bpf_autotest OK 0.20s
11/121 DPDK:fast-tests / bpf_convert_autotest OK 0.17s
12/121 DPDK:fast-tests / byteorder_autotest OK 0.17s
13/121 DPDK:fast-tests / cfgfile_autotest OK 0.23s
14/121 DPDK:fast-tests / cksum_autotest OK 0.17s
15/121 DPDK:fast-tests / cmdline_autotest OK 0.18s
16/121 DPDK:fast-tests / common_autotest OK 1.08s
17/121 DPDK:fast-tests / compressdev_autotest SKIP 0.30s exit status 77
18/121 DPDK:fast-tests / cpuflags_autotest OK 0.18s
19/121 DPDK:fast-tests / crc_autotest OK 0.35s
20/121 DPDK:fast-tests / user_delay_us OK 0.24s
21/121 DPDK:fast-tests / debug_autotest OK 0.66s
22/121 DPDK:fast-tests / devargs_autotest OK 0.17s
23/121 DPDK:fast-tests / dispatcher_autotest SKIP 0.21s exit status 77
24/121 DPDK:fast-tests / distributor_autotest OK 1.42s
25/121 DPDK:fast-tests / eal_flags_c_opt_autotest OK 1.44s
26/121 DPDK:fast-tests / eal_flags_main_opt_autotest OK 0.52s
27/121 DPDK:fast-tests / eal_flags_n_opt_autotest OK 0.68s
28/121 DPDK:fast-tests / eal_flags_hpet_autotest OK 0.20s
29/121 DPDK:fast-tests / eal_flags_no_huge_autotest OK 0.59s
30/121 DPDK:fast-tests / eal_flags_a_opt_autotest OK 0.36s
31/121 DPDK:fast-tests / eal_flags_b_opt_autotest OK 0.31s
32/121 DPDK:fast-tests / eal_flags_vdev_opt_autotest OK 0.63s
33/121 DPDK:fast-tests / eal_flags_r_opt_autotest OK 0.36s
34/121 DPDK:fast-tests / eal_flags_mem_autotest OK 0.91s
35/121 DPDK:fast-tests / eal_flags_file_prefix_autotest OK 3.69s
36/121 DPDK:fast-tests / eal_flags_misc_autotest OK 2.20s
37/121 DPDK:fast-tests / eal_fs_autotest OK 0.22s
38/121 DPDK:fast-tests / errno_autotest OK 0.17s
39/121 DPDK:fast-tests / ethdev_link_status OK 0.17s
40/121 DPDK:fast-tests / ethdev_mirror FAIL 0.31s (exit status 255 or signal 127 SIGinvalid)
>>> MALLOC_PERTURB_=17 DPDK_TEST=ethdev_mirror /root/workspace/Generic-Unit-Test-DPDK@2/dpdk/build/app/dpdk-test --no-huge -m 2048
41/121 DPDK:fast-tests / event_eth_tx_adapter_autotest OK 0.58s
42/121 DPDK:fast-tests / event_ring_autotest OK 0.17s
43/121 DPDK:fast-tests / eventdev_common_autotest OK 0.24s
44/121 DPDK:fast-tests / eventdev_selftest_sw OK 0.27s
45/121 DPDK:fast-tests / fbarray_autotest OK 0.17s
46/121 DPDK:fast-tests / fib_autotest OK 0.75s
47/121 DPDK:fast-tests / fib6_autotest OK 0.78s
48/121 DPDK:fast-tests / func_reentrancy_autotest OK 0.69s
49/121 DPDK:fast-tests / graph_autotest OK 0.25s
50/121 DPDK:fast-tests / node_list_dump OK 0.16s
51/121 DPDK:fast-tests / graph_feature_arc_autotest OK 0.22s
52/121 DPDK:fast-tests / hash_autotest OK 0.39s
53/121 DPDK:fast-tests / hash_readwrite_func_autotest SKIP 0.21s exit status 77
54/121 DPDK:fast-tests / interrupt_autotest OK 1.27s
55/121 DPDK:fast-tests / ipfrag_autotest OK 0.14s
56/121 DPDK:fast-tests / ipsec_autotest SKIP 0.17s exit status 77
57/121 DPDK:fast-tests / kvargs_autotest OK 0.17s
58/121 DPDK:fast-tests / latencystats_autotest OK 0.17s
59/121 DPDK:fast-tests / lcore_var_autotest OK 0.31s
60/121 DPDK:fast-tests / lcores_autotest OK 1.05s
61/121 DPDK:fast-tests / logs_autotest OK 0.17s
62/121 DPDK:fast-tests / lpm_autotest OK 1.82s
63/121 DPDK:fast-tests / lpm6_autotest OK 3.45s
64/121 DPDK:fast-tests / malloc_autotest OK 0.48s
65/121 DPDK:fast-tests / mbuf_autotest OK 0.35s
66/121 DPDK:fast-tests / mcslock_autotest OK 0.62s
67/121 DPDK:fast-tests / member_autotest OK 1.01s
68/121 DPDK:fast-tests / memcpy_autotest OK 2.38s
69/121 DPDK:fast-tests / memory_autotest OK 0.14s
70/121 DPDK:fast-tests / mempool_autotest OK 0.42s
71/121 DPDK:fast-tests / memzone_autotest OK 0.21s
72/121 DPDK:fast-tests / meter_autotest OK 0.17s
73/121 DPDK:fast-tests / metrics_autotest OK 0.19s
74/121 DPDK:fast-tests / multiprocess_autotest OK 0.31s
75/121 DPDK:fast-tests / net_ether_autotest OK 0.45s
76/121 DPDK:fast-tests / net_ipv6_autotest OK 0.19s
77/121 DPDK:fast-tests / pcapng_autotest OK 7.31s
78/121 DPDK:fast-tests / pdcp_autotest SKIP 0.17s exit status 77
79/121 DPDK:fast-tests / pdump_autotest OK 0.32s
80/121 DPDK:fast-tests / per_lcore_autotest OK 0.35s
81/121 DPDK:fast-tests / pflock_autotest OK 0.28s
82/121 DPDK:fast-tests / pie_autotest OK 0.22s
83/121 DPDK:fast-tests / ring_pmd_autotest OK 0.17s
84/121 DPDK:fast-tests / power_autotest OK 0.25s
85/121 DPDK:fast-tests / power_cpufreq_autotest SKIP 0.14s exit status 77
86/121 DPDK:fast-tests / power_intel_uncore_autotest SKIP 0.20s exit status 77
87/121 DPDK:fast-tests / power_kvm_vm_autotest SKIP 0.14s exit status 77
88/121 DPDK:fast-tests / prefetch_autotest OK 0.24s
89/121 DPDK:fast-tests / ptr_compress_autotest OK 0.18s
90/121 DPDK:fast-tests / rawdev_autotest OK 0.26s
91/121 DPDK:fast-tests / rcu_qsbr_autotest OK 0.26s
92/121 DPDK:fast-tests / reorder_autotest OK 0.32s
93/121 DPDK:fast-tests / rib_autotest OK 4.98s
94/121 DPDK:fast-tests / rib6_autotest OK 4.33s
95/121 DPDK:fast-tests / ring_autotest OK 0.18s
96/121 DPDK:fast-tests / rwlock_test1_autotest OK 0.37s
97/121 DPDK:fast-tests / rwlock_rda_autotest OK 5.35s
98/121 DPDK:fast-tests / rwlock_rds_wrm_autotest OK 5.17s
99/121 DPDK:fast-tests / rwlock_rde_wro_autotest OK 5.19s
100/121 DPDK:fast-tests / sched_autotest OK 0.17s
101/121 DPDK:fast-tests / security_autotest OK 0.14s
102/121 DPDK:fast-tests / seqlock_autotest SKIP 0.24s exit status 77
103/121 DPDK:fast-tests / service_autotest OK 0.46s
104/121 DPDK:fast-tests / soring_autotest OK 0.17s
105/121 DPDK:fast-tests / spinlock_autotest OK 0.18s
106/121 DPDK:fast-tests / stack_autotest OK 0.26s
107/121 DPDK:fast-tests / stack_lf_autotest OK 0.27s
108/121 DPDK:fast-tests / string_autotest OK 0.18s
109/121 DPDK:fast-tests / table_autotest OK 6.99s
110/121 DPDK:fast-tests / tailq_autotest OK 0.23s
111/121 DPDK:fast-tests / telemetry_data_autotest OK 0.18s
112/121 DPDK:fast-tests / telemetry_json_autotest OK 0.24s
113/121 DPDK:fast-tests / thash_autotest OK 0.20s
114/121 DPDK:fast-tests / threads_autotest OK 0.43s
115/121 DPDK:fast-tests / ticketlock_autotest OK 0.29s
116/121 DPDK:fast-tests / timer_autotest OK 2.61s
117/121 DPDK:fast-tests / trace_autotest OK 0.17s
118/121 DPDK:fast-tests / trace_autotest_with_traces OK 0.26s
119/121 DPDK:fast-tests / vdev_autotest OK 0.21s
120/121 DPDK:fast-tests / version_autotest OK 0.17s
121/121 DPDK:fast-tests / telemetry_all OK 1.05s
Ok: 111
Expected Fail: 0
Fail: 1
Unexpected Pass: 0
Skipped: 9
Timeout: 0
Full log written to /root/workspace/Generic-Unit-Test-DPDK@2/dpdk/build/meson-logs/testlog.txt
Test log output from the failed test ethdev_mirror:
Sorry, we were not able to find the logs for this test.
Download the log output from the CI site for this test run.
==== End log output ====
Fedora Linux 40
Kernel: 5.15
Compiler: gcc gcc (GCC) 14.2.1 20240912 (Red Hat 14.2.1-3)
Debian GNU/Linux 12
Kernel: 5.15
Compiler: gcc gcc (Debian 12.2.0-14+deb12u1) 12.2.0
CentOS Stream 9
Kernel: 5.15
Compiler: gcc gcc (GCC) 11.5.0 20240719 (Red Hat 11.5.0-7)
CentOS Stream 10
Kernel: 5.15
Compiler: gcc gcc (GCC) 14.2.1 20250110 (Red Hat 14.2.1-8)
Fedora Linux 41
Kernel: 5.15
Compiler: clang gcc (GCC) 14.3.1 20250523 (Red Hat 14.3.1-1)
Red Hat Enterprise Linux 9.5
Kernel: 5.15
Compiler: gcc gcc (GCC) 11.5.0 20240719 (Red Hat 11.5.0-2)
Red Hat Enterprise Linux 8.10
Kernel: 5.15
Compiler: gcc gcc (GCC) 8.5.0 20210514 (Red Hat 8.5.0-22)
Ubuntu 22.04
Kernel: 5.15
Compiler: gcc gcc (Ubuntu 11.4.0-1ubuntu1~22.04) 11.4.0
Ubuntu 20.04
Kernel: 5.15
Compiler: gcc gcc (Ubuntu 9.4.0-1ubuntu1~20.04.2) 9.4.0
Ubuntu 24.04
Kernel: 5.15
Compiler: gcc gcc (Ubuntu 13.3.0-6ubuntu2~24.04) 13.3.0
To view detailed results, visit:
https://lab.dpdk.org/results/dashboard/patchsets/33629/
UNH-IOL DPDK Community Lab
To manage your email subscriptions, visit:
https://lab.dpdk.org/results/dashboard/preferences/subscriptions/
^ permalink raw reply [flat|nested] 13+ messages in thread
* |FAILURE| pw155110-155121 [PATCH] [RFC,v2,12/12] pdump: mark API and
[not found] <20250709173611.6390-13-stephen@networkplumber.org>
` (10 preceding siblings ...)
2025-07-10 0:46 ` dpdklab
@ 2025-07-10 1:01 ` dpdklab
2025-07-10 1:04 ` dpdklab
12 siblings, 0 replies; 13+ messages in thread
From: dpdklab @ 2025-07-10 1:01 UTC (permalink / raw)
To: Test Report; +Cc: dpdk-test-reports, Stephen Hemminger
Test-Label: iol-abi-testing
Test-Status: FAILURE
http://dpdk.org/patch/155121
_Testing issues_
Submitter: Stephen Hemminger <stephen@networkplumber.org>
Date: Wednesday, July 09 2025 17:33:38
DPDK git baseline: Repo:dpdk
Branch: master
CommitID:9fe9c0b231c8da5435bfccb1963121b4277f961c
155110-155121 --> testing issues
Upstream job id: Generic-DPDK-Compile-ABI#133882
Test environment and result as below:
+-------------------------------+----------+
| Environment | abi_test |
+===============================+==========+
| CentOS Stream 9 | FAIL |
+-------------------------------+----------+
| CentOS Stream 10 | FAIL |
+-------------------------------+----------+
| Debian GNU/Linux 12 | FAIL |
+-------------------------------+----------+
| Fedora Linux 40 | FAIL |
+-------------------------------+----------+
| Fedora Linux 41 | FAIL |
+-------------------------------+----------+
| openSUSE Leap 15.6 | FAIL |
+-------------------------------+----------+
| Red Hat Enterprise Linux 8.10 | FAIL |
+-------------------------------+----------+
| Ubuntu 22.04 | FAIL |
+-------------------------------+----------+
| Ubuntu 24.04 | FAIL |
+-------------------------------+----------+
| Red Hat Enterprise Linux 9.5 | FAIL |
+-------------------------------+----------+
==== 20 line log output for Red Hat Enterprise Linux 9.5 (abi_test): ====
Variables changes summary: 0 Removed, 0 Changed, 0 Added variable
Functions changes summary: 0 Removed, 0 Changed (5 filtered out), 0 Added functions
Variables changes summary: 0 Removed, 0 Changed, 0 Added variable
Functions changes summary: 0 Removed, 0 Changed (296 filtered out), 0 Added (11 filtered out) functions
Variables changes summary: 0 Removed, 0 Changed, 0 Added variable
Functions changes summary: 0 Removed, 0 Changed (7 filtered out), 0 Added functions
Variables changes summary: 0 Removed, 0 Changed, 0 Added variable
Functions changes summary: 0 Removed, 0 Changed, 0 Added (5 filtered out) functions
Variables changes summary: 0 Removed, 0 Changed, 0 Added variable
Functions changes summary: 0 Removed, 0 Changed (4 filtered out), 0 Added (12 filtered out) functions
Variables changes summary: 0 Removed, 0 Changed (1 filtered out), 0 Added variable
Functions changes summary: 0 Removed, 0 Changed (215 filtered out), 0 Added (2 filtered out) functions
Variables changes summary: 0 Removed, 0 Changed, 0 Added variable
==== End log output ====
CentOS Stream 9
Kernel: 5.15
Compiler: gcc gcc (GCC) 11.5.0 20240719 (Red Hat 11.5.0-7)
CentOS Stream 10
Kernel: 5.15
Compiler: gcc gcc (GCC) 14.2.1 20250110 (Red Hat 14.2.1-8)
Debian GNU/Linux 12
Kernel: 5.15
Compiler: gcc gcc (Debian 12.2.0-14+deb12u1) 12.2.0
Fedora Linux 40
Kernel: 5.15
Compiler: gcc gcc (GCC) 14.2.1 20240912 (Red Hat 14.2.1-3)
Fedora Linux 41
Kernel: 5.15
Compiler: clang gcc (GCC) 14.3.1 20250523 (Red Hat 14.3.1-1)
openSUSE Leap 15.6
Kernel: 5.15
Compiler: gcc gcc (SUSE Linux) 7.5.0
Red Hat Enterprise Linux 8.10
Kernel: 5.15
Compiler: gcc gcc (GCC) 8.5.0 20210514 (Red Hat 8.5.0-22)
Ubuntu 22.04
Kernel: 5.15
Compiler: gcc gcc (Ubuntu 11.4.0-1ubuntu1~22.04) 11.4.0
Ubuntu 24.04
Kernel: 5.15
Compiler: gcc gcc (Ubuntu 13.3.0-6ubuntu2~24.04) 13.3.0
Red Hat Enterprise Linux 9.5
Kernel: 5.15
Compiler: gcc gcc (GCC) 11.5.0 20240719 (Red Hat 11.5.0-2)
To view detailed results, visit:
https://lab.dpdk.org/results/dashboard/patchsets/33629/
UNH-IOL DPDK Community Lab
To manage your email subscriptions, visit:
https://lab.dpdk.org/results/dashboard/preferences/subscriptions/
^ permalink raw reply [flat|nested] 13+ messages in thread
* |FAILURE| pw155110-155121 [PATCH] [RFC,v2,12/12] pdump: mark API and
[not found] <20250709173611.6390-13-stephen@networkplumber.org>
` (11 preceding siblings ...)
2025-07-10 1:01 ` dpdklab
@ 2025-07-10 1:04 ` dpdklab
12 siblings, 0 replies; 13+ messages in thread
From: dpdklab @ 2025-07-10 1:04 UTC (permalink / raw)
To: Test Report; +Cc: dpdk-test-reports, Stephen Hemminger
Test-Label: iol-compile-amd64-testing
Test-Status: FAILURE
http://dpdk.org/patch/155121
_Testing issues_
Submitter: Stephen Hemminger <stephen@networkplumber.org>
Date: Wednesday, July 09 2025 17:33:38
DPDK git baseline: Repo:dpdk
Branch: master
CommitID:9fe9c0b231c8da5435bfccb1963121b4277f961c
155110-155121 --> testing issues
Upstream job id: Generic-DPDK-Compile-Meson#407526
Test environment and result as below:
+-------------------------------+--------------------+-------------------+------------------+-------------------+
| Environment | dpdk_meson_compile | dpdk_compile_spdk | dpdk_compile_ovs | dpdk_msvc_compile |
+===============================+====================+===================+==================+===================+
| Ubuntu 20.04 | PASS | SKIPPED | SKIPPED | SKIPPED |
+-------------------------------+--------------------+-------------------+------------------+-------------------+
| CentOS Stream 10 | PASS | SKIPPED | SKIPPED | SKIPPED |
+-------------------------------+--------------------+-------------------+------------------+-------------------+
| CentOS Stream 9 | PASS | PASS | SKIPPED | SKIPPED |
+-------------------------------+--------------------+-------------------+------------------+-------------------+
| Debian GNU/Linux 12 | PASS | PASS | SKIPPED | SKIPPED |
+-------------------------------+--------------------+-------------------+------------------+-------------------+
| Fedora Linux 40 | PASS | PASS | SKIPPED | SKIPPED |
+-------------------------------+--------------------+-------------------+------------------+-------------------+
| FreeBSD 14.2 | PASS | SKIPPED | SKIPPED | SKIPPED |
+-------------------------------+--------------------+-------------------+------------------+-------------------+
| Fedora Linux 41 | PASS | PASS | WARN | SKIPPED |
+-------------------------------+--------------------+-------------------+------------------+-------------------+
| Red Hat Enterprise Linux 8.10 | PASS | SKIPPED | SKIPPED | SKIPPED |
+-------------------------------+--------------------+-------------------+------------------+-------------------+
| Ubuntu 22.04 | PASS | PASS | SKIPPED | SKIPPED |
+-------------------------------+--------------------+-------------------+------------------+-------------------+
| Red Hat Enterprise Linux 9.5 | PASS | SKIPPED | SKIPPED | SKIPPED |
+-------------------------------+--------------------+-------------------+------------------+-------------------+
| openSUSE Leap 15.6 | PASS | SKIPPED | SKIPPED | SKIPPED |
+-------------------------------+--------------------+-------------------+------------------+-------------------+
| Ubuntu 24.04 | PASS | PASS | WARN | SKIPPED |
+-------------------------------+--------------------+-------------------+------------------+-------------------+
| Alpine Linux 3.22.0 | PASS | SKIPPED | SKIPPED | SKIPPED |
+-------------------------------+--------------------+-------------------+------------------+-------------------+
| Windows Server 2022 | SKIPPED | SKIPPED | SKIPPED | FAIL |
+-------------------------------+--------------------+-------------------+------------------+-------------------+
==== 20 line log output for Windows Server 2022 (dpdk_msvc_compile): ====
\0"\0c\0l\0"\0 \0"\0-\0I\0l\0i\0b\0\\0l\0i\0b\0r\0t\0e\0_\0e\0t\0h\0d\0e\0v\0.\0a\0.\0p\0"\0 \0"\0-\0I\0l\0i\0b\0"\0 \0"\0-\0I\0.\0.\0\\0l\0i\0b\0"\0 \0"\0-\0I\0l\0i\0b\0\\0e\0t\0h\0d\0e\0v\0"\0 \0"\0-\0I\0.\0.\0\\0l\0i\0b\0\\0e\0t\0h\0d\0e\0v\0"\0 \0"\0-\0I\0l\0i\0b\0\\0e\0a\0l\0\\0c\0o\0m\0m\0o\0n\0"\0 \0"\0-\0I\0.\0.\0\\0l\0i\0b\0\\0e\0a\0l\0\\0c\0o\0m\0m\0o\0n\0"\0 \0"\0-\0I\0.\0"\0 \0"\0-\0I\0.\0.\0"\0 \0"\0-\0I\0c\0o\0n\0f\0i\0g\0"\0 \0"\0-\0I\0.\0.\0\\0c\0o\0n\0f\0i\0g\0"\0 \0"\0-\0I\0l\0i\0b\0\\0e\0a\0l\0\\0i\0n\0c\0l\0u\0d\0e\0"\0 \0"\0-\0I\0.\0.\0\\0l\0i\0b\0\\0e\0a\0l\0\\0i\0n\0c\0l\0u\0d\0e\0"\0 \0"\0-\0I\0l\0i\0b\0\\0e\0a\0l\0\\0w\0i\0n\0d\0o\0w\0s\0\\0i\0n\0c\0l\0u\0d\0e\0"\0 \0"\0-\0I\0.\0.\0\\0l\0i\0b\0\\0e\0a\0l\0\\0w\0i\0n\0d\0o\0w\0s\0\\0i\0n\0c\0l\0u\0d\0e\0"\0 \0"\0-\0I\0l\0i\0b\0\\0e\0a\0l\0\\0x\08\06\0\\0i\0n\0c\0l\0u\0d\0e\0"\0 \0"\0-\0I\0.\0.\0\\0l\0i\0b\0\\0e\0a\0l\0\\0x\08\06\0\\0i\0n\0c\0l\0u\0d\0e\0"\0 \0"\0-\0I\0l\0i\0b\0\\0e\0a\0l\0"\0 \0"\0-\0I\0.\0.\0\\0l\0i\0b\0\\0e\0a\0l\0"\0 \0"\0-\0I\0l\0i\0b\0\\0l\0o\0g\0"\0 \0"\0-\0I\0.\0.\0\\0l\0i\0b\0\\0l\0o\0g\0"\0 \0"\0-\0I\0l\0i\0b\0\\0k\0v\0a\0r\0g\0s\0"\0 \0"\0-\0I\0.\0.\0\\0l\0i\0b\0\\0k\0v\0a\0r\0g\0s\0"\0 \0"\0-\0I\0l\0i\0b\0\\0n\0e\0t\0"\0 \0"\0-\0I\0.\0.\0\\0l\0i\0b\0\\0n\0e\0t\0"\0 \0"\0-\0I\0l\0i\0b\0\\0m\0b\0u\0f\0"\0 \0"\0-\0I\0.\0.\0\\0l\0i\0b\0\\0m\0b\0u\0f\0"\0 \0"\0-\0I\0l\0i\0b\0\\0m\0e\0m\0p\0o\0o\0l\0"\0 \0"\0-\0I\0.\0.\0\\0l\0i\0b\0\\0m\0e\0m\0p\0o\0o\0l\0"\0 \0"\0-\0I\0l\0i\0b
\0\\0r\0i\0n\0g\0"\0 \0"\0-\0I\0.\0.\0\\0l\0i\0b\0\\0r\0i\0n\0g\0"\0 \0"\0-\0I\0l\0i\0b\0\\0m\0e\0t\0r\0i\0c\0s\0"\0 \0"\0-\0I\0.\0.\0\\0l\0i\0b\0\\0m\0e\0t\0r\0i\0c\0s\0"\0 \0"\0-\0I\0l\0i\0b\0\\0t\0e\0l\0e\0m\0e\0t\0r\0y\0"\0 \0"\0-\0I\0.\0.\0\\0l\0i\0b\0\\0t\0e\0l\0e\0m\0e\0t\0r\0y\0"\0 \0"\0-\0I\0l\0i\0b\0\\0m\0e\0t\0e\0r\0"\0 \0"\0-\0I\0.\0.\0\\0l\0i\0b\0\\0m\0e\0t\0e\0r\0"\0 \0"\0-\0I\0C\0:\0\\0P\0r\0o\0g\0r\0a\0m\0 \0F\0i\0l\0e\0s\0\\0M\0e\0l\0l\0a\0n\0o\0x\0\\0M\0L\0N\0X\0_\0W\0i\0n\0O\0F\02\0_\0D\0e\0v\0X\0_\0S\0D\0K\0\\0i\0n\0c\0"\0 \0"\0/\0M\0D\0"\0 \0"\0/\0n\0o\0l\0o\0g\0o\0"\0 \0"\0/\0s\0h\0o\0w\0I\0n\0c\0l\0u\0d\0e\0s\0"\0 \0"\0/\0u\0t\0f\0-\08\0"\0 \0"\0/\0W\03\0"\0 \0"\0/\0W\0X\0"\0 \0"\0/\0s\0t\0d\0:\0c\01\01\0"\0 \0"\0/\0O\02\0"\0 \0"\0/\0G\0w\0"\0 \0"\0/\0w\0d\04\02\04\04\0"\0 \0"\0/\0w\0d\04\02\06\07\0"\0 \0"\0/\0w\0d\04\01\04\06\0"\0 \0"\0/\0e\0x\0p\0e\0r\0i\0m\0e\0n\0t\0a\0l\0:\0c\01\01\0a\0t\0o\0m\0i\0c\0s\0"\0 \0"\0/\0d\01\0e\0x\0p\0e\0r\0i\0m\0e\0n\0t\0a\0l\0:\0t\0y\0p\0e\0o\0f\0"\0 \0"\0/\0e\0x\0p\0e\0r\0i\0m\0e\0n\0t\0a\0l\0:\0s\0t\0a\0t\0e\0m\0e\0n\0t\0E\0x\0p\0r\0e\0s\0s\0i\0o\0n\0s\0"\0 \0"\0/\0F\0I\0"\0 \0"\0r\0t\0e\0_\0c\0o\0n\0f\0i\0g\0.\0h\0"\0 \0"\0-\0D\0_\0G\0N\0U\0_\0S\0O\0U\0R\0C\0E\0"\0 \0"\0-\0D\0_\0W\0I\0N\03\02\0_\0W\0I\0N\0N\0T\0=\00\0x\00\0A\00\00\0"\0 \0"\0-\0D\0A\0L\0L\0O\0W\0_\0E\0X\0P\0E\0R\0I\0M\0E\0N\0T\0A\0L\0_\0A\0P\0I\0"\0 \0"\0-\0D\0A\0L\0L\0O\0W\0_\0I\0N\0T\0E\0R\0N\0A\0L\0_\0A\0P\0I\0"\0 \0"\0-\0D\0R\0T\0E\0_\0L\0O\0
G\0_\0D\0E\0F\0A\0U\0L\0T\0_\0L\0O\0G\0T\0Y\0P\0E\0=\0l\0i\0b\0.\0e\0t\0h\0d\0e\0v\0"\0 \0"\0/\0F\0d\0l\0i\0b\0\\0l\0i\0b\0r\0t\0e\0_\0e\0t\0h\0d\0e\0v\0.\0a\0.\0p\0\\0e\0t\0h\0d\0e\0v\0_\0r\0t\0e\0_\0m\0i\0r\0r\0o\0r\0.\0c\0.\0p\0d\0b\0"\0 \0/\0F\0o\0l\0i\0b\0/\0l\0i\0b\0r\0t\0e\0_\0e\0t\0h\0d\0e\0v\0.\0a\0.\0p\0/\0e\0t\0h\0d\0e\0v\0_\0r\0t\0e\0_\0m\0i\0r\0r\0o\0r\0.\0c\0.\0o\0b\0j\0 \0"\0/\0c\0"\0 \0.\0.\0/\0l\0i\0b\0/\0e\0t\0h\0d\0e\0v\0/\0r\0t\0e\0_\0m\0i\0r\0r\0o\0r\0.\0c\0
\0
\0.\0.\0/\0l\0i\0b\0/\0e\0t\0h\0d\0e\0v\0/\0r\0t\0e\0_\0m\0i\0r\0r\0o\0r\0.\0c\0(\01\02\02\0)\0:\0 \0e\0r\0r\0o\0r\0 \0C\07\07\00\07\0:\0 \0c\0a\0l\0l\0 \0t\0o\0 \0'\0_\0_\0c\01\01\0_\0a\0t\0o\0m\0i\0c\0_\0s\0t\0o\0r\0e\0'\0:\0 \0a\0r\0g\0u\0m\0e\0n\0t\0 \0t\0y\0p\0e\0 \0'\0r\0t\0e\0_\0e\0t\0h\0_\0m\0i\0r\0r\0o\0r\0 \0*\0*\0'\0 \0m\0u\0s\0t\0 \0b\0e\0 \0a\0 \0p\0o\0i\0n\0t\0e\0r\0 \0t\0o\0 \0a\0n\0 \0a\0t\0o\0m\0i\0c\0 \0t\0y\0p\0e\0
\0
\0.\0.\0/\0l\0i\0b\0/\0e\0t\0h\0d\0e\0v\0/\0r\0t\0e\0_\0m\0i\0r\0r\0o\0r\0.\0c\0(\01\09\04\0)\0:\0 \0w\0a\0r\0n\0i\0n\0g\0 \0C\04\00\09\00\0:\0 \0'\0f\0u\0n\0c\0t\0i\0o\0n\0'\0:\0 \0d\0i\0f\0f\0e\0r\0e\0n\0t\0 \0'\0_\0A\0t\0o\0m\0i\0c\0'\0 \0q\0u\0a\0l\0i\0f\0i\0e\0r\0s\0
\0
\0.\0.\0/\0l\0i\0b\0/\0e\0t\0h\0d\0e\0v\0/\0r\0t\0e\0_\0m\0i\0r\0r\0o\0r\0.\0c\0(\01\09\06\0)\0:\0 \0w\0a\0r\0n\0i\0n\0g\0 \0C\04\00\09\00\0:\0 \0'\0f\0u\0n\0c\0t\0i\0o\0n\0'\0:\0 \0d\0i\0f\0f\0e\0r\0e\0n\0t\0 \0'\0_\0A\0t\0o\0m\0i\0c\0'\0 \0q\0u\0a\0l\0i\0f\0i\0e\0r\0s\0
\0
\0.\0.\0/\0l\0i\0b\0/\0e\0t\0h\0d\0e\0v\0/\0r\0t\0e\0_\0m\0i\0r\0r\0o\0r\0.\0c\0(\02\02\04\0)\0:\0 \0e\0r\0r\0o\0r\0 \0C\07\07\00\07\0:\0 \0c\0a\0l\0l\0 \0t\0o\0 \0'\0_\0_\0c\01\01\0_\0a\0t\0o\0m\0i\0c\0_\0s\0t\0o\0r\0e\0'\0:\0 \0a\0r\0g\0u\0m\0e\0n\0t\0 \0t\0y\0p\0e\0 \0'\0r\0t\0e\0_\0e\0t\0h\0_\0m\0i\0r\0r\0o\0r\0 \0*\0*\0'\0 \0m\0u\0s\0t\0 \0b\0e\0 \0a\0 \0p\0o\0i\0n\0t\0e\0r\0 \0t\0o\0 \0a\0n\0 \0a\0t\0o\0m\0i\0c\0 \0t\0y\0p\0e\0
\0
\0.\0.\0/\0l\0i\0b\0/\0e\0t\0h\0d\0e\0v\0/\0r\0t\0e\0_\0m\0i\0r\0r\0o\0r\0.\0c\0(\02\05\03\0)\0:\0 \0w\0a\0r\0n\0i\0n\0g\0 \0C\04\00\09\00\0:\0 \0'\0f\0u\0n\0c\0t\0i\0o\0n\0'\0:\0 \0d\0i\0f\0f\0e\0r\0e\0n\0t\0 \0'\0_\0A\0t\0o\0m\0i\0c\0'\0 \0q\0u\0a\0l\0i\0f\0i\0e\0r\0s\0
\0
\0.\0.\0/\0l\0i\0b\0/\0e\0t\0h\0d\0e\0v\0/\0r\0t\0e\0_\0m\0i\0r\0r\0o\0r\0.\0c\0(\02\05\04\0)\0:\0 \0w\0a\0r\0n\0i\0n\0g\0 \0C\04\00\09\00\0:\0 \0'\0f\0u\0n\0c\0t\0i\0o\0n\0'\0:\0 \0d\0i\0f\0f\0e\0r\0e\0n\0t\0 \0'\0_\0A\0t\0o\0m\0i\0c\0'\0 \0q\0u\0a\0l\0i\0f\0i\0e\0r\0s\0
\0
\0[\01\06\08\0/\04\05\04\0]\0 \0G\0e\0n\0e\0r\0a\0t\0i\0n\0g\0 \0s\0y\0m\0b\0o\0l\0 \0f\0i\0l\0e\0 \0l\0i\0b\0/\0r\0t\0e\0_\0m\0e\0t\0e\0r\0-\02\05\0.\0d\0l\0l\0.\0p\0/\0r\0t\0e\0_\0m\0e\0t\0e\0r\0-\02\05\0.\0d\0l\0l\0.\0s\0y\0m\0b\0o\0l\0s\0
\0
\0[\01\06\09\0/\04\05\04\0]\0 \0C\0o\0m\0p\0i\0l\0i\0n\0g\0 \0C\0 \0o\0b\0j\0e\0c\0t\0 \0l\0i\0b\0/\0l\0i\0b\0r\0t\0e\0_\0e\0t\0h\0d\0e\0v\0.\0a\0.\0p\0/\0e\0t\0h\0d\0e\0v\0_\0e\0t\0h\0d\0e\0v\0_\0p\0r\0o\0f\0i\0l\0e\0.\0c\0.\0o\0b\0j\0
\0
\0[\01\07\00\0/\04\05\04\0]\0 \0C\0o\0m\0p\0i\0l\0i\0n\0g\0 \0C\0 \0o\0b\0j\0e\0c\0t\0 \0l\0i\0b\0/\0l\0i\0b\0r\0t\0e\0_\0e\0t\0h\0d\0e\0v\0.\0a\0.\0p\0/\0e\0t\0h\0d\0e\0v\0_\0e\0t\0h\0d\0e\0v\0_\0t\0r\0a\0c\0e\0_\0p\0o\0i\0n\0t\0s\0.\0c\0.\0o\0b\0j\0
\0
\0[\01\07\01\0/\04\05\04\0]\0 \0G\0e\0n\0e\0r\0a\0t\0i\0n\0g\0 \0s\0y\0m\0b\0o\0l\0 \0f\0i\0l\0e\0 \0l\0i\0b\0/\0r\0t\0e\0_\0m\0b\0u\0f\0-\02\05\0.\0d\0l\0l\0.\0p\0/\0r\0t\0e\0_\0m\0b\0u\0f\0-\02\05\0.\0d\0l\0l\0.\0s\0y\0m\0b\0o\0l\0s\0
\0
\0[\01\07\02\0/\04\05\04\0]\0 \0C\0o\0m\0p\0i\0l\0i\0n\0g\0 \0C\0 \0o\0b\0j\0e\0c\0t\0 \0l\0i\0b\0/\0l\0i\0b\0r\0t\0e\0_\0e\0t\0h\0d\0e\0v\0.\0a\0.\0p\0/\0e\0t\0h\0d\0e\0v\0_\0r\0t\0e\0_\0c\0l\0a\0s\0s\0_\0e\0t\0h\0.\0c\0.\0o\0b\0j\0
\0
\0[\01\07\03\0/\04\05\04\0]\0 \0C\0o\0m\0p\0i\0l\0i\0n\0g\0 \0C\0 \0o\0b\0j\0e\0c\0t\0 \0l\0i\0b\0/\0l\0i\0b\0r\0t\0e\0_\0e\0t\0h\0d\0e\0v\0.\0a\0.\0p\0/\0e\0t\0h\0d\0e\0v\0_\0r\0t\0e\0_\0e\0t\0h\0d\0e\0v\0_\0c\0m\0a\0n\0.\0c\0.\0o\0b\0j\0
\0
\0[\01\07\04\0/\04\05\04\0]\0 \0C\0o\0m\0p\0i\0l\0i\0n\0g\0 \0C\0 \0o\0b\0j\0e\0c\0t\0 \0l\0i\0b\0/\0l\0i\0b\0r\0t\0e\0_\0e\0t\0h\0d\0e\0v\0.\0a\0.\0p\0/\0e\0t\0h\0d\0e\0v\0_\0r\0t\0e\0_\0e\0t\0h\0d\0e\0v\0_\0t\0e\0l\0e\0m\0e\0t\0r\0y\0.\0c\0.\0o\0b\0j\0
\0
\0[\01\07\05\0/\04\05\04\0]\0 \0C\0o\0m\0p\0i\0l\0i\0n\0g\0 \0C\0 \0o\0b\0j\0e\0c\0t\0 \0l\0i\0b\0/\0l\0i\0b\0r\0t\0e\0_\0e\0t\0h\0d\0e\0v\0.\0a\0.\0p\0/\0e\0t\0h\0d\0e\0v\0_\0r\0t\0e\0_\0f\0l\0o\0w\0.\0c\0.\0o\0b\0j\0
\0
\0[\01\07\06\0/\04\05\04\0]\0 \0C\0o\0m\0p\0i\0l\0i\0n\0g\0 \0C\0 \0o\0b\0j\0e\0c\0t\0 \0l\0i\0b\0/\0l\0i\0b\0r\0t\0e\0_\0e\0t\0h\0d\0e\0v\0.\0a\0.\0p\0/\0e\0t\0h\0d\0e\0v\0_\0r\0t\0e\0_\0e\0t\0h\0d\0e\0v\0.\0c\0.\0o\0b\0j\0
\0
\0n\0i\0n\0j\0a\0:\0 \0b\0u\0i\0l\0d\0 \0s\0t\0o\0p\0p\0e\0d\0:\0 \0s\0u\0b\0c\0o\0m\0m\0a\0n\0d\0 \0f\0a\0i\0l\0e\0d\0.\0
\0
\0I\0N\0F\0O\0:\0 \0a\0u\0t\0o\0d\0e\0t\0e\0c\0t\0i\0n\0g\0 \0b\0a\0c\0k\0e\0n\0d\0 \0a\0s\0 \0n\0i\0n\0j\0a\0
\0
\0I\0N\0F\0O\0:\0 \0c\0a\0l\0c\0u\0l\0a\0t\0i\0n\0g\0 \0b\0a\0c\0k\0e\0n\0d\0 \0c\0o\0m\0m\0a\0n\0d\0 \0t\0o\0 \0r\0u\0n\0:\0 \0"\0C\0:\0\\0P\0r\0o\0g\0r\0a\0m\0 \0F\0i\0l\0e\0s\0\\0M\0e\0s\0o\0n\0\\0n\0i\0n\0j\0a\0.\0E\0X\0E\0"\0 \0-\0C\0 \0C\0:\0/\0U\0s\0e\0r\0s\0/\0b\0u\0i\0l\0d\0e\0r\0/\0j\0e\0n\0k\0i\0n\0s\0/\0w\0o\0r\0k\0s\0p\0a\0c\0e\0/\0W\0i\0n\0d\0o\0w\0s\0-\0C\0o\0m\0p\0i\0l\0e\0-\0D\0P\0D\0K\0-\0V\0S\0/\0d\0p\0d\0k\0/\0b\0u\0i\0l\0d\0
\0
\0
==== End log output ====
Ubuntu 20.04
Kernel: 4.19
Compiler: gcc gcc (Ubuntu 9.4.0-1ubuntu1~20.04.2) 9.4.0
CentOS Stream 10
Kernel: 5.15
Compiler: gcc gcc (GCC) 14.2.1 20250110 (Red Hat 14.2.1-8)
CentOS Stream 9
Kernel: 5.15
Compiler: gcc gcc (GCC) 11.5.0 20240719 (Red Hat 11.5.0-7)
Debian GNU/Linux 12
Kernel: 5.15
Compiler: gcc gcc (Debian 12.2.0-14+deb12u1) 12.2.0
Fedora Linux 40
Kernel: 5.15
Compiler: clang gcc (GCC) 14.2.1 20240912 (Red Hat 14.2.1-3)
FreeBSD 14.2
Kernel: 14.2-RELEASE
Compiler: clang 18.1.6
Fedora Linux 41
Kernel: 5.15
Compiler: clang gcc (GCC) 14.3.1 20250523 (Red Hat 14.3.1-1)
Red Hat Enterprise Linux 8.10
Kernel: 5.15
Compiler: gcc gcc (GCC) 8.5.0 20210514 (Red Hat 8.5.0-22)
Ubuntu 22.04
Kernel: 5.15
Compiler: gcc gcc (Ubuntu 11.4.0-1ubuntu1~22.04) 11.4.0
Red Hat Enterprise Linux 9.5
Kernel: 5.15
Compiler: gcc gcc (GCC) 11.5.0 20240719 (Red Hat 11.5.0-2)
openSUSE Leap 15.6
Kernel: 5.15
Compiler: gcc gcc (SUSE Linux) 7.5.0
Ubuntu 24.04
Kernel: 5.15
Compiler: gcc gcc (Ubuntu 13.3.0-6ubuntu2~24.04) 13.3.0
Alpine Linux 3.22.0
Kernel: 5.15
Compiler: gcc gcc (Alpine 14.2.0) 14.2.0
Windows Server 2022
Kernel: 10.0.20348.2031
Compiler: clang 15.0.7, gcc 14.1.0 (MinGW), and MSVC VS 19.39.33521
To view detailed results, visit:
https://lab.dpdk.org/results/dashboard/patchsets/33629/
UNH-IOL DPDK Community Lab
To manage your email subscriptions, visit:
https://lab.dpdk.org/results/dashboard/preferences/subscriptions/
^ permalink raw reply [flat|nested] 13+ messages in thread
end of thread, other threads:[~2025-07-10 1:04 UTC | newest]
Thread overview: 13+ messages (download: mbox.gz / follow: Atom feed)
-- links below jump to the message on this page --
[not found] <20250709173611.6390-13-stephen@networkplumber.org>
2025-07-09 17:03 ` |SUCCESS| pw155110-155121 [RFC v2 12/12] pdump: mark API and application as deprecated qemudev
2025-07-09 17:08 ` |FAILURE| " qemudev
2025-07-09 17:36 ` |SUCCESS| pw155121 " checkpatch
2025-07-09 18:24 ` |FAILURE| " 0-day Robot
2025-07-09 23:10 ` |SUCCESS| pw155110-155121 [PATCH] [RFC,v2,12/12] pdump: mark API and dpdklab
2025-07-09 23:11 ` dpdklab
2025-07-09 23:31 ` dpdklab
2025-07-09 23:43 ` dpdklab
2025-07-10 0:19 ` |WARNING| " dpdklab
2025-07-10 0:27 ` |FAILURE| " dpdklab
2025-07-10 0:46 ` dpdklab
2025-07-10 1:01 ` dpdklab
2025-07-10 1:04 ` dpdklab
This is a public inbox, see mirroring instructions
for how to clone and mirror all data and code used for this inbox;
as well as URLs for NNTP newsgroup(s).