From: dpdklab@iol.unh.edu
To: Test Report <test-report@dpdk.org>
Cc: dpdk-test-reports@iol.unh.edu,
Stephen Hemminger <stephen@networkplumber.org>
Subject: |FAILURE| pw155110-155121 [PATCH] [RFC,v2,12/12] pdump: mark API and
Date: Wed, 09 Jul 2025 17:27:43 -0700 (PDT) [thread overview]
Message-ID: <686f08ff.050a0220.747f9.0d41SMTPIN_ADDED_MISSING@mx.google.com> (raw)
In-Reply-To: <20250709173611.6390-13-stephen@networkplumber.org>
Test-Label: iol-compile-arm64-testing
Test-Status: FAILURE
http://dpdk.org/patch/155121
_Testing issues_
Submitter: Stephen Hemminger <stephen@networkplumber.org>
Date: Wednesday, July 09 2025 17:33:38
DPDK git baseline: Repo:dpdk
Branch: master
CommitID:9fe9c0b231c8da5435bfccb1963121b4277f961c
155110-155121 --> testing issues
Upstream job id: Generic-DPDK-Compile-Meson#407549
Test environment and result as below:
+------------------------------+--------------------+
| Environment | dpdk_meson_compile |
+==============================+====================+
| Ubuntu 20.04 | FAIL |
+------------------------------+--------------------+
| Red Hat Enterprise Linux 9.5 | FAIL |
+------------------------------+--------------------+
| Debian GNU/Linux 12 | FAIL |
+------------------------------+--------------------+
| Fedora Linux 40 | FAIL |
+------------------------------+--------------------+
| Fedora Linux 41 | FAIL |
+------------------------------+--------------------+
| Ubuntu 22.04 | FAIL |
+------------------------------+--------------------+
| Ubuntu 24.04 | FAIL |
+------------------------------+--------------------+
| CentOS Stream 9 | FAIL |
+------------------------------+--------------------+
| CentOS Stream 10 | FAIL |
+------------------------------+--------------------+
==== 20 line log output for CentOS Stream 10 (dpdk_meson_compile): ====
[162/3764] Linking target lib/librte_meter.so.25.2
[163/3764] Generating symbol file lib/librte_meter.so.25.2.p/librte_meter.so.25.2.symbols
[164/3764] Compiling C object lib/librte_ethdev.a.p/ethdev_ethdev_driver.c.o
[165/3764] Compiling C object lib/librte_ethdev.a.p/ethdev_ethdev_private.c.o
FAILED: lib/librte_ethdev.a.p/ethdev_ethdev_private.c.o
ccache cc -Ilib/librte_ethdev.a.p -Ilib -I../lib -Ilib/ethdev -I../lib/ethdev -Ilib/eal/common -I../lib/eal/common -I. -I.. -Iconfig -I../config -Ilib/eal/include -I../lib/eal/include -Ilib/eal/linux/include -I../lib/eal/linux/include -Ilib/eal/arm/include -I../lib/eal/arm/include -I../kernel/linux -Ilib/eal -I../lib/eal -Ilib/kvargs -I../lib/kvargs -Ilib/log -I../lib/log -Ilib/metrics -I../lib/metrics -Ilib/telemetry -I../lib/telemetry -Ilib/net -I../lib/net -Ilib/mbuf -I../lib/mbuf -Ilib/mempool -I../lib/mempool -Ilib/ring -I../lib/ring -Ilib/meter -I../lib/meter -fdiagnostics-color=always -pipe -D_FILE_OFFSET_BITS=64 -Wall -Winvalid-pch -Wextra -Werror -std=c11 -O3 -include rte_config.h -Wvla -Wcast-qual -Wdeprecated -Wformat -Wformat-nonliteral -Wformat-security -Wmissing-declarations -Wmissing-prototypes -Wnested-externs -Wold-style-definition -Wpointer-arith -Wsign-compare -Wstrict-prototypes -Wundef -Wwrite-strings -Wno-packed-not-aligned -Wno-missing-field-initializers -D_GNU
_SOURCE -fPIC -march=armv8.1-a+crc+crypto -DALLOW_EXPERIMENTAL_API -DALLOW_INTERNAL_API -Wno-format-truncation -DRTE_LOG_DEFAULT_LOGTYPE=lib.ethdev -MD -MQ lib/librte_ethdev.a.p/ethdev_ethdev_private.c.o -MF lib/librte_ethdev.a.p/ethdev_ethdev_private.c.o.d -o lib/librte_ethdev.a.p/ethdev_ethdev_private.c.o -c ../lib/ethdev/ethdev_private.c
../lib/ethdev/ethdev_private.c: In function 'ethdev_request':
../lib/ethdev/ethdev_private.c:605:17: error: implicit declaration of function 'free' [-Wimplicit-function-declaration]
605 | free(mp_reply.msgs);
| ^~~~
../lib/ethdev/ethdev_private.c:14:1: note: include '<stdlib.h>' or provide a declaration of 'free'
13 | #include "ethdev_private.h"
+++ |+#include <stdlib.h>
14 |
../lib/ethdev/ethdev_private.c:605:17: error: incompatible implicit declaration of built-in function 'free' [-Werror=builtin-declaration-mismatch]
605 | free(mp_reply.msgs);
| ^~~~
../lib/ethdev/ethdev_private.c:605:17: note: include '<stdlib.h>' or provide a declaration of 'free'
cc1: all warnings being treated as errors
ninja: build stopped: subcommand failed.
==== End log output ====
Ubuntu 20.04
Kernel: 5.15
Compiler: aarch64-linux-gnu-gcc gcc (Ubuntu 9.4.0-1ubuntu1~20.04.2) 9.4.0
Red Hat Enterprise Linux 9.5
Kernel: 5.4
Compiler: gcc gcc (GCC) 11.5.0 20240719 (Red Hat 11.5.0-2)
Debian GNU/Linux 12
Kernel: 5.4
Compiler: gcc gcc (Debian 12.2.0-14+deb12u1) 12.2.0
Fedora Linux 40
Kernel: 5.4
Compiler: gcc gcc (GCC) 14.2.1 20240912 (Red Hat 14.2.1-3)
Fedora Linux 41
Kernel: 5.4
Compiler: clang gcc (GCC) 14.3.1 20250523 (Red Hat 14.3.1-1)
Ubuntu 22.04
Kernel: 5.4
Compiler: gcc gcc (Ubuntu 11.4.0-1ubuntu1~22.04) 11.4.0
Ubuntu 24.04
Kernel: 5.4
Compiler: gcc gcc (Ubuntu 13.3.0-6ubuntu2~24.04) 13.3.0
CentOS Stream 9
Kernel: 5.4
Compiler: gcc gcc (GCC) 11.5.0 20240719 (Red Hat 11.5.0-7)
CentOS Stream 10
Kernel: 5.4
Compiler: gcc gcc (GCC) 14.2.1 20250110 (Red Hat 14.2.1-8)
To view detailed results, visit:
https://lab.dpdk.org/results/dashboard/patchsets/33629/
UNH-IOL DPDK Community Lab
To manage your email subscriptions, visit:
https://lab.dpdk.org/results/dashboard/preferences/subscriptions/
next prev parent reply other threads:[~2025-07-10 0:27 UTC|newest]
Thread overview: 15+ messages / expand[flat|nested] mbox.gz Atom feed top
[not found] <20250709173611.6390-13-stephen@networkplumber.org>
2025-07-09 17:03 ` |SUCCESS| pw155110-155121 [RFC v2 12/12] pdump: mark API and application as deprecated qemudev
2025-07-09 17:08 ` |FAILURE| " qemudev
2025-07-09 17:36 ` |SUCCESS| pw155121 " checkpatch
2025-07-09 18:24 ` |FAILURE| " 0-day Robot
2025-07-09 23:10 ` |SUCCESS| pw155110-155121 [PATCH] [RFC,v2,12/12] pdump: mark API and dpdklab
2025-07-09 23:11 ` dpdklab
2025-07-09 23:31 ` dpdklab
2025-07-09 23:43 ` dpdklab
2025-07-10 0:19 ` |WARNING| " dpdklab
2025-07-10 0:27 ` dpdklab [this message]
2025-07-10 0:46 ` |FAILURE| " dpdklab
2025-07-10 1:01 ` dpdklab
2025-07-10 1:04 ` dpdklab
2025-07-10 6:22 ` dpdklab
2025-07-10 6:36 ` dpdklab
Reply instructions:
You may reply publicly to this message via plain-text email
using any one of the following methods:
* Save the following mbox file, import it into your mail client,
and reply-to-all from there: mbox
Avoid top-posting and favor interleaved quoting:
https://en.wikipedia.org/wiki/Posting_style#Interleaved_style
* Reply using the --to, --cc, and --in-reply-to
switches of git-send-email(1):
git send-email \
--in-reply-to=686f08ff.050a0220.747f9.0d41SMTPIN_ADDED_MISSING@mx.google.com \
--to=dpdklab@iol.unh.edu \
--cc=dpdk-test-reports@iol.unh.edu \
--cc=stephen@networkplumber.org \
--cc=test-report@dpdk.org \
/path/to/YOUR_REPLY
https://kernel.org/pub/software/scm/git/docs/git-send-email.html
* If your mail client supports setting the In-Reply-To header
via mailto: links, try the mailto: link
Be sure your reply has a Subject: header at the top and a blank line
before the message body.
This is a public inbox, see mirroring instructions
for how to clone and mirror all data and code used for this inbox;
as well as URLs for NNTP newsgroup(s).