From mboxrd@z Thu Jan 1 00:00:00 1970 Return-Path: Received: from mails.dpdk.org (mails.dpdk.org [217.70.189.124]) by inbox.dpdk.org (Postfix) with ESMTP id 7F12C46A87 for ; Thu, 10 Jul 2025 02:27:45 +0200 (CEST) Received: from mails.dpdk.org (localhost [127.0.0.1]) by mails.dpdk.org (Postfix) with ESMTP id 754D2402D1; Thu, 10 Jul 2025 02:27:45 +0200 (CEST) Received: from mail-qv1-f100.google.com (mail-qv1-f100.google.com [209.85.219.100]) by mails.dpdk.org (Postfix) with ESMTP id 2B48C402D1 for ; Thu, 10 Jul 2025 02:27:44 +0200 (CEST) Received: by mail-qv1-f100.google.com with SMTP id 6a1803df08f44-6facc3b9559so6436086d6.0 for ; Wed, 09 Jul 2025 17:27:44 -0700 (PDT) DKIM-Signature: v=1; a=rsa-sha256; c=relaxed/relaxed; d=iol.unh.edu; s=unh-iol; t=1752107263; x=1752712063; darn=dpdk.org; h=references:in-reply-to:cc:to:from:subject:message-id:date:from:to :cc:subject:date:message-id:reply-to; bh=3/lzt44OjtUJ6EXgi++510OKU7kFZtyo8z1+pQBxMNc=; b=IaOTHwUAqC9Zxu5HmWf+h0qKigydA/xmQMPuDck94X4RxYM+ZAQB3Gf1dQOkN3gN9A lYmbngrUfodotJbTHBJE0GrW6aBu8mFaBktKwrbbjrEEuJMyfv+Bs6ceuSF3YCG5gC0b 9KI+gL3ydsUzynbSACMRfEUU7u/1cdTbJbcBA= X-Google-DKIM-Signature: v=1; a=rsa-sha256; c=relaxed/relaxed; d=1e100.net; s=20230601; t=1752107263; x=1752712063; h=references:in-reply-to:cc:to:from:subject:message-id:date :x-gm-message-state:from:to:cc:subject:date:message-id:reply-to; bh=3/lzt44OjtUJ6EXgi++510OKU7kFZtyo8z1+pQBxMNc=; b=TL1+iI+FFSrfbI+mE/iwrrokFKDOlGKxITP5Z3HkqUrRTRVP6U/1v2xHAIq0jUyKDm Kr5/6zPHKfow2snseHyWMnP7vv5lxfa2ZIR6NPr2FJKNm9S4urySQ/Z0dfLQDCkQcGys gSvuMRmTLkQ21T4JyiMroDJvecKAHXJTumJL0t3Oduz9njDrFpAWJfDtvQzl1It4ZKXh 1VIyf9Z3jOCWBh/ygsQpxaB1TnPBQRhR73Ye53URzxoJJ2xDHsO/R5B29XZAiGdejivQ r95QLzuMB3VAXajXws0TqZxokgSn2Ye7Y6tJUO+JW06+1wyeFIqcZnp+Hz9D0+1vaQJK V+Jg== X-Gm-Message-State: AOJu0Yz7IgluBx+3DOe/W9wIG74BNmnT0M7Ay4v9MNmN3jBcmCfDwgBp iGKmuLdDLueXvw3lvF69oUoikppBJiWPtNYXREAyO86+9TEv21MIFIkC/KSV26rWrWma4Bx9QD6 2a7saOp035pgqzVFZ1tA9YBozINePBICzxKYPmJvPljMm9CZne5g+3Wd0OCax X-Gm-Gg: ASbGncs1byRd1tY8Hj2MMhb7olEeW33CJyoBw8bSZ4RxonUj8fYNyOJt+7KaySZ6ud3 5VKlxfEMVGxkat3QMNAEw3/1xGpvsrWjaLI4GcDNohJcCFpMplgprHW1QQ3S8D94bQMHTq0hTfz JmGoPmKzz4dI0vP+4+/2+2ESaPp8sTLdGP70xZWlojjX7+q6P9NYKctKlFSU0xmn0YeLZJHQzXN o2umQPFkeLbkgwyfWE56o3K5gzhDg/cga3s6Pe7sqHGLmyakpI+5sz+ifsMlOqREx20wmVs3icW kqWv2o+8zM4CtugXjgoWdwlUg8BJc22Fxhodplt73ZamfU8= X-Google-Smtp-Source: AGHT+IHlwuxNFOgocNSMT1v8+ZC9wA7DwXdLOyTUpgVdWDsxG9wwJs4OAzxVg94ul+nu1BLO4zLZmiqz8CVm X-Received: by 2002:a05:6214:440f:b0:702:bb80:a828 with SMTP id 6a1803df08f44-7049811328fmr8409586d6.24.1752107263415; Wed, 09 Jul 2025 17:27:43 -0700 (PDT) Received: from postal.iol.unh.edu (postal.iol.unh.edu. [2606:4100:3880:1234::84]) by smtp-relay.gmail.com with ESMTPS id 6a1803df08f44-70497d35c51sm149126d6.44.2025.07.09.17.27.43 (version=TLS1_2 cipher=ECDHE-ECDSA-AES128-GCM-SHA256 bits=128/128); Wed, 09 Jul 2025 17:27:43 -0700 (PDT) X-Relaying-Domain: iol.unh.edu Date: Wed, 09 Jul 2025 17:27:43 -0700 (PDT) Message-ID: <686f08ff.050a0220.747f9.0d41SMTPIN_ADDED_MISSING@mx.google.com> Received: from [172.21.0.5] (unknown [172.18.0.240]) by postal.iol.unh.edu (Postfix) with ESMTP id 259E06051830; Wed, 9 Jul 2025 20:27:43 -0400 (EDT) Subject: |FAILURE| pw155110-155121 [PATCH] [RFC,v2,12/12] pdump: mark API and From: dpdklab@iol.unh.edu To: Test Report Cc: dpdk-test-reports@iol.unh.edu, Stephen Hemminger In-Reply-To: <20250709173611.6390-13-stephen@networkplumber.org> References: <20250709173611.6390-13-stephen@networkplumber.org> Content-Type: text/plain X-BeenThere: test-report@dpdk.org X-Mailman-Version: 2.1.29 Precedence: list List-Id: automatic DPDK test reports List-Unsubscribe: , List-Archive: List-Post: List-Help: List-Subscribe: , Errors-To: test-report-bounces@dpdk.org Test-Label: iol-compile-arm64-testing Test-Status: FAILURE http://dpdk.org/patch/155121 _Testing issues_ Submitter: Stephen Hemminger Date: Wednesday, July 09 2025 17:33:38 DPDK git baseline: Repo:dpdk Branch: master CommitID:9fe9c0b231c8da5435bfccb1963121b4277f961c 155110-155121 --> testing issues Upstream job id: Generic-DPDK-Compile-Meson#407549 Test environment and result as below: +------------------------------+--------------------+ | Environment | dpdk_meson_compile | +==============================+====================+ | Ubuntu 20.04 | FAIL | +------------------------------+--------------------+ | Red Hat Enterprise Linux 9.5 | FAIL | +------------------------------+--------------------+ | Debian GNU/Linux 12 | FAIL | +------------------------------+--------------------+ | Fedora Linux 40 | FAIL | +------------------------------+--------------------+ | Fedora Linux 41 | FAIL | +------------------------------+--------------------+ | Ubuntu 22.04 | FAIL | +------------------------------+--------------------+ | Ubuntu 24.04 | FAIL | +------------------------------+--------------------+ | CentOS Stream 9 | FAIL | +------------------------------+--------------------+ | CentOS Stream 10 | FAIL | +------------------------------+--------------------+ ==== 20 line log output for CentOS Stream 10 (dpdk_meson_compile): ==== [162/3764] Linking target lib/librte_meter.so.25.2 [163/3764] Generating symbol file lib/librte_meter.so.25.2.p/librte_meter.so.25.2.symbols [164/3764] Compiling C object lib/librte_ethdev.a.p/ethdev_ethdev_driver.c.o [165/3764] Compiling C object lib/librte_ethdev.a.p/ethdev_ethdev_private.c.o FAILED: lib/librte_ethdev.a.p/ethdev_ethdev_private.c.o ccache cc -Ilib/librte_ethdev.a.p -Ilib -I../lib -Ilib/ethdev -I../lib/ethdev -Ilib/eal/common -I../lib/eal/common -I. -I.. -Iconfig -I../config -Ilib/eal/include -I../lib/eal/include -Ilib/eal/linux/include -I../lib/eal/linux/include -Ilib/eal/arm/include -I../lib/eal/arm/include -I../kernel/linux -Ilib/eal -I../lib/eal -Ilib/kvargs -I../lib/kvargs -Ilib/log -I../lib/log -Ilib/metrics -I../lib/metrics -Ilib/telemetry -I../lib/telemetry -Ilib/net -I../lib/net -Ilib/mbuf -I../lib/mbuf -Ilib/mempool -I../lib/mempool -Ilib/ring -I../lib/ring -Ilib/meter -I../lib/meter -fdiagnostics-color=always -pipe -D_FILE_OFFSET_BITS=64 -Wall -Winvalid-pch -Wextra -Werror -std=c11 -O3 -include rte_config.h -Wvla -Wcast-qual -Wdeprecated -Wformat -Wformat-nonliteral -Wformat-security -Wmissing-declarations -Wmissing-prototypes -Wnested-externs -Wold-style-definition -Wpointer-arith -Wsign-compare -Wstrict-prototypes -Wundef -Wwrite-strings -Wno-packed-not-aligned -Wno-missing-field-initializers -D_GNU _SOURCE -fPIC -march=armv8.1-a+crc+crypto -DALLOW_EXPERIMENTAL_API -DALLOW_INTERNAL_API -Wno-format-truncation -DRTE_LOG_DEFAULT_LOGTYPE=lib.ethdev -MD -MQ lib/librte_ethdev.a.p/ethdev_ethdev_private.c.o -MF lib/librte_ethdev.a.p/ethdev_ethdev_private.c.o.d -o lib/librte_ethdev.a.p/ethdev_ethdev_private.c.o -c ../lib/ethdev/ethdev_private.c ../lib/ethdev/ethdev_private.c: In function 'ethdev_request': ../lib/ethdev/ethdev_private.c:605:17: error: implicit declaration of function 'free' [-Wimplicit-function-declaration] 605 | free(mp_reply.msgs); | ^~~~ ../lib/ethdev/ethdev_private.c:14:1: note: include '' or provide a declaration of 'free' 13 | #include "ethdev_private.h" +++ |+#include 14 | ../lib/ethdev/ethdev_private.c:605:17: error: incompatible implicit declaration of built-in function 'free' [-Werror=builtin-declaration-mismatch] 605 | free(mp_reply.msgs); | ^~~~ ../lib/ethdev/ethdev_private.c:605:17: note: include '' or provide a declaration of 'free' cc1: all warnings being treated as errors ninja: build stopped: subcommand failed. ==== End log output ==== Ubuntu 20.04 Kernel: 5.15 Compiler: aarch64-linux-gnu-gcc gcc (Ubuntu 9.4.0-1ubuntu1~20.04.2) 9.4.0 Red Hat Enterprise Linux 9.5 Kernel: 5.4 Compiler: gcc gcc (GCC) 11.5.0 20240719 (Red Hat 11.5.0-2) Debian GNU/Linux 12 Kernel: 5.4 Compiler: gcc gcc (Debian 12.2.0-14+deb12u1) 12.2.0 Fedora Linux 40 Kernel: 5.4 Compiler: gcc gcc (GCC) 14.2.1 20240912 (Red Hat 14.2.1-3) Fedora Linux 41 Kernel: 5.4 Compiler: clang gcc (GCC) 14.3.1 20250523 (Red Hat 14.3.1-1) Ubuntu 22.04 Kernel: 5.4 Compiler: gcc gcc (Ubuntu 11.4.0-1ubuntu1~22.04) 11.4.0 Ubuntu 24.04 Kernel: 5.4 Compiler: gcc gcc (Ubuntu 13.3.0-6ubuntu2~24.04) 13.3.0 CentOS Stream 9 Kernel: 5.4 Compiler: gcc gcc (GCC) 11.5.0 20240719 (Red Hat 11.5.0-7) CentOS Stream 10 Kernel: 5.4 Compiler: gcc gcc (GCC) 14.2.1 20250110 (Red Hat 14.2.1-8) To view detailed results, visit: https://lab.dpdk.org/results/dashboard/patchsets/33629/ UNH-IOL DPDK Community Lab To manage your email subscriptions, visit: https://lab.dpdk.org/results/dashboard/preferences/subscriptions/