From mboxrd@z Thu Jan 1 00:00:00 1970 Return-Path: Received: from mails.dpdk.org (mails.dpdk.org [217.70.189.124]) by inbox.dpdk.org (Postfix) with ESMTP id 4D16846A87 for ; Thu, 10 Jul 2025 02:46:39 +0200 (CEST) Received: from mails.dpdk.org (localhost [127.0.0.1]) by mails.dpdk.org (Postfix) with ESMTP id 27B12402D1; Thu, 10 Jul 2025 02:46:39 +0200 (CEST) Received: from mail-io1-f98.google.com (mail-io1-f98.google.com [209.85.166.98]) by mails.dpdk.org (Postfix) with ESMTP id 2A7F7402D1 for ; Thu, 10 Jul 2025 02:46:38 +0200 (CEST) Received: by mail-io1-f98.google.com with SMTP id ca18e2360f4ac-86d0c598433so17408239f.3 for ; Wed, 09 Jul 2025 17:46:38 -0700 (PDT) DKIM-Signature: v=1; a=rsa-sha256; c=relaxed/relaxed; d=iol.unh.edu; s=unh-iol; t=1752108397; x=1752713197; darn=dpdk.org; h=references:in-reply-to:cc:to:from:subject:message-id:date:from:to :cc:subject:date:message-id:reply-to; bh=WdTToot+cOHGY3Ug3K7Gx7COC/mR+BFvbYoBlKhZMm0=; b=Dc6rEhAC2/0XC95A0kSbcrfqWOYg2aZ1I7/9Hmj65ovlSmrnQt3kO7fDw7q3fbYO/T WMIc1u4Gvo65PKb0VHBK9fOjF2B5PIFiEhD4mmDdRlgnz5vljSfJ9uX4XF4w+ILAvrTL Xp/VB7ThHPtoIatANKmuH9ia1L5KBUnQ2ZSMI= X-Google-DKIM-Signature: v=1; a=rsa-sha256; c=relaxed/relaxed; d=1e100.net; s=20230601; t=1752108397; x=1752713197; h=references:in-reply-to:cc:to:from:subject:message-id:date :x-gm-message-state:from:to:cc:subject:date:message-id:reply-to; bh=WdTToot+cOHGY3Ug3K7Gx7COC/mR+BFvbYoBlKhZMm0=; b=SZH81M0hag11lbEuM4j2OQdT6XY0FufF1xw5zaEvNCn6y7DdcaHMQeafQYsvYXcpD4 woa3Uj3WNtHsJMl14OFHpOZWQ3/b/nXaM3ZffkTcjUqNWYRYlIprvHWm9WZxKjbi16WB cj14DKjXfmLVgYCiBHy0oa/PdmoJJPvcoCPNAKGZm5F6YstD30FuJxxA5uuSU7iOjd1t q4kQ0U/mrBtw2VdlPg0SvwcT8j6ib0W16NM3fDHO0lKfQkGV/1l8xGjZRFaTynVdLE9a /+ITixQrN1Tkjw3tkB4RpD1zjJFoWWBi6RYLAndKlYY2iL0Iol+Y1EybfKYXzB2UtzP+ /9rg== X-Gm-Message-State: AOJu0Yxx2+RgO1GDgt0gqdQFHp7C/MZToyEA4XL7KHyUryCwaQEFwn39 x2vDS8yjB46oiMtWZYUVNL2XHq0DnL14RAceI2QLy+m0JoirGR9c8WD6UMRn+E9kQmeo3pvf5v9 4MlOEsSs+2ZXt1NL7u0CPxAdgd2T/QxKtFoGBiRQpTS7CTOGCengZrIh7j4+H X-Gm-Gg: ASbGncvaLx5EDe3IMLlT6P7Lef+eRxHCEkhPnIYZW6dC1NOLHc3kfwdgEP7LVm/zuz4 kEwcBxeO1q9TJq/NwuEIEZASztYOsZm50Yc2dqK1pB899Xa9ovPVGzzd3v4v95eiT/V6LDdSi9H GRXOSyCKZF2l7qtCCItIAeMxdafqFNVk5YmTL35MgZh3GT738/uAZqmZ9NhiNXqtssR9RVteUOu Sv1Lzh51h19IzoNU9jI2xs+GaxlmNvouWKTl1/io8k+ghQCF7EVN70k3ajkK5qM0lXhqywboE+O nt1DSW1W3GeQC+ItyMl/F923JeMNIqxcdjSAOw7bedC4Dp0= X-Google-Smtp-Source: AGHT+IEcbmyB6LGKqH8rV+H+Qecy88ByCDWOU8Fut6Tr1BGdfw1xFZp7BwpCATGIUWFQ7yTF27H8RXA3stY7 X-Received: by 2002:a05:6e02:3091:b0:3df:3886:ad6e with SMTP id e9e14a558f8ab-3e2461b2da0mr8783945ab.12.1752108397362; Wed, 09 Jul 2025 17:46:37 -0700 (PDT) Received: from postal.iol.unh.edu (postal.iol.unh.edu. [2606:4100:3880:1234::84]) by smtp-relay.gmail.com with ESMTPS id 8926c6da1cb9f-50556531529sm18994173.8.2025.07.09.17.46.37 (version=TLS1_2 cipher=ECDHE-ECDSA-AES128-GCM-SHA256 bits=128/128); Wed, 09 Jul 2025 17:46:37 -0700 (PDT) X-Relaying-Domain: iol.unh.edu Date: Wed, 09 Jul 2025 17:46:37 -0700 (PDT) Message-ID: <686f0d6d.050a0220.3d1000.1163SMTPIN_ADDED_MISSING@mx.google.com> Received: from [172.21.0.7] (unknown [172.18.0.240]) by postal.iol.unh.edu (Postfix) with ESMTP id DA7126051830; Wed, 9 Jul 2025 20:46:36 -0400 (EDT) Subject: |FAILURE| pw155110-155121 [PATCH] [RFC,v2,12/12] pdump: mark API and From: dpdklab@iol.unh.edu To: Test Report Cc: dpdk-test-reports@iol.unh.edu, Stephen Hemminger In-Reply-To: <20250709173611.6390-13-stephen@networkplumber.org> References: <20250709173611.6390-13-stephen@networkplumber.org> Content-Type: text/plain X-BeenThere: test-report@dpdk.org X-Mailman-Version: 2.1.29 Precedence: list List-Id: automatic DPDK test reports List-Unsubscribe: , List-Archive: List-Post: List-Help: List-Subscribe: , Errors-To: test-report-bounces@dpdk.org Test-Label: iol-unit-amd64-testing Test-Status: FAILURE http://dpdk.org/patch/155121 _Testing issues_ Submitter: Stephen Hemminger Date: Wednesday, July 09 2025 17:33:38 DPDK git baseline: Repo:dpdk Branch: master CommitID:9fe9c0b231c8da5435bfccb1963121b4277f961c 155110-155121 --> testing issues Upstream job id: Generic-Unit-Test-DPDK#354428 Test environment and result as below: +-------------------------------+----------------+ | Environment | dpdk_unit_test | +===============================+================+ | Fedora Linux 40 | FAIL | +-------------------------------+----------------+ | Debian GNU/Linux 12 | FAIL | +-------------------------------+----------------+ | CentOS Stream 9 | FAIL | +-------------------------------+----------------+ | CentOS Stream 10 | FAIL | +-------------------------------+----------------+ | Fedora Linux 41 | FAIL | +-------------------------------+----------------+ | Red Hat Enterprise Linux 9.5 | FAIL | +-------------------------------+----------------+ | Red Hat Enterprise Linux 8.10 | FAIL | +-------------------------------+----------------+ | Ubuntu 22.04 | FAIL | +-------------------------------+----------------+ | Ubuntu 20.04 | FAIL | +-------------------------------+----------------+ | Ubuntu 24.04 | FAIL | +-------------------------------+----------------+ ==== Unit test summary for Ubuntu 24.04 (dpdk_unit_test): ==== ninja: Entering directory `/root/workspace/Generic-Unit-Test-DPDK@2/dpdk/build' ninja: no work to do. 1/121 DPDK:fast-tests / acl_autotest OK 3.16s 2/121 DPDK:fast-tests / alarm_autotest OK 1.33s 3/121 DPDK:fast-tests / argparse_autotest OK 0.17s 4/121 DPDK:fast-tests / atomic_autotest OK 0.45s 5/121 DPDK:fast-tests / bitcount_autotest OK 0.19s 6/121 DPDK:fast-tests / bitmap_autotest OK 0.22s 7/121 DPDK:fast-tests / bitops_autotest OK 1.92s 8/121 DPDK:fast-tests / bitratestats_autotest OK 0.26s 9/121 DPDK:fast-tests / bitset_autotest OK 1.71s 10/121 DPDK:fast-tests / bpf_autotest OK 0.20s 11/121 DPDK:fast-tests / bpf_convert_autotest OK 0.17s 12/121 DPDK:fast-tests / byteorder_autotest OK 0.17s 13/121 DPDK:fast-tests / cfgfile_autotest OK 0.23s 14/121 DPDK:fast-tests / cksum_autotest OK 0.17s 15/121 DPDK:fast-tests / cmdline_autotest OK 0.18s 16/121 DPDK:fast-tests / common_autotest OK 1.08s 17/121 DPDK:fast-tests / compressdev_autotest SKIP 0.30s exit status 77 18/121 DPDK:fast-tests / cpuflags_autotest OK 0.18s 19/121 DPDK:fast-tests / crc_autotest OK 0.35s 20/121 DPDK:fast-tests / user_delay_us OK 0.24s 21/121 DPDK:fast-tests / debug_autotest OK 0.66s 22/121 DPDK:fast-tests / devargs_autotest OK 0.17s 23/121 DPDK:fast-tests / dispatcher_autotest SKIP 0.21s exit status 77 24/121 DPDK:fast-tests / distributor_autotest OK 1.42s 25/121 DPDK:fast-tests / eal_flags_c_opt_autotest OK 1.44s 26/121 DPDK:fast-tests / eal_flags_main_opt_autotest OK 0.52s 27/121 DPDK:fast-tests / eal_flags_n_opt_autotest OK 0.68s 28/121 DPDK:fast-tests / eal_flags_hpet_autotest OK 0.20s 29/121 DPDK:fast-tests / eal_flags_no_huge_autotest OK 0.59s 30/121 DPDK:fast-tests / eal_flags_a_opt_autotest OK 0.36s 31/121 DPDK:fast-tests / eal_flags_b_opt_autotest OK 0.31s 32/121 DPDK:fast-tests / eal_flags_vdev_opt_autotest OK 0.63s 33/121 DPDK:fast-tests / eal_flags_r_opt_autotest OK 0.36s 34/121 DPDK:fast-tests / eal_flags_mem_autotest OK 0.91s 35/121 DPDK:fast-tests / eal_flags_file_prefix_autotest OK 3.69s 36/121 DPDK:fast-tests / eal_flags_misc_autotest OK 2.20s 37/121 DPDK:fast-tests / eal_fs_autotest OK 0.22s 38/121 DPDK:fast-tests / errno_autotest OK 0.17s 39/121 DPDK:fast-tests / ethdev_link_status OK 0.17s 40/121 DPDK:fast-tests / ethdev_mirror FAIL 0.31s (exit status 255 or signal 127 SIGinvalid) >>> MALLOC_PERTURB_=17 DPDK_TEST=ethdev_mirror /root/workspace/Generic-Unit-Test-DPDK@2/dpdk/build/app/dpdk-test --no-huge -m 2048 41/121 DPDK:fast-tests / event_eth_tx_adapter_autotest OK 0.58s 42/121 DPDK:fast-tests / event_ring_autotest OK 0.17s 43/121 DPDK:fast-tests / eventdev_common_autotest OK 0.24s 44/121 DPDK:fast-tests / eventdev_selftest_sw OK 0.27s 45/121 DPDK:fast-tests / fbarray_autotest OK 0.17s 46/121 DPDK:fast-tests / fib_autotest OK 0.75s 47/121 DPDK:fast-tests / fib6_autotest OK 0.78s 48/121 DPDK:fast-tests / func_reentrancy_autotest OK 0.69s 49/121 DPDK:fast-tests / graph_autotest OK 0.25s 50/121 DPDK:fast-tests / node_list_dump OK 0.16s 51/121 DPDK:fast-tests / graph_feature_arc_autotest OK 0.22s 52/121 DPDK:fast-tests / hash_autotest OK 0.39s 53/121 DPDK:fast-tests / hash_readwrite_func_autotest SKIP 0.21s exit status 77 54/121 DPDK:fast-tests / interrupt_autotest OK 1.27s 55/121 DPDK:fast-tests / ipfrag_autotest OK 0.14s 56/121 DPDK:fast-tests / ipsec_autotest SKIP 0.17s exit status 77 57/121 DPDK:fast-tests / kvargs_autotest OK 0.17s 58/121 DPDK:fast-tests / latencystats_autotest OK 0.17s 59/121 DPDK:fast-tests / lcore_var_autotest OK 0.31s 60/121 DPDK:fast-tests / lcores_autotest OK 1.05s 61/121 DPDK:fast-tests / logs_autotest OK 0.17s 62/121 DPDK:fast-tests / lpm_autotest OK 1.82s 63/121 DPDK:fast-tests / lpm6_autotest OK 3.45s 64/121 DPDK:fast-tests / malloc_autotest OK 0.48s 65/121 DPDK:fast-tests / mbuf_autotest OK 0.35s 66/121 DPDK:fast-tests / mcslock_autotest OK 0.62s 67/121 DPDK:fast-tests / member_autotest OK 1.01s 68/121 DPDK:fast-tests / memcpy_autotest OK 2.38s 69/121 DPDK:fast-tests / memory_autotest OK 0.14s 70/121 DPDK:fast-tests / mempool_autotest OK 0.42s 71/121 DPDK:fast-tests / memzone_autotest OK 0.21s 72/121 DPDK:fast-tests / meter_autotest OK 0.17s 73/121 DPDK:fast-tests / metrics_autotest OK 0.19s 74/121 DPDK:fast-tests / multiprocess_autotest OK 0.31s 75/121 DPDK:fast-tests / net_ether_autotest OK 0.45s 76/121 DPDK:fast-tests / net_ipv6_autotest OK 0.19s 77/121 DPDK:fast-tests / pcapng_autotest OK 7.31s 78/121 DPDK:fast-tests / pdcp_autotest SKIP 0.17s exit status 77 79/121 DPDK:fast-tests / pdump_autotest OK 0.32s 80/121 DPDK:fast-tests / per_lcore_autotest OK 0.35s 81/121 DPDK:fast-tests / pflock_autotest OK 0.28s 82/121 DPDK:fast-tests / pie_autotest OK 0.22s 83/121 DPDK:fast-tests / ring_pmd_autotest OK 0.17s 84/121 DPDK:fast-tests / power_autotest OK 0.25s 85/121 DPDK:fast-tests / power_cpufreq_autotest SKIP 0.14s exit status 77 86/121 DPDK:fast-tests / power_intel_uncore_autotest SKIP 0.20s exit status 77 87/121 DPDK:fast-tests / power_kvm_vm_autotest SKIP 0.14s exit status 77 88/121 DPDK:fast-tests / prefetch_autotest OK 0.24s 89/121 DPDK:fast-tests / ptr_compress_autotest OK 0.18s 90/121 DPDK:fast-tests / rawdev_autotest OK 0.26s 91/121 DPDK:fast-tests / rcu_qsbr_autotest OK 0.26s 92/121 DPDK:fast-tests / reorder_autotest OK 0.32s 93/121 DPDK:fast-tests / rib_autotest OK 4.98s 94/121 DPDK:fast-tests / rib6_autotest OK 4.33s 95/121 DPDK:fast-tests / ring_autotest OK 0.18s 96/121 DPDK:fast-tests / rwlock_test1_autotest OK 0.37s 97/121 DPDK:fast-tests / rwlock_rda_autotest OK 5.35s 98/121 DPDK:fast-tests / rwlock_rds_wrm_autotest OK 5.17s 99/121 DPDK:fast-tests / rwlock_rde_wro_autotest OK 5.19s 100/121 DPDK:fast-tests / sched_autotest OK 0.17s 101/121 DPDK:fast-tests / security_autotest OK 0.14s 102/121 DPDK:fast-tests / seqlock_autotest SKIP 0.24s exit status 77 103/121 DPDK:fast-tests / service_autotest OK 0.46s 104/121 DPDK:fast-tests / soring_autotest OK 0.17s 105/121 DPDK:fast-tests / spinlock_autotest OK 0.18s 106/121 DPDK:fast-tests / stack_autotest OK 0.26s 107/121 DPDK:fast-tests / stack_lf_autotest OK 0.27s 108/121 DPDK:fast-tests / string_autotest OK 0.18s 109/121 DPDK:fast-tests / table_autotest OK 6.99s 110/121 DPDK:fast-tests / tailq_autotest OK 0.23s 111/121 DPDK:fast-tests / telemetry_data_autotest OK 0.18s 112/121 DPDK:fast-tests / telemetry_json_autotest OK 0.24s 113/121 DPDK:fast-tests / thash_autotest OK 0.20s 114/121 DPDK:fast-tests / threads_autotest OK 0.43s 115/121 DPDK:fast-tests / ticketlock_autotest OK 0.29s 116/121 DPDK:fast-tests / timer_autotest OK 2.61s 117/121 DPDK:fast-tests / trace_autotest OK 0.17s 118/121 DPDK:fast-tests / trace_autotest_with_traces OK 0.26s 119/121 DPDK:fast-tests / vdev_autotest OK 0.21s 120/121 DPDK:fast-tests / version_autotest OK 0.17s 121/121 DPDK:fast-tests / telemetry_all OK 1.05s Ok: 111 Expected Fail: 0 Fail: 1 Unexpected Pass: 0 Skipped: 9 Timeout: 0 Full log written to /root/workspace/Generic-Unit-Test-DPDK@2/dpdk/build/meson-logs/testlog.txt Test log output from the failed test ethdev_mirror: Sorry, we were not able to find the logs for this test. Download the log output from the CI site for this test run. ==== End log output ==== Fedora Linux 40 Kernel: 5.15 Compiler: gcc gcc (GCC) 14.2.1 20240912 (Red Hat 14.2.1-3) Debian GNU/Linux 12 Kernel: 5.15 Compiler: gcc gcc (Debian 12.2.0-14+deb12u1) 12.2.0 CentOS Stream 9 Kernel: 5.15 Compiler: gcc gcc (GCC) 11.5.0 20240719 (Red Hat 11.5.0-7) CentOS Stream 10 Kernel: 5.15 Compiler: gcc gcc (GCC) 14.2.1 20250110 (Red Hat 14.2.1-8) Fedora Linux 41 Kernel: 5.15 Compiler: clang gcc (GCC) 14.3.1 20250523 (Red Hat 14.3.1-1) Red Hat Enterprise Linux 9.5 Kernel: 5.15 Compiler: gcc gcc (GCC) 11.5.0 20240719 (Red Hat 11.5.0-2) Red Hat Enterprise Linux 8.10 Kernel: 5.15 Compiler: gcc gcc (GCC) 8.5.0 20210514 (Red Hat 8.5.0-22) Ubuntu 22.04 Kernel: 5.15 Compiler: gcc gcc (Ubuntu 11.4.0-1ubuntu1~22.04) 11.4.0 Ubuntu 20.04 Kernel: 5.15 Compiler: gcc gcc (Ubuntu 9.4.0-1ubuntu1~20.04.2) 9.4.0 Ubuntu 24.04 Kernel: 5.15 Compiler: gcc gcc (Ubuntu 13.3.0-6ubuntu2~24.04) 13.3.0 To view detailed results, visit: https://lab.dpdk.org/results/dashboard/patchsets/33629/ UNH-IOL DPDK Community Lab To manage your email subscriptions, visit: https://lab.dpdk.org/results/dashboard/preferences/subscriptions/