From mboxrd@z Thu Jan 1 00:00:00 1970 Return-Path: Received: from mails.dpdk.org (mails.dpdk.org [217.70.189.124]) by inbox.dpdk.org (Postfix) with ESMTP id E2B4B46A87 for ; Thu, 10 Jul 2025 03:04:24 +0200 (CEST) Received: from mails.dpdk.org (localhost [127.0.0.1]) by mails.dpdk.org (Postfix) with ESMTP id DA3D84025E; Thu, 10 Jul 2025 03:04:24 +0200 (CEST) Received: from mail-oa1-f97.google.com (mail-oa1-f97.google.com [209.85.160.97]) by mails.dpdk.org (Postfix) with ESMTP id 0AC5F4025E for ; Thu, 10 Jul 2025 03:04:24 +0200 (CEST) Received: by mail-oa1-f97.google.com with SMTP id 586e51a60fabf-2f3dab2a2a9so296968fac.2 for ; Wed, 09 Jul 2025 18:04:23 -0700 (PDT) DKIM-Signature: v=1; a=rsa-sha256; c=relaxed/relaxed; d=iol.unh.edu; s=unh-iol; t=1752109463; x=1752714263; darn=dpdk.org; h=references:in-reply-to:cc:to:from:subject:message-id:date:from:to :cc:subject:date:message-id:reply-to; bh=jsMvgginJddwsocfgn7HrLiqQRZBAIJnudQu8nhRUW0=; b=GHHO/UCQJfKqL+/MqRbQYKaZLadQliIV0PS0SXf6yE6xKnQP69HdmbyqLrN4L3W/lH 32pTRIyKw6d2p3dr9+vxeiaW+6qRJ1BceAy1GUc6a6jtnCQvdXUOMeTbKp4clAgpPAfT d71Q1OljjElFpxwMT03Kv0S7fCBELHx9kcU1c= X-Google-DKIM-Signature: v=1; a=rsa-sha256; c=relaxed/relaxed; d=1e100.net; s=20230601; t=1752109463; x=1752714263; h=references:in-reply-to:cc:to:from:subject:message-id:date :x-gm-message-state:from:to:cc:subject:date:message-id:reply-to; bh=jsMvgginJddwsocfgn7HrLiqQRZBAIJnudQu8nhRUW0=; b=cHDpLZcU0Jr/RzHjKhZ05HdoPF5Qf250Cqbey4djA+LMVSMFAJpvSxk9ZAsZgZbce2 4hznzpVvTMXvjdGCCq0rD9SMRjTob3B0od4IBs3XKxrn2wFRtob33ToOLxhTcI7dWq9E 51U+4fBgthQ7uG4BeftwZZ1uQxq9I+hP0iaTZB+IMIDBPRJ6QI0P1/V3I9Cr8dac3adl giPAVXP7OoGicfvc4UYDz2ra1A10r00RyjyileWMlLmfrEjlIXIE4eq2sJfAOV2ZcVbL qR2h7CpU3SRctukDce2wKRo4W036/5rEfS6gDBy+bPMB9EvkqpOysg9O9CVWxmqjvui8 7Bhw== X-Gm-Message-State: AOJu0Yzi2OngKYIQyl6sNIdI+x1NLsRKicg1H7as8IFGkmMiLiCgWiRT vsid38ga7Fm37VfCTgZiO2ri89rXToeLBN3+87Vqtv7/tJyMu0hbignLiogGZQRVAwoxPtF9V+Q ja3e3IsYJO9N1qLpSMn+RkmznaDowapxBZkaBqjPIqEm9Ubn7eY1jiTqcGqih X-Gm-Gg: ASbGncv5dZKBlivxD8RTDlveCoH3tYnUWnMzD4EpH7A98Yi4CoeKcIePV7UJ6oP4oMR gPm9yWBpruiCBOXVOqHhbUvjyUBO0AHnFoBjwPWRoYeCieBvcm1DRp5GE0CPgUc6GXFVDt3I03N zr7SmRNB1gevlBZLK74YJoZGdILvrUNAUtkWmi3dzQFvPPh2j+odUt1rzoeBm1WiRj0P+aWno8m RuIbHRCtMhIjEHsjaqDTCM5kvt9oPC1TeA2JOBmiHm4K/RFv7VsrzSj7BPKGPGdC7vHcURzTF/q Yv5QRuaJ5juj1wlUUheVm84os+XDMUV8WjpRPhd1vs5LesA= X-Google-Smtp-Source: AGHT+IE7swp4e5ErtnHdfc1SXnzKZ13eKzvj9BWnjOoaSo9di/o25Ivb80shy9cbepLGekGa1XQ77zY0HyfK X-Received: by 2002:a05:6871:14a:b0:2ef:17b3:3c9d with SMTP id 586e51a60fabf-2fef849481emr3293522fac.7.1752109463284; Wed, 09 Jul 2025 18:04:23 -0700 (PDT) Received: from postal.iol.unh.edu (postal.iol.unh.edu. [2606:4100:3880:1234::84]) by smtp-relay.gmail.com with ESMTPS id 586e51a60fabf-2ff1172554bsm26872fac.32.2025.07.09.18.04.23 (version=TLS1_2 cipher=ECDHE-ECDSA-AES128-GCM-SHA256 bits=128/128); Wed, 09 Jul 2025 18:04:23 -0700 (PDT) X-Relaying-Domain: iol.unh.edu Date: Wed, 09 Jul 2025 18:04:23 -0700 (PDT) Message-ID: <686f1197.050a0220.21f682.19c9SMTPIN_ADDED_MISSING@mx.google.com> Received: from [172.21.0.5] (unknown [172.18.0.240]) by postal.iol.unh.edu (Postfix) with ESMTP id AADAE6051830; Wed, 9 Jul 2025 21:04:22 -0400 (EDT) Subject: |FAILURE| pw155110-155121 [PATCH] [RFC,v2,12/12] pdump: mark API and From: dpdklab@iol.unh.edu To: Test Report Cc: dpdk-test-reports@iol.unh.edu, Stephen Hemminger In-Reply-To: <20250709173611.6390-13-stephen@networkplumber.org> References: <20250709173611.6390-13-stephen@networkplumber.org> Content-Type: text/plain X-BeenThere: test-report@dpdk.org X-Mailman-Version: 2.1.29 Precedence: list List-Id: automatic DPDK test reports List-Unsubscribe: , List-Archive: List-Post: List-Help: List-Subscribe: , Errors-To: test-report-bounces@dpdk.org Test-Label: iol-compile-amd64-testing Test-Status: FAILURE http://dpdk.org/patch/155121 _Testing issues_ Submitter: Stephen Hemminger Date: Wednesday, July 09 2025 17:33:38 DPDK git baseline: Repo:dpdk Branch: master CommitID:9fe9c0b231c8da5435bfccb1963121b4277f961c 155110-155121 --> testing issues Upstream job id: Generic-DPDK-Compile-Meson#407526 Test environment and result as below: +-------------------------------+--------------------+-------------------+------------------+-------------------+ | Environment | dpdk_meson_compile | dpdk_compile_spdk | dpdk_compile_ovs | dpdk_msvc_compile | +===============================+====================+===================+==================+===================+ | Ubuntu 20.04 | PASS | SKIPPED | SKIPPED | SKIPPED | +-------------------------------+--------------------+-------------------+------------------+-------------------+ | CentOS Stream 10 | PASS | SKIPPED | SKIPPED | SKIPPED | +-------------------------------+--------------------+-------------------+------------------+-------------------+ | CentOS Stream 9 | PASS | PASS | SKIPPED | SKIPPED | +-------------------------------+--------------------+-------------------+------------------+-------------------+ | Debian GNU/Linux 12 | PASS | PASS | SKIPPED | SKIPPED | +-------------------------------+--------------------+-------------------+------------------+-------------------+ | Fedora Linux 40 | PASS | PASS | SKIPPED | SKIPPED | +-------------------------------+--------------------+-------------------+------------------+-------------------+ | FreeBSD 14.2 | PASS | SKIPPED | SKIPPED | SKIPPED | +-------------------------------+--------------------+-------------------+------------------+-------------------+ | Fedora Linux 41 | PASS | PASS | WARN | SKIPPED | +-------------------------------+--------------------+-------------------+------------------+-------------------+ | Red Hat Enterprise Linux 8.10 | PASS | SKIPPED | SKIPPED | SKIPPED | +-------------------------------+--------------------+-------------------+------------------+-------------------+ | Ubuntu 22.04 | PASS | PASS | SKIPPED | SKIPPED | +-------------------------------+--------------------+-------------------+------------------+-------------------+ | Red Hat Enterprise Linux 9.5 | PASS | SKIPPED | SKIPPED | SKIPPED | +-------------------------------+--------------------+-------------------+------------------+-------------------+ | openSUSE Leap 15.6 | PASS | SKIPPED | SKIPPED | SKIPPED | +-------------------------------+--------------------+-------------------+------------------+-------------------+ | Ubuntu 24.04 | PASS | PASS | WARN | SKIPPED | +-------------------------------+--------------------+-------------------+------------------+-------------------+ | Alpine Linux 3.22.0 | PASS | SKIPPED | SKIPPED | SKIPPED | +-------------------------------+--------------------+-------------------+------------------+-------------------+ | Windows Server 2022 | SKIPPED | SKIPPED | SKIPPED | FAIL | +-------------------------------+--------------------+-------------------+------------------+-------------------+ ==== 20 line log output for Windows Server 2022 (dpdk_msvc_compile): ==== "cl" "-Ilib\librte_ethdev.a.p" "-Ilib" "-I..\lib" "-Ilib\ethdev" "-I..\lib\ethdev" "-Ilib\eal\common" "-I..\lib\eal\common" "-I." "-I.." "-Iconfig" "-I..\config" "-Ilib\eal\include" "-I..\lib\eal\include" "-Ilib\eal\windows\include" "-I..\lib\eal\windows\include" "-Ilib\eal\x86\include" "-I..\lib\eal\x86\include" "-Ilib\eal" "-I..\lib\eal" "-Ilib\log" "-I..\lib\log" "-Ilib\kvargs" "-I..\lib\kvargs" "-Ilib\net" "-I..\lib\net" "-Ilib\mbuf" "-I..\lib\mbuf" "-Ilib\mempool" "-I..\lib\mempool" "-Ilib \ring" "-I..\lib\ring" "-Ilib\metrics" "-I..\lib\metrics" "-Ilib\telemetry" "-I..\lib\telemetry" "-Ilib\meter" "-I..\lib\meter" "-IC:\Program Files\Mellanox\MLNX_WinOF2_DevX_SDK\inc" "/MD" "/nologo" "/showIncludes" "/utf-8" "/W3" "/WX" "/std:c11" "/O2" "/Gw" "/wd4244" "/wd4267" "/wd4146" "/experimental:c11atomics" "/d1experimental:typeof" "/experimental:statementExpressions" "/FI" "rte_config.h" "-D_GNU_SOURCE" "-D_WIN32_WINNT=0x0A00" "-DALLOW_EXPERIMENTAL_API" "-DALLOW_INTERNAL_API" "-DRTE_LO G_DEFAULT_LOGTYPE=lib.ethdev" "/Fdlib\librte_ethdev.a.p\ethdev_rte_mirror.c.pdb" /Folib/librte_ethdev.a.p/ethdev_rte_mirror.c.obj "/c" ../lib/ethdev/rte_mirror.c ../lib/ethdev/rte_mirror.c(122): error C7707: call to '__c11_atomic_store': argument type 'rte_eth_mirror **' must be a pointer to an atomic type ../lib/ethdev/rte_mirror.c(194): warning C4090: 'function': different '_Atomic' qualifiers ../lib/ethdev/rte_mirror.c(196): warning C4090: 'function': different '_Atomic' qualifiers ../lib/ethdev/rte_mirror.c(224): error C7707: call to '__c11_atomic_store': argument type 'rte_eth_mirror **' must be a pointer to an atomic type ../lib/ethdev/rte_mirror.c(253): warning C4090: 'function': different '_Atomic' qualifiers ../lib/ethdev/rte_mirror.c(254): warning C4090: 'function': different '_Atomic' qualifiers [168/454] Generating symbol file lib/rte_meter-25.dll.p/rte_meter-25.dll.symbols [169/454] Compiling C object lib/librte_ethdev.a.p/ethdev_ethdev_profile.c.obj [170/454] Compiling C object lib/librte_ethdev.a.p/ethdev_ethdev_trace_points.c.obj [171/454] Generating symbol file lib/rte_mbuf-25.dll.p/rte_mbuf-25.dll.symbols [172/454] Compiling C object lib/librte_ethdev.a.p/ethdev_rte_class_eth.c.obj [173/454] Compiling C object lib/librte_ethdev.a.p/ethdev_rte_ethdev_cman.c.obj [174/454] Compiling C object lib/librte_ethdev.a.p/ethdev_rte_ethdev_telemetry.c.obj [175/454] Compiling C object lib/librte_ethdev.a.p/ethdev_rte_flow.c.obj [176/454] Compiling C object lib/librte_ethdev.a.p/ethdev_rte_ethdev.c.obj ninja: build stopped: subcommand failed. INFO: autodetecting backend as ninja INFO: calculating backend command to run: "C:\Program Files\Meson\ninja.EXE" -C C:/Users/builder/jenkins/workspace/Windows-Compile-DPDK-VS/dpdk/build ==== End log output ==== Ubuntu 20.04 Kernel: 4.19 Compiler: gcc gcc (Ubuntu 9.4.0-1ubuntu1~20.04.2) 9.4.0 CentOS Stream 10 Kernel: 5.15 Compiler: gcc gcc (GCC) 14.2.1 20250110 (Red Hat 14.2.1-8) CentOS Stream 9 Kernel: 5.15 Compiler: gcc gcc (GCC) 11.5.0 20240719 (Red Hat 11.5.0-7) Debian GNU/Linux 12 Kernel: 5.15 Compiler: gcc gcc (Debian 12.2.0-14+deb12u1) 12.2.0 Fedora Linux 40 Kernel: 5.15 Compiler: clang gcc (GCC) 14.2.1 20240912 (Red Hat 14.2.1-3) FreeBSD 14.2 Kernel: 14.2-RELEASE Compiler: clang 18.1.6 Fedora Linux 41 Kernel: 5.15 Compiler: clang gcc (GCC) 14.3.1 20250523 (Red Hat 14.3.1-1) Red Hat Enterprise Linux 8.10 Kernel: 5.15 Compiler: gcc gcc (GCC) 8.5.0 20210514 (Red Hat 8.5.0-22) Ubuntu 22.04 Kernel: 5.15 Compiler: gcc gcc (Ubuntu 11.4.0-1ubuntu1~22.04) 11.4.0 Red Hat Enterprise Linux 9.5 Kernel: 5.15 Compiler: gcc gcc (GCC) 11.5.0 20240719 (Red Hat 11.5.0-2) openSUSE Leap 15.6 Kernel: 5.15 Compiler: gcc gcc (SUSE Linux) 7.5.0 Ubuntu 24.04 Kernel: 5.15 Compiler: gcc gcc (Ubuntu 13.3.0-6ubuntu2~24.04) 13.3.0 Alpine Linux 3.22.0 Kernel: 5.15 Compiler: gcc gcc (Alpine 14.2.0) 14.2.0 Windows Server 2022 Kernel: 10.0.20348.2031 Compiler: clang 15.0.7, gcc 14.1.0 (MinGW), and MSVC VS 19.39.33521 To view detailed results, visit: https://lab.dpdk.org/results/dashboard/patchsets/33629/ UNH-IOL DPDK Community Lab To manage your email subscriptions, visit: https://lab.dpdk.org/results/dashboard/preferences/subscriptions/