From mboxrd@z Thu Jan 1 00:00:00 1970 Return-Path: Received: from mails.dpdk.org (mails.dpdk.org [217.70.189.124]) by inbox.dpdk.org (Postfix) with ESMTP id 04D8546A87 for ; Thu, 10 Jul 2025 03:56:22 +0200 (CEST) Received: from mails.dpdk.org (localhost [127.0.0.1]) by mails.dpdk.org (Postfix) with ESMTP id D4DB04025E; Thu, 10 Jul 2025 03:56:22 +0200 (CEST) Received: from mail-il1-f228.google.com (mail-il1-f228.google.com [209.85.166.228]) by mails.dpdk.org (Postfix) with ESMTP id 904BC4025E for ; Thu, 10 Jul 2025 03:56:21 +0200 (CEST) Received: by mail-il1-f228.google.com with SMTP id e9e14a558f8ab-3e058c64a76so3186615ab.0 for ; Wed, 09 Jul 2025 18:56:21 -0700 (PDT) DKIM-Signature: v=1; a=rsa-sha256; c=relaxed/relaxed; d=iol.unh.edu; s=unh-iol; t=1752112581; x=1752717381; darn=dpdk.org; h=cc:to:from:subject:message-id:date:from:to:cc:subject:date :message-id:reply-to; bh=E6g81JY3sF2gM+3dVKjxnNPvNR6BXozFAa43MT7ble0=; b=dbPhLJSWbp9/myJ5jiJEHZXvzZCCc/abTE8w72ZFELt2lRt3m5aMTfjRK9603zSehc fdowIPjI+Ui42zmB6ZSy3qgh9QV5hjTqfGIu8m1nSWzLc/02NZPsZuszfibv6CYjfr/i De/eme2/WerppIltCPx2rdAK17tnaP0c9QYpw= X-Google-DKIM-Signature: v=1; a=rsa-sha256; c=relaxed/relaxed; d=1e100.net; s=20230601; t=1752112581; x=1752717381; h=cc:to:from:subject:message-id:date:x-gm-message-state:from:to:cc :subject:date:message-id:reply-to; bh=E6g81JY3sF2gM+3dVKjxnNPvNR6BXozFAa43MT7ble0=; b=NBpulfGuKci9GN5xS5TTANIkv0A0AUbXa9lHOVhdtJmBR4zQRrKoUAPk30/uMaaQQr u13L0jGfeCAT99KVsBG7KZPiaX17lUrEs+zbUbJ1zpnONuM5BVl7o5tJYqqqIdVHnMJU 7cN3n7tesd57PYJfv4OcmjegcUtpRcUqdGID6glL+ng3EoStNFoLoz4Lq4Tej2O9QQaG yz+Pav6FCs6xP/kefGpZtnqnfltk+y57e4k6/6bwjltlsNL4HsywSXMY2270Mpfp1UK5 NT6tAhsEAPy/uEvllAeZqAgjhjmdvc5U8ZjboertghYgWXakr5cNXwt3/89eHztFwRRL ZRsw== X-Gm-Message-State: AOJu0YydFAaGHUzC/4ZRxOBLHiIlpjRugDlJQAkipTTv5Nqta4tHAMYn NSDWv5/IYGO7l+XOcorHkxjyJCrJrFd5xTN6UBhKraXwaEZxQBXFmNGT0Ms2NgeNrsap0+drcnO NCnPnkRASEYHgI+ZttFBJo82Q+1FMtc8UrDW8h8q4K4Oj X-Gm-Gg: ASbGncsAuoDjjPs+PihmaEhzTxrlZTr27VgbPnD7xbYXumFTDKlffqFQt7YxNA7o0jD abVxDWYlpMFMyC9jaPACdoNmUI2cgjZZkJ3vRfquolH6vHahk3BzAhTPzYuKUmqViJrofTHA0Lq vavMROkOX3aqqpxkGylYRa2UV6V8/r/XrHOiaFzdYT354ctLJw8bO+GXeo1uo/F9c3WOHjiH3Ms rVVETX/NkJz0ZFczboy+U3H261+UZRH20+Cbap0HwM7io1hiY69CdSqgG1rODgNHu/fE3lBKWlh 4b0XW/CRc81qZB47CH/VmN+qBPGBwpp/JhThoLTxLxQAqArPCnxf2lJUvl3RFfNqkvRBFQ== X-Google-Smtp-Source: AGHT+IFZK5e/3pIzZafs2RXaJv1AGWzft+xiLfIOdfMrDzraL1cuPzvHwA6Zzfqq726Le1IKL2v6vLE2iNN3 X-Received: by 2002:a05:6e02:32c7:b0:3df:2cd5:80c1 with SMTP id e9e14a558f8ab-3e2460c21abmr8957805ab.4.1752112580855; Wed, 09 Jul 2025 18:56:20 -0700 (PDT) Received: from postal.iol.unh.edu (postal.iol.unh.edu. [132.177.123.84]) by smtp-relay.gmail.com with ESMTPS id e9e14a558f8ab-3e245fb5c2fsm343315ab.0.2025.07.09.18.56.20 (version=TLS1_2 cipher=ECDHE-ECDSA-AES128-GCM-SHA256 bits=128/128); Wed, 09 Jul 2025 18:56:20 -0700 (PDT) X-Relaying-Domain: iol.unh.edu Date: Wed, 09 Jul 2025 18:56:20 -0700 (PDT) Message-ID: <686f1dc4.050a0220.2eb36c.1e0cSMTPIN_ADDED_MISSING@mx.google.com> Received: from [172.21.0.5] (unknown [172.18.0.240]) by postal.iol.unh.edu (Postfix) with ESMTP id 62DBF6051830; Wed, 9 Jul 2025 21:56:20 -0400 (EDT) Subject: |FAILURE| [GIT MASTER] 9fe9c0b231c8da5435bfccb1963121b4277f961c From: dpdklab@iol.unh.edu To: Test Report Cc: dpdk-test-reports@iol.unh.edu Content-Type: text/plain X-BeenThere: test-report@dpdk.org X-Mailman-Version: 2.1.29 Precedence: list List-Id: automatic DPDK test reports List-Unsubscribe: , List-Archive: List-Post: List-Help: List-Subscribe: , Errors-To: test-report-bounces@dpdk.org _Testing issues_ Branch: dpdk 9fe9c0b231c8da5435bfccb1963121b4277f961c --> testing issues Upstream job id: Generic-Unit-Test-DPDK#354451 Test environment and result as below: +------------------------------+----------------+---------------------------+--------------+------------------------------+ | Environment | dpdk_unit_test | cryptodev_sw_zuc_autotest | lpm_autotest | cryptodev_sw_snow3g_autotest | +==============================+================+===========================+==============+==============================+ | CentOS Stream 9 | PASS | SKIPPED | SKIPPED | SKIPPED | +------------------------------+----------------+---------------------------+--------------+------------------------------+ | Debian GNU/Linux 12 | PASS | SKIPPED | SKIPPED | SKIPPED | +------------------------------+----------------+---------------------------+--------------+------------------------------+ | Fedora Linux 40 | PASS | SKIPPED | SKIPPED | SKIPPED | +------------------------------+----------------+---------------------------+--------------+------------------------------+ | Fedora Linux 41 | PEND | SKIPPED | SKIPPED | SKIPPED | +------------------------------+----------------+---------------------------+--------------+------------------------------+ | CentOS Stream 10 | PASS | SKIPPED | SKIPPED | SKIPPED | +------------------------------+----------------+---------------------------+--------------+------------------------------+ | Red Hat Enterprise Linux 9.5 | PEND | SKIPPED | SKIPPED | SKIPPED | +------------------------------+----------------+---------------------------+--------------+------------------------------+ | Ubuntu 20.04 | PASS | SKIPPED | PEND | SKIPPED | +------------------------------+----------------+---------------------------+--------------+------------------------------+ | Ubuntu 22.04 | PEND | SKIPPED | SKIPPED | SKIPPED | +------------------------------+----------------+---------------------------+--------------+------------------------------+ | Ubuntu 24.04 | PEND | SKIPPED | SKIPPED | SKIPPED | +------------------------------+----------------+---------------------------+--------------+------------------------------+ | Debian 12 (arm) | SKIPPED | PEND | SKIPPED | PASS | +------------------------------+----------------+---------------------------+--------------+------------------------------+ CentOS Stream 9 Kernel: 5.4 Compiler: gcc gcc (GCC) 11.5.0 20240719 (Red Hat 11.5.0-7) Debian GNU/Linux 12 Kernel: 5.4 Compiler: gcc gcc (Debian 12.2.0-14+deb12u1) 12.2.0 Fedora Linux 40 Kernel: 5.4 Compiler: clang gcc (GCC) 14.2.1 20240912 (Red Hat 14.2.1-3) Fedora Linux 41 Kernel: 5.4 Compiler: gcc gcc (GCC) 14.3.1 20250523 (Red Hat 14.3.1-1) CentOS Stream 10 Kernel: 5.4 Compiler: gcc gcc (GCC) 14.2.1 20250110 (Red Hat 14.2.1-8) Red Hat Enterprise Linux 9.5 Kernel: 5.4 Compiler: gcc gcc (GCC) 11.5.0 20240719 (Red Hat 11.5.0-2) Ubuntu 20.04 Kernel: 5.4 Compiler: gcc gcc (Ubuntu 9.4.0-1ubuntu1~20.04.2) 9.4.0 Ubuntu 22.04 Kernel: 5.4 Compiler: gcc gcc (Ubuntu 11.4.0-1ubuntu1~22.04) 11.4.0 Ubuntu 24.04 Kernel: 5.4 Compiler: gcc gcc (Ubuntu 13.3.0-6ubuntu2~24.04) 13.3.0 Debian 12 (arm) Kernel: Depends on container host Compiler: gcc (Debian 12.2.0-14) 12.2.0 To view detailed results, visit: https://lab.dpdk.org/results/dashboard/tarballs/34221/ UNH-IOL DPDK Community Lab To manage your email subscriptions, visit: https://lab.dpdk.org/results/dashboard/preferences/subscriptions/