From mboxrd@z Thu Jan 1 00:00:00 1970 Return-Path: Received: from mails.dpdk.org (mails.dpdk.org [217.70.189.124]) by inbox.dpdk.org (Postfix) with ESMTP id EDBCA46AE9 for ; Thu, 10 Jul 2025 04:39:05 +0200 (CEST) Received: from mails.dpdk.org (localhost [127.0.0.1]) by mails.dpdk.org (Postfix) with ESMTP id E8DEB402D1; Thu, 10 Jul 2025 04:39:05 +0200 (CEST) Received: from mail-il1-f226.google.com (mail-il1-f226.google.com [209.85.166.226]) by mails.dpdk.org (Postfix) with ESMTP id 3A2D9402D1 for ; Thu, 10 Jul 2025 04:39:04 +0200 (CEST) Received: by mail-il1-f226.google.com with SMTP id e9e14a558f8ab-3dddc17e4e4so1829895ab.0 for ; Wed, 09 Jul 2025 19:39:04 -0700 (PDT) DKIM-Signature: v=1; a=rsa-sha256; c=relaxed/relaxed; d=iol.unh.edu; s=unh-iol; t=1752115143; x=1752719943; darn=dpdk.org; h=cc:to:from:subject:message-id:date:from:to:cc:subject:date :message-id:reply-to; bh=jA4tkkdClgB8Rkqp2L1W0zYHqKxhEeEtL7ieWhRD7hs=; b=AHQLp8y/239rkuhfpU2NBMatVvz5FhMd73zcknHqM4yLw5bzMRZ8HfGtcROLxNv+2D iNdcDEq7s+oAsJDkuSsdPNKBxHKgk47LKpXFqxvD/owjOtXhIGkMEDGLyg2xyADSXewg 9u3s97SArY4PnaAV1yzxjrHcJwuRneN2t6xOI= X-Google-DKIM-Signature: v=1; a=rsa-sha256; c=relaxed/relaxed; d=1e100.net; s=20230601; t=1752115143; x=1752719943; h=cc:to:from:subject:message-id:date:x-gm-message-state:from:to:cc :subject:date:message-id:reply-to; bh=jA4tkkdClgB8Rkqp2L1W0zYHqKxhEeEtL7ieWhRD7hs=; b=B0jXind1LS5w6GpnoK7eHfq6seUVPMBHBXCNdUttYpShzxc08rv7eZI7N+uIPodB/R heLU67wRnmhob5OcvxgIeE2ZXrofKDo2etyf3e8/Yv5al9a3TiDcpQdgSf/Rxw+ygXk5 J0d/rngUIM+1ObnMHKJaaLOk9Zs58CIQGIFRyQvHxpsXaVvgE1Iizi75mrAEEUugAa76 oIxaG1UdNA70/eZPl2mC254gA5j8wTrADn+HfxX2BJTJ/CwmxF+MfTg2CH207deFbVeH UVNa7Gk8Q3MxwgjW9wxiJiTZ3rCv9YRcHw/Ezhm7uLWSLrwsM6xZw3cqpXcxImb0qi9R rclg== X-Gm-Message-State: AOJu0YwvhkHqwuDc4ITCTQKEMbgsC9uvXV2NUtKgOVrv4EiPdF3f8mMu 2+P9jlji7JCHgoPKDgYhJ/l72C9h9/hvxvc3mA6l0WveOpQfDmRhwTWn+FCi+9Pzs6SpKLwu1Rv /WtZLW5UasUvwVvHVpoNLKMqL1HTCRlRf6hFLOK3YqIh/q54zwLNUyDt+aL4X X-Gm-Gg: ASbGncs14MIyb7vULcE9Fn+Ffd3t2Nk8c0tpiftgrd/FX3mJk2afOCAqgO17dt9sVtw TwSpRcZvPUsiB4FyBj5BGllgQCyvo9dBOUe7V7vS7hNhXxuYoQSZ+t+0Vj2R4Bw5Kk1NGCT1FaI Qfpec2Vr2//6ZAgQ5T7dZigFOmOXwoyiDM9Gi+2Sm3cCM3lrNMoNh/VPlrl/J7H3T2ZJ6qhfwjh kQiItDiuhXZYo3euMMgn+s/MU1Bp1OPrmTwgahWIxl42jM9aJRxf+p1JvUllAhkVbJcC6f6gOsq OlA3dMSBCxuzsT53tMsFY4mBKaDHVIUgkg184SfocVlyoWo= X-Google-Smtp-Source: AGHT+IGrMvacUKkKrC3CElW0Bkx99lqZrkyuFZ+Se257De/7/35PFDD7bnxOWNiliz3XUGl9vzjNF22At+xz X-Received: by 2002:a92:c268:0:b0:3dc:8b29:30b1 with SMTP id e9e14a558f8ab-3e2461a47c1mr9620645ab.14.1752115143517; Wed, 09 Jul 2025 19:39:03 -0700 (PDT) Received: from postal.iol.unh.edu (postal.iol.unh.edu. [2606:4100:3880:1234::84]) by smtp-relay.gmail.com with ESMTPS id e9e14a558f8ab-3e2461f960esm332015ab.37.2025.07.09.19.39.03 (version=TLS1_2 cipher=ECDHE-ECDSA-AES128-GCM-SHA256 bits=128/128); Wed, 09 Jul 2025 19:39:03 -0700 (PDT) X-Relaying-Domain: iol.unh.edu Date: Wed, 09 Jul 2025 19:39:03 -0700 (PDT) Message-ID: <686f27c7.050a0220.23c976.2006SMTPIN_ADDED_MISSING@mx.google.com> Received: from [172.21.0.5] (unknown [172.18.0.240]) by postal.iol.unh.edu (Postfix) with ESMTP id EE5CB6051830; Wed, 9 Jul 2025 22:39:02 -0400 (EDT) Subject: |FAILURE| [GIT MASTER] 9fe9c0b231c8da5435bfccb1963121b4277f961c From: dpdklab@iol.unh.edu To: Test Report Cc: dpdk-test-reports@iol.unh.edu Content-Type: text/plain X-BeenThere: test-report@dpdk.org X-Mailman-Version: 2.1.29 Precedence: list List-Id: automatic DPDK test reports List-Unsubscribe: , List-Archive: List-Post: List-Help: List-Subscribe: , Errors-To: test-report-bounces@dpdk.org _Testing issues_ Branch: dpdk 9fe9c0b231c8da5435bfccb1963121b4277f961c --> testing issues Upstream job id: Generic-Unit-Test-DPDK#354445 Test environment and result as below: +------------------------------+----------------+---------------------------+--------------+------------------------------+ | Environment | dpdk_unit_test | cryptodev_sw_zuc_autotest | lpm_autotest | cryptodev_sw_snow3g_autotest | +==============================+================+===========================+==============+==============================+ | CentOS Stream 9 | PASS | SKIPPED | SKIPPED | SKIPPED | +------------------------------+----------------+---------------------------+--------------+------------------------------+ | Debian GNU/Linux 12 | PASS | SKIPPED | SKIPPED | SKIPPED | +------------------------------+----------------+---------------------------+--------------+------------------------------+ | Fedora Linux 40 | PASS | SKIPPED | SKIPPED | SKIPPED | +------------------------------+----------------+---------------------------+--------------+------------------------------+ | Fedora Linux 41 | PASS | SKIPPED | SKIPPED | SKIPPED | +------------------------------+----------------+---------------------------+--------------+------------------------------+ | CentOS Stream 10 | PASS | SKIPPED | SKIPPED | SKIPPED | +------------------------------+----------------+---------------------------+--------------+------------------------------+ | Red Hat Enterprise Linux 9.5 | PASS | SKIPPED | SKIPPED | SKIPPED | +------------------------------+----------------+---------------------------+--------------+------------------------------+ | Ubuntu 20.04 | PASS | SKIPPED | PASS | SKIPPED | +------------------------------+----------------+---------------------------+--------------+------------------------------+ | Ubuntu 22.04 | PASS | SKIPPED | SKIPPED | SKIPPED | +------------------------------+----------------+---------------------------+--------------+------------------------------+ | Ubuntu 24.04 | PASS | SKIPPED | SKIPPED | SKIPPED | +------------------------------+----------------+---------------------------+--------------+------------------------------+ | Debian 12 (arm) | SKIPPED | PASS | SKIPPED | PASS | +------------------------------+----------------+---------------------------+--------------+------------------------------+ CentOS Stream 9 Kernel: 5.4 Compiler: gcc gcc (GCC) 11.5.0 20240719 (Red Hat 11.5.0-7) Debian GNU/Linux 12 Kernel: 5.4 Compiler: gcc gcc (Debian 12.2.0-14+deb12u1) 12.2.0 Fedora Linux 40 Kernel: 5.4 Compiler: clang gcc (GCC) 14.2.1 20240912 (Red Hat 14.2.1-3) Fedora Linux 41 Kernel: 5.4 Compiler: gcc gcc (GCC) 14.3.1 20250523 (Red Hat 14.3.1-1) CentOS Stream 10 Kernel: 5.4 Compiler: gcc gcc (GCC) 14.2.1 20250110 (Red Hat 14.2.1-8) Red Hat Enterprise Linux 9.5 Kernel: 5.4 Compiler: gcc gcc (GCC) 11.5.0 20240719 (Red Hat 11.5.0-2) Ubuntu 20.04 Kernel: 5.4 Compiler: gcc gcc (Ubuntu 9.4.0-1ubuntu1~20.04.2) 9.4.0 Ubuntu 22.04 Kernel: 5.4 Compiler: gcc gcc (Ubuntu 11.4.0-1ubuntu1~22.04) 11.4.0 Ubuntu 24.04 Kernel: 5.4 Compiler: gcc gcc (Ubuntu 13.3.0-6ubuntu2~24.04) 13.3.0 Debian 12 (arm) Kernel: Depends on container host Compiler: gcc (Debian 12.2.0-14) 12.2.0 To view detailed results, visit: https://lab.dpdk.org/results/dashboard/tarballs/34221/ UNH-IOL DPDK Community Lab To manage your email subscriptions, visit: https://lab.dpdk.org/results/dashboard/preferences/subscriptions/