From mboxrd@z Thu Jan 1 00:00:00 1970 Return-Path: Received: from mails.dpdk.org (mails.dpdk.org [217.70.189.124]) by inbox.dpdk.org (Postfix) with ESMTP id 75DD346AE9 for ; Thu, 10 Jul 2025 04:53:38 +0200 (CEST) Received: from mails.dpdk.org (localhost [127.0.0.1]) by mails.dpdk.org (Postfix) with ESMTP id 702AD402D1; Thu, 10 Jul 2025 04:53:38 +0200 (CEST) Received: from mail-pl1-f226.google.com (mail-pl1-f226.google.com [209.85.214.226]) by mails.dpdk.org (Postfix) with ESMTP id 9ACD6402D1 for ; Thu, 10 Jul 2025 04:53:36 +0200 (CEST) Received: by mail-pl1-f226.google.com with SMTP id d9443c01a7336-2353a2bc210so5626885ad.2 for ; Wed, 09 Jul 2025 19:53:36 -0700 (PDT) DKIM-Signature: v=1; a=rsa-sha256; c=relaxed/relaxed; d=iol.unh.edu; s=unh-iol; t=1752116016; x=1752720816; darn=dpdk.org; h=references:in-reply-to:cc:to:from:subject:message-id:date:from:to :cc:subject:date:message-id:reply-to; bh=cdNfAxmE7Qy6T0g0e22Dac6/Xn0qpqrEyHac12AmqnI=; b=I8Zm9wXGZr9E3PMcpBL5QTG1m67T6Kp+mO3nDzQyHm7D6wVts344iqywZOPlX0aSaN oLNyetlvZYRORlKel4b8qPYBFUg1cF8xO5dX8V0sTZnkx73+J7WEEkxmShcSNj8pkxmi 8HuG98bJko/+jpQB3NfgegFdf+T+xfoLbVYzg= X-Google-DKIM-Signature: v=1; a=rsa-sha256; c=relaxed/relaxed; d=1e100.net; s=20230601; t=1752116016; x=1752720816; h=references:in-reply-to:cc:to:from:subject:message-id:date :x-gm-message-state:from:to:cc:subject:date:message-id:reply-to; bh=cdNfAxmE7Qy6T0g0e22Dac6/Xn0qpqrEyHac12AmqnI=; b=OwagQggHV86qfZ57QIpCye+qTDDSRedyMe6QV+Bt5EMDvBHEQYRj4pK1qJrS/FjEGe yw7wJfG9mqx5F5P0AgYq5z2pdhaNjLJ9JGUujatuCOZZYl9CstHCI88OufJ4Cd8cKTTZ 3qIeHFQD/TILeDe0Oxz66j2oU+p+qjmQblO8/sCVE8sjFkgl2M7h0dbWA+w2KDetJhJd zv/m/2t74KApAQSgb+Qu2TmzBy2PIkAW04EdvnxLFkMoJihvI7RuFlRkWThSJ4luvNTv kNepKKOIvEVx60GcbLGy3q7F4yFbe1QRuelSR7vEJiH1CKyAtlHhxKc5QhYFnVZ16fWv Vl8w== X-Gm-Message-State: AOJu0YweVRHObH6aNVJzATtsyuWK7PjnrczOaXim1jexcSwsFF46sFUd TBdf76vf9+tzf3Wtgqa8MG9VgvyugUraEfJDTcH/TeP7tBvJbL6YWOrKmkT8DSTOuwYkjpRnyVp UmAHnoqGnVjiPiahBMJGHmGvNSlOaz9LFth7nYZ/tGdkepkkQljj9UzGPPBfM X-Gm-Gg: ASbGncvvTzrwetNMApw9kuutyfgM8PC3/YMBoK9km7dlg2QMVNQsilZ9q29zzPncQGU MmDvIo7KKTL9382biVO2Fo+mUdmOkcsrfLgmVRANy1ewfjukfR2gHmTNnQy8YJbz0nww9gXsDpk Xot1FUrCub2tlvYftLLahLOQmdasWeNBBY2Xid6Vz7SQo8MOyJnSg22v81O5apDLPvVxNs9BeFp M7Kebu0F628VXo392VDFXFXxk6QmvZqXrKMN+1o5CfTze4h7yzY0wz6fAO19C9PhSnBPcrLWbFw iyrY1Aa6QLDbNtR96HCEIuSRn0+wAx9Mnzf5VglMyX69Obw= X-Google-Smtp-Source: AGHT+IGHZsA5lI/tuqMLdCkhq62HppAX0Ya5wju4ZtHALYYiWpwDd682LUjHTan8BrmZSWhI3z1WpZnB26/g X-Received: by 2002:a17:902:da82:b0:235:eca0:12d4 with SMTP id d9443c01a7336-23de2514fb3mr32818075ad.53.1752116015694; Wed, 09 Jul 2025 19:53:35 -0700 (PDT) Received: from postal.iol.unh.edu (postal.iol.unh.edu. [2606:4100:3880:1234::84]) by smtp-relay.gmail.com with ESMTPS id d9443c01a7336-23de434c353sm288985ad.124.2025.07.09.19.53.35 (version=TLS1_2 cipher=ECDHE-ECDSA-AES128-GCM-SHA256 bits=128/128); Wed, 09 Jul 2025 19:53:35 -0700 (PDT) X-Relaying-Domain: iol.unh.edu Date: Wed, 09 Jul 2025 19:53:35 -0700 (PDT) Message-ID: <686f2b2f.170a0220.a1f8d.1b29SMTPIN_ADDED_MISSING@mx.google.com> Received: from [172.21.0.6] (unknown [172.18.0.240]) by postal.iol.unh.edu (Postfix) with ESMTP id D8D9C6051830; Wed, 9 Jul 2025 22:53:34 -0400 (EDT) Subject: |FAILURE| pw155006 [PATCH] ethdev: fix shadow variable definition From: dpdklab@iol.unh.edu To: Test Report Cc: dpdk-test-reports@iol.unh.edu, Stephen Hemminger In-Reply-To: <20250703172407.116249-1-stephen@networkplumber.org> References: <20250703172407.116249-1-stephen@networkplumber.org> Content-Type: text/plain X-BeenThere: test-report@dpdk.org X-Mailman-Version: 2.1.29 Precedence: list List-Id: automatic DPDK test reports List-Unsubscribe: , List-Archive: List-Post: List-Help: List-Subscribe: , Errors-To: test-report-bounces@dpdk.org Test-Label: iol-compile-amd64-testing Test-Status: FAILURE http://dpdk.org/patch/155006 _Testing issues_ Submitter: Stephen Hemminger Date: Thursday, July 03 2025 17:24:07 DPDK git baseline: Repo:dpdk Branch: master CommitID:ba982f9a1ca9b96ed0394b764f1523d482e963a2 155006 --> testing issues Upstream job id: Windows-Compile-DPDK-Native#29696 Test environment and result as below: +-------------------------------+--------------------+-------------------+------------------+-------------------+-------------------------+ | Environment | dpdk_meson_compile | dpdk_compile_spdk | dpdk_compile_ovs | dpdk_msvc_compile | dpdk_llvm_clang_compile | +===============================+====================+===================+==================+===================+=========================+ | CentOS Stream 9 | FAIL | WARN | SKIPPED | SKIPPED | SKIPPED | +-------------------------------+--------------------+-------------------+------------------+-------------------+-------------------------+ | Debian GNU/Linux 12 | FAIL | WARN | SKIPPED | SKIPPED | SKIPPED | +-------------------------------+--------------------+-------------------+------------------+-------------------+-------------------------+ | CentOS Stream 10 | FAIL | SKIPPED | SKIPPED | SKIPPED | SKIPPED | +-------------------------------+--------------------+-------------------+------------------+-------------------+-------------------------+ | Fedora Linux 40 | FAIL | WARN | SKIPPED | SKIPPED | SKIPPED | +-------------------------------+--------------------+-------------------+------------------+-------------------+-------------------------+ | Fedora Linux 41 | FAIL | WARN | WARN | SKIPPED | SKIPPED | +-------------------------------+--------------------+-------------------+------------------+-------------------+-------------------------+ | Red Hat Enterprise Linux 9.5 | FAIL | SKIPPED | SKIPPED | SKIPPED | SKIPPED | +-------------------------------+--------------------+-------------------+------------------+-------------------+-------------------------+ | Red Hat Enterprise Linux 8.10 | FAIL | SKIPPED | SKIPPED | SKIPPED | SKIPPED | +-------------------------------+--------------------+-------------------+------------------+-------------------+-------------------------+ | openSUSE Leap 15.6 | FAIL | SKIPPED | SKIPPED | SKIPPED | SKIPPED | +-------------------------------+--------------------+-------------------+------------------+-------------------+-------------------------+ | Ubuntu 20.04 | FAIL | SKIPPED | SKIPPED | SKIPPED | SKIPPED | +-------------------------------+--------------------+-------------------+------------------+-------------------+-------------------------+ | Ubuntu 22.04 | FAIL | WARN | SKIPPED | SKIPPED | SKIPPED | +-------------------------------+--------------------+-------------------+------------------+-------------------+-------------------------+ | Ubuntu 24.04 | FAIL | WARN | WARN | SKIPPED | SKIPPED | +-------------------------------+--------------------+-------------------+------------------+-------------------+-------------------------+ | Alpine Linux 3.22.0 | FAIL | SKIPPED | SKIPPED | SKIPPED | SKIPPED | +-------------------------------+--------------------+-------------------+------------------+-------------------+-------------------------+ | FreeBSD 14.2 | FAIL | SKIPPED | SKIPPED | SKIPPED | SKIPPED | +-------------------------------+--------------------+-------------------+------------------+-------------------+-------------------------+ | Windows Server 2022 | SKIPPED | SKIPPED | SKIPPED | PASS | FAIL | +-------------------------------+--------------------+-------------------+------------------+-------------------+-------------------------+ ==== 20 line log output for Windows Server 2022 (dpdk_llvm_clang_compile): ==== [13/809] Compiling C object lib/librte_bbdev.a.p/bbdev_rte_bbdev.c.obj FAILED: lib/librte_bbdev.a.p/bbdev_rte_bbdev.c.obj "clang" "-Ilib\librte_bbdev.a.p" "-Ilib" "-I..\lib" "-Ilib\bbdev" "-I..\lib\bbdev" "-Ilib\eal\common" "-I..\lib\eal\common" "-I." "-I.." "-Iconfig" "-I..\config" "-Ilib\eal\include" "-I..\lib\eal\include" "-Ilib\eal\windows\include" "-I..\lib\eal\windows\include" "-Ilib\eal\x86\include" "-I..\lib\eal\x86\include" "-Ilib\eal" "-I..\lib\eal" "-Ilib\log" "-I..\lib\log" "-Ilib\kvargs" "-I..\lib\kvargs" "-Ilib\mbuf" "-I..\lib\mbuf" "-Ilib\mempool" "-I..\lib\mempool" "-Ilib\ring" "-I..\lib\ring" "-Ilib\metrics" "-I..\lib\metrics" "-Ilib\telemetry" "-I..\lib\telemetry" "-IC:\Program Files\Mellanox\MLNX_WinOF2_DevX_SDK\inc" "-fdiagnostics-color=always" "-D_FILE_OFFSET_BITS=64" "-Wall" "-Winvalid-pch" "-Wextra" "-Werror" "-std=c11" "-O3" "-include" "rte_config.h" "-Wvla" "-Wcast-qual" "-Wdeprecated" "-Wformat" "-Wformat-nonliteral" "-Wformat-security" "-Wmissing-declarations" "-Wmissing-prototypes" "-Wnested-externs" "-Wold-style-definition" "-Wpointer-arith" "-Wshadow" "-Wsign-compare" "-Wst rict-prototypes" "-Wundef" "-Wwrite-strings" "-Wno-missing-field-initializers" "-D_GNU_SOURCE" "-D_WIN32_WINNT=0x0A00" "-D_CRT_SECURE_NO_WARNINGS" "-march=native" "-mrtm" "-DALLOW_EXPERIMENTAL_API" "-DALLOW_INTERNAL_API" "-DRTE_LOG_DEFAULT_LOGTYPE=lib.bbdev" "-DRTE_ANNOTATE_LOCKS" "-Wthread-safety" -MD -MQ lib/librte_bbdev.a.p/bbdev_rte_bbdev.c.obj -MF "lib\librte_bbdev.a.p\bbdev_rte_bbdev.c.obj.d" -o lib/librte_bbdev.a.p/bbdev_rte_bbdev.c.obj "-c" ../lib/bbdev/rte_bbdev.c ../lib/bbdev/rte_bbdev.c:360:8: error: declaration shadows a local variable [-Werror,-Wshadow] int ret = dev->dev_ops->queue_release(dev, i); ^ ../lib/bbdev/rte_bbdev.c:328:6: note: previous declaration is here int ret; ^ 1 error generated. [14/809] Generating lib/rte_timer_map with a custom command [15/809] Generating lib/rte_bbdev_map with a custom command [16/809] Generating lib/rte_gpudev_map with a custom command [17/809] Compiling C object lib/librte_metrics.a.p/metrics_rte_metrics_telemetry.c.obj [18/809] Compiling C object lib/librte_bbdev.a.p/bbdev_bbdev_trace_points.c.obj [19/809] Compiling C object lib/librte_hash.a.p/hash_rte_thash.c.obj [20/809] Compiling C object lib/librte_hash.a.p/hash_rte_thash_gf2_poly_math.c.obj [21/809] Compiling C object lib/librte_hash.a.p/hash_rte_cuckoo_hash.c.obj [22/809] Compiling C object lib/librte_gpudev.a.p/gpudev_gpudev.c.obj ninja: build stopped: subcommand failed. ==== End log output ==== CentOS Stream 9 Kernel: 5.15 Compiler: gcc gcc (GCC) 11.5.0 20240719 (Red Hat 11.5.0-7) Debian GNU/Linux 12 Kernel: 5.15 Compiler: gcc gcc (Debian 12.2.0-14+deb12u1) 12.2.0 CentOS Stream 10 Kernel: 5.15 Compiler: gcc gcc (GCC) 14.2.1 20250110 (Red Hat 14.2.1-8) Fedora Linux 40 Kernel: 5.15 Compiler: clang gcc (GCC) 14.2.1 20240912 (Red Hat 14.2.1-3) Fedora Linux 41 Kernel: 5.15 Compiler: gcc gcc (GCC) 14.3.1 20250523 (Red Hat 14.3.1-1) Red Hat Enterprise Linux 9.5 Kernel: 5.15 Compiler: gcc gcc (GCC) 11.5.0 20240719 (Red Hat 11.5.0-2) Red Hat Enterprise Linux 8.10 Kernel: 5.15 Compiler: gcc gcc (GCC) 8.5.0 20210514 (Red Hat 8.5.0-22) openSUSE Leap 15.6 Kernel: 5.15 Compiler: gcc gcc (SUSE Linux) 7.5.0 Ubuntu 20.04 Kernel: 5.15 Compiler: gcc gcc (Ubuntu 9.4.0-1ubuntu1~20.04.2) 9.4.0 Ubuntu 22.04 Kernel: 5.15 Compiler: gcc gcc (Ubuntu 11.4.0-1ubuntu1~22.04) 11.4.0 Ubuntu 24.04 Kernel: 5.15 Compiler: gcc gcc (Ubuntu 13.3.0-6ubuntu2~24.04) 13.3.0 Alpine Linux 3.22.0 Kernel: 5.15 Compiler: gcc gcc (Alpine 14.2.0) 14.2.0 FreeBSD 14.2 Kernel: 14.2-RELEASE Compiler: clang 18.1.6 Windows Server 2022 Kernel: 10.0.20348.2031 Compiler: clang 15.0.7, gcc 14.1.0 (MinGW), and MSVC VS 19.39.33521 To view detailed results, visit: https://lab.dpdk.org/results/dashboard/patchsets/33589/ UNH-IOL DPDK Community Lab To manage your email subscriptions, visit: https://lab.dpdk.org/results/dashboard/preferences/subscriptions/