automatic DPDK test reports
 help / color / mirror / Atom feed
From: dpdklab@iol.unh.edu
To: Test Report <test-report@dpdk.org>
Cc: dpdk-test-reports@iol.unh.edu,
	Stephen Hemminger <stephen@networkplumber.org>
Subject: |FAILURE| pw155006 [PATCH] ethdev: fix shadow variable definition
Date: Wed, 09 Jul 2025 20:21:53 -0700 (PDT)	[thread overview]
Message-ID: <686f31d1.050a0220.38ba54.1875SMTPIN_ADDED_MISSING@mx.google.com> (raw)
In-Reply-To: <20250703172407.116249-1-stephen@networkplumber.org>

Test-Label: iol-compile-amd64-testing
Test-Status: FAILURE
http://dpdk.org/patch/155006

_Testing issues_

Submitter: Stephen Hemminger <stephen@networkplumber.org>
Date: Thursday, July 03 2025 17:24:07 
DPDK git baseline: Repo:dpdk
  Branch: master
  CommitID:ba982f9a1ca9b96ed0394b764f1523d482e963a2

155006 --> testing issues

Upstream job id: Windows-Compile-DPDK-Native#29697

Test environment and result as below:

+-------------------------------+--------------------+-------------------+------------------+-------------------+-------------------------+----------------------+
|          Environment          | dpdk_meson_compile | dpdk_compile_spdk | dpdk_compile_ovs | dpdk_msvc_compile | dpdk_llvm_clang_compile | dpdk_mingw64_compile |
+===============================+====================+===================+==================+===================+=========================+======================+
| CentOS Stream 9               | FAIL               | WARN              | SKIPPED          | SKIPPED           | SKIPPED                 | SKIPPED              |
+-------------------------------+--------------------+-------------------+------------------+-------------------+-------------------------+----------------------+
| Debian GNU/Linux 12           | FAIL               | WARN              | SKIPPED          | SKIPPED           | SKIPPED                 | SKIPPED              |
+-------------------------------+--------------------+-------------------+------------------+-------------------+-------------------------+----------------------+
| CentOS Stream 10              | FAIL               | SKIPPED           | SKIPPED          | SKIPPED           | SKIPPED                 | SKIPPED              |
+-------------------------------+--------------------+-------------------+------------------+-------------------+-------------------------+----------------------+
| Fedora Linux 40               | FAIL               | WARN              | SKIPPED          | SKIPPED           | SKIPPED                 | SKIPPED              |
+-------------------------------+--------------------+-------------------+------------------+-------------------+-------------------------+----------------------+
| Fedora Linux 41               | FAIL               | WARN              | WARN             | SKIPPED           | SKIPPED                 | SKIPPED              |
+-------------------------------+--------------------+-------------------+------------------+-------------------+-------------------------+----------------------+
| Red Hat Enterprise Linux 9.5  | FAIL               | SKIPPED           | SKIPPED          | SKIPPED           | SKIPPED                 | SKIPPED              |
+-------------------------------+--------------------+-------------------+------------------+-------------------+-------------------------+----------------------+
| Red Hat Enterprise Linux 8.10 | FAIL               | SKIPPED           | SKIPPED          | SKIPPED           | SKIPPED                 | SKIPPED              |
+-------------------------------+--------------------+-------------------+------------------+-------------------+-------------------------+----------------------+
| openSUSE Leap 15.6            | FAIL               | SKIPPED           | SKIPPED          | SKIPPED           | SKIPPED                 | SKIPPED              |
+-------------------------------+--------------------+-------------------+------------------+-------------------+-------------------------+----------------------+
| Ubuntu 20.04                  | FAIL               | SKIPPED           | SKIPPED          | SKIPPED           | SKIPPED                 | SKIPPED              |
+-------------------------------+--------------------+-------------------+------------------+-------------------+-------------------------+----------------------+
| Ubuntu 22.04                  | FAIL               | WARN              | SKIPPED          | SKIPPED           | SKIPPED                 | SKIPPED              |
+-------------------------------+--------------------+-------------------+------------------+-------------------+-------------------------+----------------------+
| Ubuntu 24.04                  | FAIL               | WARN              | WARN             | SKIPPED           | SKIPPED                 | SKIPPED              |
+-------------------------------+--------------------+-------------------+------------------+-------------------+-------------------------+----------------------+
| Alpine Linux 3.22.0           | FAIL               | SKIPPED           | SKIPPED          | SKIPPED           | SKIPPED                 | SKIPPED              |
+-------------------------------+--------------------+-------------------+------------------+-------------------+-------------------------+----------------------+
| FreeBSD 14.2                  | FAIL               | SKIPPED           | SKIPPED          | SKIPPED           | SKIPPED                 | SKIPPED              |
+-------------------------------+--------------------+-------------------+------------------+-------------------+-------------------------+----------------------+
| Windows Server 2022           | SKIPPED            | SKIPPED           | SKIPPED          | PASS              | FAIL                    | FAIL                 |
+-------------------------------+--------------------+-------------------+------------------+-------------------+-------------------------+----------------------+

==== 20 line log output for Windows Server 2022 (dpdk_mingw64_compile): ====
[38/809] Compiling C object lib/librte_eal.a.p/eal_common_eal_common_trace_points.c.obj
[39/809] Compiling C object lib/librte_eal.a.p/eal_common_rte_version.c.obj
[40/809] Compiling C object lib/librte_eal.a.p/eal_common_rte_reciprocal.c.obj
[41/809] Compiling C object lib/librte_eal.a.p/eal_common_malloc_elem.c.obj
[42/809] Compiling C object lib/librte_eal.a.p/eal_common_rte_bitset.c.obj
[43/809] Compiling C object lib/librte_eal.a.p/eal_common_malloc_heap.c.obj
FAILED: lib/librte_eal.a.p/eal_common_malloc_heap.c.obj
"ccache" "gcc" "-Ilib\librte_eal.a.p" "-Ilib" "-I..\lib" "-Ilib\eal\common" "-I..\lib\eal\common" "-I." "-I.." "-Iconfig" "-I..\config" "-Ilib\eal\include" "-I..\lib\eal\include" "-Ilib\eal\windows\include" "-I..\lib\eal\windows\include" "-Ilib\eal\x86\include" "-I..\lib\eal\x86\include" "-Ilib\eal" "-I..\lib\eal" "-Ilib\log" "-I..\lib\log" "-Ilib\kvargs" "-I..\lib\kvargs" "-IC:\Program Files\Mellanox\MLNX_WinOF2_DevX_SDK\inc" "-fdiagnostics-color=always" "-D_FILE_OFFSET_BITS=64" "-Wall" "-Winvalid-pch" "-Wextra" "-Werror" "-std=c11" "-O3" "-include" "rte_config.h" "-Wvla" "-Wcast-qual" "-Wdeprecated" "-Wformat" "-Wformat-nonliteral" "-Wformat-security" "-Wmissing-declarations" "-Wmissing-prototypes" "-Wnested-externs" "-Wold-style-definition" "-Wpointer-arith" "-Wshadow" "-Wsign-compare" "-Wstrict-prototypes" "-Wundef" "-Wwrite-strings" "-Wno-packed-not-aligned" "-Wno-missing-field-initializers" "-D_GNU_SOURCE" "-D_WIN32_WINNT=0x0A00" "-D__USE_MINGW_ANSI_STDIO" "-march=native" "-mrt
 m" "-DALLOW_EXPERIMENTAL_API" "-DALLOW_INTERNAL_API" "-Wno-format-truncation" "-DABI_VERSION=\"25.2\"" "-DRTE_LOG_DEFAULT_LOGTYPE=lib.eal" -MD -MQ lib/librte_eal.a.p/eal_common_malloc_heap.c.obj -MF "lib\librte_eal.a.p\eal_common_malloc_heap.c.obj.d" -o lib/librte_eal.a.p/eal_common_malloc_heap.c.obj "-c" ../lib/eal/common/malloc_heap.c
../lib/eal/common/malloc_heap.c: In function 'malloc_heap_free':
../lib/eal/common/malloc_heap.c:1047:23: error: declaration of 'aligned_end' shadows a previous local [-Werror=shadow]
1047 |                 void *aligned_end = RTE_PTR_ADD(aligned_start, aligned_len);
|                       ^~~~~~~~~~~
../lib/eal/common/malloc_heap.c:862:45: note: shadowed declaration is here
862 |         void *start, *aligned_start, *end, *aligned_end;
|                                             ^~~~~~~~~~~
cc1.exe: all warnings being treated as errors
[44/809] Compiling C object lib/librte_eal.a.p/eal_common_rte_random.c.obj
[45/809] Compiling C object lib/librte_eal.a.p/eal_common_rte_malloc.c.obj
[46/809] Compiling C object lib/librte_eal.a.p/eal_common_rte_service.c.obj
ninja: build stopped: subcommand failed.
==== End log output ====

CentOS Stream 9
	Kernel: 5.15
	Compiler: gcc gcc (GCC) 11.5.0 20240719 (Red Hat 11.5.0-7)

Debian GNU/Linux 12
	Kernel: 5.15
	Compiler: gcc gcc (Debian 12.2.0-14+deb12u1) 12.2.0

CentOS Stream 10
	Kernel: 5.15
	Compiler: gcc gcc (GCC) 14.2.1 20250110 (Red Hat 14.2.1-8)

Fedora Linux 40
	Kernel: 5.15
	Compiler: clang gcc (GCC) 14.2.1 20240912 (Red Hat 14.2.1-3)

Fedora Linux 41
	Kernel: 5.15
	Compiler: gcc gcc (GCC) 14.3.1 20250523 (Red Hat 14.3.1-1)

Red Hat Enterprise Linux 9.5
	Kernel: 5.15
	Compiler: gcc gcc (GCC) 11.5.0 20240719 (Red Hat 11.5.0-2)

Red Hat Enterprise Linux 8.10
	Kernel: 5.15
	Compiler: gcc gcc (GCC) 8.5.0 20210514 (Red Hat 8.5.0-22)

openSUSE Leap 15.6
	Kernel: 5.15
	Compiler: gcc gcc (SUSE Linux) 7.5.0

Ubuntu 20.04
	Kernel: 5.15
	Compiler: gcc gcc (Ubuntu 9.4.0-1ubuntu1~20.04.2) 9.4.0

Ubuntu 22.04
	Kernel: 5.15
	Compiler: gcc gcc (Ubuntu 11.4.0-1ubuntu1~22.04) 11.4.0

Ubuntu 24.04
	Kernel: 5.15
	Compiler: gcc gcc (Ubuntu 13.3.0-6ubuntu2~24.04) 13.3.0

Alpine Linux 3.22.0
	Kernel: 5.15
	Compiler: gcc gcc (Alpine 14.2.0) 14.2.0

FreeBSD 14.2
	Kernel: 14.2-RELEASE
	Compiler: clang 18.1.6

Windows Server 2022
	Kernel: 10.0.20348.2031
	Compiler: clang 15.0.7, gcc 14.1.0 (MinGW), and MSVC VS 19.39.33521

To view detailed results, visit:
https://lab.dpdk.org/results/dashboard/patchsets/33589/

UNH-IOL DPDK Community Lab

To manage your email subscriptions, visit: 
https://lab.dpdk.org/results/dashboard/preferences/subscriptions/

  parent reply	other threads:[~2025-07-10  3:21 UTC|newest]

Thread overview: 29+ messages / expand[flat|nested]  mbox.gz  Atom feed  top
     [not found] <20250703172407.116249-1-stephen@networkplumber.org>
2025-07-03 16:49 ` |SUCCESS| " qemudev
2025-07-03 16:53 ` qemudev
2025-07-03 17:24 ` checkpatch
2025-07-09 16:42 ` |FAILURE| " dpdklab
2025-07-09 18:33 ` dpdklab
2025-07-09 18:33 ` |SUCCESS| " dpdklab
2025-07-09 18:38 ` dpdklab
2025-07-09 18:38 ` |WARNING| " dpdklab
2025-07-09 18:38 ` dpdklab
2025-07-09 18:39 ` dpdklab
2025-07-09 18:39 ` dpdklab
2025-07-09 18:39 ` dpdklab
2025-07-09 18:39 ` dpdklab
2025-07-09 18:39 ` dpdklab
2025-07-09 18:43 ` |SUCCESS| " dpdklab
2025-07-09 19:01 ` |FAILURE| " dpdklab
2025-07-09 19:01 ` dpdklab
2025-07-09 19:02 ` dpdklab
2025-07-09 19:02 ` dpdklab
2025-07-09 19:04 ` dpdklab
2025-07-09 19:05 ` |SUCCESS| " dpdklab
2025-07-09 19:06 ` dpdklab
2025-07-09 19:06 ` dpdklab
2025-07-09 19:10 ` |FAILURE| " dpdklab
2025-07-09 19:23 ` |WARNING| " dpdklab
2025-07-10  2:53 ` |FAILURE| " dpdklab
2025-07-10  3:21 ` dpdklab [this message]
2025-07-10  8:01 ` dpdklab
2025-07-10  8:07 ` dpdklab

Reply instructions:

You may reply publicly to this message via plain-text email
using any one of the following methods:

* Save the following mbox file, import it into your mail client,
  and reply-to-all from there: mbox

  Avoid top-posting and favor interleaved quoting:
  https://en.wikipedia.org/wiki/Posting_style#Interleaved_style

* Reply using the --to, --cc, and --in-reply-to
  switches of git-send-email(1):

  git send-email \
    --in-reply-to=686f31d1.050a0220.38ba54.1875SMTPIN_ADDED_MISSING@mx.google.com \
    --to=dpdklab@iol.unh.edu \
    --cc=dpdk-test-reports@iol.unh.edu \
    --cc=stephen@networkplumber.org \
    --cc=test-report@dpdk.org \
    /path/to/YOUR_REPLY

  https://kernel.org/pub/software/scm/git/docs/git-send-email.html

* If your mail client supports setting the In-Reply-To header
  via mailto: links, try the mailto: link
Be sure your reply has a Subject: header at the top and a blank line before the message body.
This is a public inbox, see mirroring instructions
for how to clone and mirror all data and code used for this inbox;
as well as URLs for NNTP newsgroup(s).