From mboxrd@z Thu Jan 1 00:00:00 1970 Return-Path: Received: from mails.dpdk.org (mails.dpdk.org [217.70.189.124]) by inbox.dpdk.org (Postfix) with ESMTP id 0C20446AE9 for ; Thu, 10 Jul 2025 05:21:56 +0200 (CEST) Received: from mails.dpdk.org (localhost [127.0.0.1]) by mails.dpdk.org (Postfix) with ESMTP id 06F04402D1; Thu, 10 Jul 2025 05:21:56 +0200 (CEST) Received: from mail-io1-f98.google.com (mail-io1-f98.google.com [209.85.166.98]) by mails.dpdk.org (Postfix) with ESMTP id 8EE71402D1 for ; Thu, 10 Jul 2025 05:21:54 +0200 (CEST) Received: by mail-io1-f98.google.com with SMTP id ca18e2360f4ac-875dd57d63bso28214739f.0 for ; Wed, 09 Jul 2025 20:21:54 -0700 (PDT) DKIM-Signature: v=1; a=rsa-sha256; c=relaxed/relaxed; d=iol.unh.edu; s=unh-iol; t=1752117714; x=1752722514; darn=dpdk.org; h=references:in-reply-to:cc:to:from:subject:message-id:date:from:to :cc:subject:date:message-id:reply-to; bh=8HOt+7Vjax47LeonPoDfcZ3xPSEkUmRGag7l/boZF8I=; b=fB82ehG3nUWF7eYcpsV97L1zLRRhgsH5NhaYYHf1VAtd/intufkWUmWkrF+1xw6RIg HMepduMjUZ7viSKohflsLJV6LarAludomaAxKTXpsWI9DqwYLsFdf8nmubfU3xnHrOd7 WcwFNUX7ozFyJD9PmMkiptOw1iBNMlxkE/wI4= X-Google-DKIM-Signature: v=1; a=rsa-sha256; c=relaxed/relaxed; d=1e100.net; s=20230601; t=1752117714; x=1752722514; h=references:in-reply-to:cc:to:from:subject:message-id:date :x-gm-message-state:from:to:cc:subject:date:message-id:reply-to; bh=8HOt+7Vjax47LeonPoDfcZ3xPSEkUmRGag7l/boZF8I=; b=e0eQJinBcHXnxi3EyIGYnwi+NhXGn81RQ04V2Wv/4nuMRC+QXQA1R/MJvcIxcy504t zo87KVNc+M/wZrC3MqtpdAO2WI+IuRdCWB+ISorNhfZMJDCXTtio/x0yYcPBYW8I0UMy MnMx+s0Lm4vzWU5XSsB8WZBsLfBnt7XH6K+rmjncyOcBrZf4/grfontOnbwGDAMQhjME i5wAJ3FMKrXmHEc5wpTJJYPHi4aO79BIKW3wE5x8Cnswg3x/iJkrW7IiRZT+WIcLcXyt z4h+Pwlk+4fhEsr+/uMAnKeODLvcrBthS/9S/qx0iWQulwQU2l0uEo9LTqF7/gJ4ZLOU PVOg== X-Gm-Message-State: AOJu0YyPMvGdO+qcePo6ZSEDeT7iNkQtGkVsRZDPBYv3DmKNzqvEEN1k B11AQOj60hgjeBcdFI/0EyHIeoBCYE4AkbDMGTS/s9Keo/jOnF46uCht4pNqyIGC0879U5lvzJP KPQVUxNzCoziUKSaaMG0uEd56QGVBTEjyDABk8NQ40c0B X-Gm-Gg: ASbGnctis0iy109Kth/XLeP6WgOSSqEdwMmlt2wjkwof6n36QMv7GBx2ySA/zEwu3U9 cOUazzrm0+o/Cim+qj7qy5KFd9YLW0Q/v7L78UtvXeZSxScrlkOZ+uQvItGZX1IV479jD2h4Ihs y696snkiOojHWD1Aqpj784W+1XsAQKpiZsE87RyUdqJv7hbC7hl0yBVp2FLB0dmXKUENWrKfjR0 3GFe1Qlvq5LQSOs9sdTJmwaimB2KBRA0hm+nHCP77Jk0t6toJW7rhNLKUv96Vjo1UZy9ieagN0w dcPj2MJv84QpfaEk7NKAAtUOqmx+PNhTXkpOaYPGLTHYd0g8875KJrljotSzwIn6WNNMxw== X-Google-Smtp-Source: AGHT+IGK9yzHzOM2jqw+cDL2AvxZwmF9Q0gAe0pci1XnGnIhToR5jofwvDJsnIlKQEEzWFUW5cpngli/tECd X-Received: by 2002:a6b:f30f:0:b0:876:4204:b63d with SMTP id ca18e2360f4ac-87966ff44d2mr140937239f.8.1752117713729; Wed, 09 Jul 2025 20:21:53 -0700 (PDT) Received: from postal.iol.unh.edu (postal.iol.unh.edu. [132.177.123.84]) by smtp-relay.gmail.com with ESMTPS id 8926c6da1cb9f-50556984295sm26825173.50.2025.07.09.20.21.53 (version=TLS1_2 cipher=ECDHE-ECDSA-AES128-GCM-SHA256 bits=128/128); Wed, 09 Jul 2025 20:21:53 -0700 (PDT) X-Relaying-Domain: iol.unh.edu Date: Wed, 09 Jul 2025 20:21:53 -0700 (PDT) Message-ID: <686f31d1.050a0220.38ba54.1875SMTPIN_ADDED_MISSING@mx.google.com> Received: from [172.21.0.5] (unknown [172.18.0.240]) by postal.iol.unh.edu (Postfix) with ESMTP id 39B1F6051830; Wed, 9 Jul 2025 23:21:53 -0400 (EDT) Subject: |FAILURE| pw155006 [PATCH] ethdev: fix shadow variable definition From: dpdklab@iol.unh.edu To: Test Report Cc: dpdk-test-reports@iol.unh.edu, Stephen Hemminger In-Reply-To: <20250703172407.116249-1-stephen@networkplumber.org> References: <20250703172407.116249-1-stephen@networkplumber.org> Content-Type: text/plain X-BeenThere: test-report@dpdk.org X-Mailman-Version: 2.1.29 Precedence: list List-Id: automatic DPDK test reports List-Unsubscribe: , List-Archive: List-Post: List-Help: List-Subscribe: , Errors-To: test-report-bounces@dpdk.org Test-Label: iol-compile-amd64-testing Test-Status: FAILURE http://dpdk.org/patch/155006 _Testing issues_ Submitter: Stephen Hemminger Date: Thursday, July 03 2025 17:24:07 DPDK git baseline: Repo:dpdk Branch: master CommitID:ba982f9a1ca9b96ed0394b764f1523d482e963a2 155006 --> testing issues Upstream job id: Windows-Compile-DPDK-Native#29697 Test environment and result as below: +-------------------------------+--------------------+-------------------+------------------+-------------------+-------------------------+----------------------+ | Environment | dpdk_meson_compile | dpdk_compile_spdk | dpdk_compile_ovs | dpdk_msvc_compile | dpdk_llvm_clang_compile | dpdk_mingw64_compile | +===============================+====================+===================+==================+===================+=========================+======================+ | CentOS Stream 9 | FAIL | WARN | SKIPPED | SKIPPED | SKIPPED | SKIPPED | +-------------------------------+--------------------+-------------------+------------------+-------------------+-------------------------+----------------------+ | Debian GNU/Linux 12 | FAIL | WARN | SKIPPED | SKIPPED | SKIPPED | SKIPPED | +-------------------------------+--------------------+-------------------+------------------+-------------------+-------------------------+----------------------+ | CentOS Stream 10 | FAIL | SKIPPED | SKIPPED | SKIPPED | SKIPPED | SKIPPED | +-------------------------------+--------------------+-------------------+------------------+-------------------+-------------------------+----------------------+ | Fedora Linux 40 | FAIL | WARN | SKIPPED | SKIPPED | SKIPPED | SKIPPED | +-------------------------------+--------------------+-------------------+------------------+-------------------+-------------------------+----------------------+ | Fedora Linux 41 | FAIL | WARN | WARN | SKIPPED | SKIPPED | SKIPPED | +-------------------------------+--------------------+-------------------+------------------+-------------------+-------------------------+----------------------+ | Red Hat Enterprise Linux 9.5 | FAIL | SKIPPED | SKIPPED | SKIPPED | SKIPPED | SKIPPED | +-------------------------------+--------------------+-------------------+------------------+-------------------+-------------------------+----------------------+ | Red Hat Enterprise Linux 8.10 | FAIL | SKIPPED | SKIPPED | SKIPPED | SKIPPED | SKIPPED | +-------------------------------+--------------------+-------------------+------------------+-------------------+-------------------------+----------------------+ | openSUSE Leap 15.6 | FAIL | SKIPPED | SKIPPED | SKIPPED | SKIPPED | SKIPPED | +-------------------------------+--------------------+-------------------+------------------+-------------------+-------------------------+----------------------+ | Ubuntu 20.04 | FAIL | SKIPPED | SKIPPED | SKIPPED | SKIPPED | SKIPPED | +-------------------------------+--------------------+-------------------+------------------+-------------------+-------------------------+----------------------+ | Ubuntu 22.04 | FAIL | WARN | SKIPPED | SKIPPED | SKIPPED | SKIPPED | +-------------------------------+--------------------+-------------------+------------------+-------------------+-------------------------+----------------------+ | Ubuntu 24.04 | FAIL | WARN | WARN | SKIPPED | SKIPPED | SKIPPED | +-------------------------------+--------------------+-------------------+------------------+-------------------+-------------------------+----------------------+ | Alpine Linux 3.22.0 | FAIL | SKIPPED | SKIPPED | SKIPPED | SKIPPED | SKIPPED | +-------------------------------+--------------------+-------------------+------------------+-------------------+-------------------------+----------------------+ | FreeBSD 14.2 | FAIL | SKIPPED | SKIPPED | SKIPPED | SKIPPED | SKIPPED | +-------------------------------+--------------------+-------------------+------------------+-------------------+-------------------------+----------------------+ | Windows Server 2022 | SKIPPED | SKIPPED | SKIPPED | PASS | FAIL | FAIL | +-------------------------------+--------------------+-------------------+------------------+-------------------+-------------------------+----------------------+ ==== 20 line log output for Windows Server 2022 (dpdk_mingw64_compile): ==== [38/809] Compiling C object lib/librte_eal.a.p/eal_common_eal_common_trace_points.c.obj [39/809] Compiling C object lib/librte_eal.a.p/eal_common_rte_version.c.obj [40/809] Compiling C object lib/librte_eal.a.p/eal_common_rte_reciprocal.c.obj [41/809] Compiling C object lib/librte_eal.a.p/eal_common_malloc_elem.c.obj [42/809] Compiling C object lib/librte_eal.a.p/eal_common_rte_bitset.c.obj [43/809] Compiling C object lib/librte_eal.a.p/eal_common_malloc_heap.c.obj FAILED: lib/librte_eal.a.p/eal_common_malloc_heap.c.obj "ccache" "gcc" "-Ilib\librte_eal.a.p" "-Ilib" "-I..\lib" "-Ilib\eal\common" "-I..\lib\eal\common" "-I." "-I.." "-Iconfig" "-I..\config" "-Ilib\eal\include" "-I..\lib\eal\include" "-Ilib\eal\windows\include" "-I..\lib\eal\windows\include" "-Ilib\eal\x86\include" "-I..\lib\eal\x86\include" "-Ilib\eal" "-I..\lib\eal" "-Ilib\log" "-I..\lib\log" "-Ilib\kvargs" "-I..\lib\kvargs" "-IC:\Program Files\Mellanox\MLNX_WinOF2_DevX_SDK\inc" "-fdiagnostics-color=always" "-D_FILE_OFFSET_BITS=64" "-Wall" "-Winvalid-pch" "-Wextra" "-Werror" "-std=c11" "-O3" "-include" "rte_config.h" "-Wvla" "-Wcast-qual" "-Wdeprecated" "-Wformat" "-Wformat-nonliteral" "-Wformat-security" "-Wmissing-declarations" "-Wmissing-prototypes" "-Wnested-externs" "-Wold-style-definition" "-Wpointer-arith" "-Wshadow" "-Wsign-compare" "-Wstrict-prototypes" "-Wundef" "-Wwrite-strings" "-Wno-packed-not-aligned" "-Wno-missing-field-initializers" "-D_GNU_SOURCE" "-D_WIN32_WINNT=0x0A00" "-D__USE_MINGW_ANSI_STDIO" "-march=native" "-mrt m" "-DALLOW_EXPERIMENTAL_API" "-DALLOW_INTERNAL_API" "-Wno-format-truncation" "-DABI_VERSION=\"25.2\"" "-DRTE_LOG_DEFAULT_LOGTYPE=lib.eal" -MD -MQ lib/librte_eal.a.p/eal_common_malloc_heap.c.obj -MF "lib\librte_eal.a.p\eal_common_malloc_heap.c.obj.d" -o lib/librte_eal.a.p/eal_common_malloc_heap.c.obj "-c" ../lib/eal/common/malloc_heap.c ../lib/eal/common/malloc_heap.c: In function 'malloc_heap_free': ../lib/eal/common/malloc_heap.c:1047:23: error: declaration of 'aligned_end' shadows a previous local [-Werror=shadow] 1047 | void *aligned_end = RTE_PTR_ADD(aligned_start, aligned_len); | ^~~~~~~~~~~ ../lib/eal/common/malloc_heap.c:862:45: note: shadowed declaration is here 862 | void *start, *aligned_start, *end, *aligned_end; | ^~~~~~~~~~~ cc1.exe: all warnings being treated as errors [44/809] Compiling C object lib/librte_eal.a.p/eal_common_rte_random.c.obj [45/809] Compiling C object lib/librte_eal.a.p/eal_common_rte_malloc.c.obj [46/809] Compiling C object lib/librte_eal.a.p/eal_common_rte_service.c.obj ninja: build stopped: subcommand failed. ==== End log output ==== CentOS Stream 9 Kernel: 5.15 Compiler: gcc gcc (GCC) 11.5.0 20240719 (Red Hat 11.5.0-7) Debian GNU/Linux 12 Kernel: 5.15 Compiler: gcc gcc (Debian 12.2.0-14+deb12u1) 12.2.0 CentOS Stream 10 Kernel: 5.15 Compiler: gcc gcc (GCC) 14.2.1 20250110 (Red Hat 14.2.1-8) Fedora Linux 40 Kernel: 5.15 Compiler: clang gcc (GCC) 14.2.1 20240912 (Red Hat 14.2.1-3) Fedora Linux 41 Kernel: 5.15 Compiler: gcc gcc (GCC) 14.3.1 20250523 (Red Hat 14.3.1-1) Red Hat Enterprise Linux 9.5 Kernel: 5.15 Compiler: gcc gcc (GCC) 11.5.0 20240719 (Red Hat 11.5.0-2) Red Hat Enterprise Linux 8.10 Kernel: 5.15 Compiler: gcc gcc (GCC) 8.5.0 20210514 (Red Hat 8.5.0-22) openSUSE Leap 15.6 Kernel: 5.15 Compiler: gcc gcc (SUSE Linux) 7.5.0 Ubuntu 20.04 Kernel: 5.15 Compiler: gcc gcc (Ubuntu 9.4.0-1ubuntu1~20.04.2) 9.4.0 Ubuntu 22.04 Kernel: 5.15 Compiler: gcc gcc (Ubuntu 11.4.0-1ubuntu1~22.04) 11.4.0 Ubuntu 24.04 Kernel: 5.15 Compiler: gcc gcc (Ubuntu 13.3.0-6ubuntu2~24.04) 13.3.0 Alpine Linux 3.22.0 Kernel: 5.15 Compiler: gcc gcc (Alpine 14.2.0) 14.2.0 FreeBSD 14.2 Kernel: 14.2-RELEASE Compiler: clang 18.1.6 Windows Server 2022 Kernel: 10.0.20348.2031 Compiler: clang 15.0.7, gcc 14.1.0 (MinGW), and MSVC VS 19.39.33521 To view detailed results, visit: https://lab.dpdk.org/results/dashboard/patchsets/33589/ UNH-IOL DPDK Community Lab To manage your email subscriptions, visit: https://lab.dpdk.org/results/dashboard/preferences/subscriptions/