From mboxrd@z Thu Jan 1 00:00:00 1970 Return-Path: Received: from mails.dpdk.org (mails.dpdk.org [217.70.189.124]) by inbox.dpdk.org (Postfix) with ESMTP id 6B17A46B35 for ; Thu, 10 Jul 2025 08:36:25 +0200 (CEST) Received: from mails.dpdk.org (localhost [127.0.0.1]) by mails.dpdk.org (Postfix) with ESMTP id 57ACE402D1; Thu, 10 Jul 2025 08:36:25 +0200 (CEST) Received: from mail-il1-f225.google.com (mail-il1-f225.google.com [209.85.166.225]) by mails.dpdk.org (Postfix) with ESMTP id C0382402D1 for ; Thu, 10 Jul 2025 08:36:23 +0200 (CEST) Received: by mail-il1-f225.google.com with SMTP id e9e14a558f8ab-3da73df6b6bso1973335ab.3 for ; Wed, 09 Jul 2025 23:36:23 -0700 (PDT) DKIM-Signature: v=1; a=rsa-sha256; c=relaxed/relaxed; d=iol.unh.edu; s=unh-iol; t=1752129383; x=1752734183; darn=dpdk.org; h=references:in-reply-to:cc:to:from:subject:message-id:date:from:to :cc:subject:date:message-id:reply-to; bh=YqxRb8DKxeja4+ydr0owRsafrXpAcol6gnmEY72TQdg=; b=bF1P0KUaff/taiX3wqmdBHUbxu1s+25shswiiIR1Vq1xj+fgqBouCIKZkibwnmo0PP OxQKJVDLMS4rZWSeWKQYHpiyMis3Ti7DxZB2+VCpESDYmRjD1SlEO5u+ZSFJP42Q2dLP NtNHYO4oc0NUCDJxxFZTgCA6WHXbsW9wG4cJs= X-Google-DKIM-Signature: v=1; a=rsa-sha256; c=relaxed/relaxed; d=1e100.net; s=20230601; t=1752129383; x=1752734183; h=references:in-reply-to:cc:to:from:subject:message-id:date :x-gm-message-state:from:to:cc:subject:date:message-id:reply-to; bh=YqxRb8DKxeja4+ydr0owRsafrXpAcol6gnmEY72TQdg=; b=U6i2Z/u1jHct6MXcUgVqyhzGn66I77SVX2UP7y8hCG/i9dDr9byHOP+iiKGDBBMvhG 3LJCJpPkkhyjKGOwHC4fov3ooVEIVLKvZPlizrnj6QlWsa1oHqfyify0DRvlsVId/J+4 QcDPQlZBqbA0iVkN46pisrOs5vT5M91NOLa3ts7RBi7YIXdVb+xd2yW9Vj49ZBMoh4Es m4H9hyCGkoRO7zk1OiRugJTHOCRAaw2tse3FELJwucPlZxJijruu/Ug29vT0X0yT8epW hNQAnrxnK8e956tab0u8+dpBJv2j09j3vonvvqY0hwOTcKMwdXJiC4GMyhXvBRPUVO47 hAdA== X-Gm-Message-State: AOJu0YwfmV44o/4yWeLpGMCdmcJAr3wdc4KHTdF3VdHNhqLa6+/IK+9B YJWfetxsAiXjA+SlKAjde9Dmfa8VDsz4QxarSilZdS4KbgRHUCIKcFvhqWtd0ymOyDYPLMMvknM jSVf7XwQf/kftiEsgBcVx76m98LhaZF8Eau3pJFXHWhXf X-Gm-Gg: ASbGncuGIbwnWyVZ/pl9dwg25Mu8TGx5ncHg/RoAlGYpE6V1IthJjhfS8SEIY5Oh538 k3LiOY/2KUm0ATZyhwHN4qczYwlIPlerlglb+whi8fSf9Sy19Sh3XbRn4BPNyT3/I2baPXOCSt1 Yk4kJlJa3b5zH3dCNcg7rqJVXi+1sjvVFv0N9F/aOls9S36fAuQ5ayrKG1GlVvg7usR8lWibs5R VwOAm/XB4oi9dOjgInkIP9hRs9eBrntcRn67umxTEunplclZldvjooFGDfnlRxBDrFl/cTREzky 6HgepnhnEcfvfipqrA9YE19Ug84LZXIUp8ABPYoqywD8wp4MSJYbcGpwfnXMSK6EEGmcAg== X-Google-Smtp-Source: AGHT+IGAOywN7muQSRLLX0AssK5/6zHnNcwOg0MOTjnVS/BWKnTzLZcqYJuR9rnXUF+kU/3u3udRCUFYA30n X-Received: by 2002:a05:6e02:1543:b0:3e0:51b3:6f3f with SMTP id e9e14a558f8ab-3e246207d57mr15082465ab.21.1752129382921; Wed, 09 Jul 2025 23:36:22 -0700 (PDT) Received: from postal.iol.unh.edu (postal.iol.unh.edu. [132.177.123.84]) by smtp-relay.gmail.com with ESMTPS id 8926c6da1cb9f-505569ee25bsm35307173.67.2025.07.09.23.36.22 (version=TLS1_2 cipher=ECDHE-ECDSA-AES128-GCM-SHA256 bits=128/128); Wed, 09 Jul 2025 23:36:22 -0700 (PDT) X-Relaying-Domain: iol.unh.edu Date: Wed, 09 Jul 2025 23:36:22 -0700 (PDT) Message-ID: <686f5f66.050a0220.317b35.1e84SMTPIN_ADDED_MISSING@mx.google.com> Received: from [172.21.0.5] (unknown [172.18.0.240]) by postal.iol.unh.edu (Postfix) with ESMTP id 73B076051830; Thu, 10 Jul 2025 02:36:22 -0400 (EDT) Subject: |FAILURE| pw155110-155121 [PATCH] [RFC,v2,12/12] pdump: mark API and From: dpdklab@iol.unh.edu To: Test Report Cc: dpdk-test-reports@iol.unh.edu, Stephen Hemminger In-Reply-To: <20250709173611.6390-13-stephen@networkplumber.org> References: <20250709173611.6390-13-stephen@networkplumber.org> Content-Type: text/plain X-BeenThere: test-report@dpdk.org X-Mailman-Version: 2.1.29 Precedence: list List-Id: automatic DPDK test reports List-Unsubscribe: , List-Archive: List-Post: List-Help: List-Subscribe: , Errors-To: test-report-bounces@dpdk.org Test-Label: iol-compile-amd64-testing Test-Status: FAILURE http://dpdk.org/patch/155121 _Testing issues_ Submitter: Stephen Hemminger Date: Wednesday, July 09 2025 17:33:38 DPDK git baseline: Repo:dpdk Branch: master CommitID:9fe9c0b231c8da5435bfccb1963121b4277f961c 155110-155121 --> testing issues Upstream job id: Windows-Compile-DPDK-Native#29707 Test environment and result as below: +-------------------------------+--------------------+-------------------+------------------+-------------------+-------------------------+----------------------+ | Environment | dpdk_meson_compile | dpdk_compile_spdk | dpdk_compile_ovs | dpdk_msvc_compile | dpdk_llvm_clang_compile | dpdk_mingw64_compile | +===============================+====================+===================+==================+===================+=========================+======================+ | Ubuntu 20.04 | PASS | SKIPPED | SKIPPED | SKIPPED | SKIPPED | SKIPPED | +-------------------------------+--------------------+-------------------+------------------+-------------------+-------------------------+----------------------+ | CentOS Stream 10 | PASS | SKIPPED | SKIPPED | SKIPPED | SKIPPED | SKIPPED | +-------------------------------+--------------------+-------------------+------------------+-------------------+-------------------------+----------------------+ | CentOS Stream 9 | PASS | PASS | SKIPPED | SKIPPED | SKIPPED | SKIPPED | +-------------------------------+--------------------+-------------------+------------------+-------------------+-------------------------+----------------------+ | Debian GNU/Linux 12 | PASS | PASS | SKIPPED | SKIPPED | SKIPPED | SKIPPED | +-------------------------------+--------------------+-------------------+------------------+-------------------+-------------------------+----------------------+ | Fedora Linux 40 | PASS | PASS | SKIPPED | SKIPPED | SKIPPED | SKIPPED | +-------------------------------+--------------------+-------------------+------------------+-------------------+-------------------------+----------------------+ | FreeBSD 14.2 | PASS | SKIPPED | SKIPPED | SKIPPED | SKIPPED | SKIPPED | +-------------------------------+--------------------+-------------------+------------------+-------------------+-------------------------+----------------------+ | Fedora Linux 41 | PASS | PASS | WARN | SKIPPED | SKIPPED | SKIPPED | +-------------------------------+--------------------+-------------------+------------------+-------------------+-------------------------+----------------------+ | Red Hat Enterprise Linux 8.10 | PASS | SKIPPED | SKIPPED | SKIPPED | SKIPPED | SKIPPED | +-------------------------------+--------------------+-------------------+------------------+-------------------+-------------------------+----------------------+ | Ubuntu 22.04 | PASS | PASS | SKIPPED | SKIPPED | SKIPPED | SKIPPED | +-------------------------------+--------------------+-------------------+------------------+-------------------+-------------------------+----------------------+ | Red Hat Enterprise Linux 9.5 | PASS | SKIPPED | SKIPPED | SKIPPED | SKIPPED | SKIPPED | +-------------------------------+--------------------+-------------------+------------------+-------------------+-------------------------+----------------------+ | openSUSE Leap 15.6 | PASS | SKIPPED | SKIPPED | SKIPPED | SKIPPED | SKIPPED | +-------------------------------+--------------------+-------------------+------------------+-------------------+-------------------------+----------------------+ | Ubuntu 24.04 | PASS | PASS | WARN | SKIPPED | SKIPPED | SKIPPED | +-------------------------------+--------------------+-------------------+------------------+-------------------+-------------------------+----------------------+ | Alpine Linux 3.22.0 | PASS | SKIPPED | SKIPPED | SKIPPED | SKIPPED | SKIPPED | +-------------------------------+--------------------+-------------------+------------------+-------------------+-------------------------+----------------------+ | Windows Server 2022 | SKIPPED | SKIPPED | SKIPPED | FAIL | PASS | PASS | +-------------------------------+--------------------+-------------------+------------------+-------------------+-------------------------+----------------------+ ==== 20 line log output for Windows Server 2022 (dpdk_msvc_compile): ==== "cl" "-Ilib\librte_ethdev.a.p" "-Ilib" "-I..\lib" "-Ilib\ethdev" "-I..\lib\ethdev" "-Ilib\eal\common" "-I..\lib\eal\common" "-I." "-I.." "-Iconfig" "-I..\config" "-Ilib\eal\include" "-I..\lib\eal\include" "-Ilib\eal\windows\include" "-I..\lib\eal\windows\include" "-Ilib\eal\x86\include" "-I..\lib\eal\x86\include" "-Ilib\eal" "-I..\lib\eal" "-Ilib\log" "-I..\lib\log" "-Ilib\kvargs" "-I..\lib\kvargs" "-Ilib\net" "-I..\lib\net" "-Ilib\mbuf" "-I..\lib\mbuf" "-Ilib\mempool" "-I..\lib\mempool" "-Ilib \ring" "-I..\lib\ring" "-Ilib\metrics" "-I..\lib\metrics" "-Ilib\telemetry" "-I..\lib\telemetry" "-Ilib\meter" "-I..\lib\meter" "-IC:\Program Files\Mellanox\MLNX_WinOF2_DevX_SDK\inc" "/MD" "/nologo" "/showIncludes" "/utf-8" "/W3" "/WX" "/std:c11" "/O2" "/Gw" "/wd4244" "/wd4267" "/wd4146" "/experimental:c11atomics" "/d1experimental:typeof" "/experimental:statementExpressions" "/FI" "rte_config.h" "-D_GNU_SOURCE" "-D_WIN32_WINNT=0x0A00" "-DALLOW_EXPERIMENTAL_API" "-DALLOW_INTERNAL_API" "-DRTE_LO G_DEFAULT_LOGTYPE=lib.ethdev" "/Fdlib\librte_ethdev.a.p\ethdev_rte_mirror.c.pdb" /Folib/librte_ethdev.a.p/ethdev_rte_mirror.c.obj "/c" ../lib/ethdev/rte_mirror.c ../lib/ethdev/rte_mirror.c(122): error C7707: call to '__c11_atomic_store': argument type 'rte_eth_mirror **' must be a pointer to an atomic type ../lib/ethdev/rte_mirror.c(194): warning C4090: 'function': different '_Atomic' qualifiers ../lib/ethdev/rte_mirror.c(196): warning C4090: 'function': different '_Atomic' qualifiers ../lib/ethdev/rte_mirror.c(224): error C7707: call to '__c11_atomic_store': argument type 'rte_eth_mirror **' must be a pointer to an atomic type ../lib/ethdev/rte_mirror.c(253): warning C4090: 'function': different '_Atomic' qualifiers ../lib/ethdev/rte_mirror.c(254): warning C4090: 'function': different '_Atomic' qualifiers [168/454] Generating symbol file lib/rte_meter-25.dll.p/rte_meter-25.dll.symbols [169/454] Compiling C object lib/librte_ethdev.a.p/ethdev_ethdev_profile.c.obj [170/454] Compiling C object lib/librte_ethdev.a.p/ethdev_ethdev_trace_points.c.obj [171/454] Generating symbol file lib/rte_mbuf-25.dll.p/rte_mbuf-25.dll.symbols [172/454] Compiling C object lib/librte_ethdev.a.p/ethdev_rte_class_eth.c.obj [173/454] Compiling C object lib/librte_ethdev.a.p/ethdev_rte_ethdev_cman.c.obj [174/454] Compiling C object lib/librte_ethdev.a.p/ethdev_rte_ethdev_telemetry.c.obj [175/454] Compiling C object lib/librte_ethdev.a.p/ethdev_rte_flow.c.obj [176/454] Compiling C object lib/librte_ethdev.a.p/ethdev_rte_ethdev.c.obj ninja: build stopped: subcommand failed. INFO: autodetecting backend as ninja INFO: calculating backend command to run: "C:\Program Files\Meson\ninja.EXE" -C C:/Users/builder/jenkins/workspace/Windows-Compile-DPDK-VS/dpdk/build ==== End log output ==== Ubuntu 20.04 Kernel: 4.19 Compiler: gcc gcc (Ubuntu 9.4.0-1ubuntu1~20.04.2) 9.4.0 CentOS Stream 10 Kernel: 5.15 Compiler: gcc gcc (GCC) 14.2.1 20250110 (Red Hat 14.2.1-8) CentOS Stream 9 Kernel: 5.15 Compiler: gcc gcc (GCC) 11.5.0 20240719 (Red Hat 11.5.0-7) Debian GNU/Linux 12 Kernel: 5.15 Compiler: gcc gcc (Debian 12.2.0-14+deb12u1) 12.2.0 Fedora Linux 40 Kernel: 5.15 Compiler: clang gcc (GCC) 14.2.1 20240912 (Red Hat 14.2.1-3) FreeBSD 14.2 Kernel: 14.2-RELEASE Compiler: clang 18.1.6 Fedora Linux 41 Kernel: 5.15 Compiler: clang gcc (GCC) 14.3.1 20250523 (Red Hat 14.3.1-1) Red Hat Enterprise Linux 8.10 Kernel: 5.15 Compiler: gcc gcc (GCC) 8.5.0 20210514 (Red Hat 8.5.0-22) Ubuntu 22.04 Kernel: 5.15 Compiler: gcc gcc (Ubuntu 11.4.0-1ubuntu1~22.04) 11.4.0 Red Hat Enterprise Linux 9.5 Kernel: 5.15 Compiler: gcc gcc (GCC) 11.5.0 20240719 (Red Hat 11.5.0-2) openSUSE Leap 15.6 Kernel: 5.15 Compiler: gcc gcc (SUSE Linux) 7.5.0 Ubuntu 24.04 Kernel: 5.15 Compiler: gcc gcc (Ubuntu 13.3.0-6ubuntu2~24.04) 13.3.0 Alpine Linux 3.22.0 Kernel: 5.15 Compiler: gcc gcc (Alpine 14.2.0) 14.2.0 Windows Server 2022 Kernel: 10.0.20348.2031 Compiler: clang 15.0.7, gcc 14.1.0 (MinGW), and MSVC VS 19.39.33521 To view detailed results, visit: https://lab.dpdk.org/results/dashboard/patchsets/33629/ UNH-IOL DPDK Community Lab To manage your email subscriptions, visit: https://lab.dpdk.org/results/dashboard/preferences/subscriptions/