From mboxrd@z Thu Jan 1 00:00:00 1970 Return-Path: Received: from mails.dpdk.org (mails.dpdk.org [217.70.189.124]) by inbox.dpdk.org (Postfix) with ESMTP id BEE0846B36 for ; Thu, 10 Jul 2025 10:01:20 +0200 (CEST) Received: from mails.dpdk.org (localhost [127.0.0.1]) by mails.dpdk.org (Postfix) with ESMTP id A8C53402D1; Thu, 10 Jul 2025 10:01:20 +0200 (CEST) Received: from mail-io1-f98.google.com (mail-io1-f98.google.com [209.85.166.98]) by mails.dpdk.org (Postfix) with ESMTP id 3C2B4402D1 for ; Thu, 10 Jul 2025 10:01:19 +0200 (CEST) Received: by mail-io1-f98.google.com with SMTP id ca18e2360f4ac-86d01686196so23325539f.1 for ; Thu, 10 Jul 2025 01:01:19 -0700 (PDT) DKIM-Signature: v=1; a=rsa-sha256; c=relaxed/relaxed; d=iol.unh.edu; s=unh-iol; t=1752134478; x=1752739278; darn=dpdk.org; h=references:in-reply-to:cc:to:from:subject:message-id:date:from:to :cc:subject:date:message-id:reply-to; bh=MomU2U+B3wWbC39kyJYpm+Dju5FyQlM/44OZjs6i6iQ=; b=Mvni2iaYrdF+CrmJ1pan3ROdv+nrSLL8YYZDhFA0wjt9dhjhlGI1AXf7y28zmSSPf/ fCz0UN/3MKulWmCoUTIoRQiXuyMgBS9c/RDvPsreco8ZbO0KmJ7UZmJeXTcN7l+WCoSz hGQqiUmM3s6LtvYR0px/DW9rB6ECja80bp60o= X-Google-DKIM-Signature: v=1; a=rsa-sha256; c=relaxed/relaxed; d=1e100.net; s=20230601; t=1752134478; x=1752739278; h=references:in-reply-to:cc:to:from:subject:message-id:date :x-gm-message-state:from:to:cc:subject:date:message-id:reply-to; bh=MomU2U+B3wWbC39kyJYpm+Dju5FyQlM/44OZjs6i6iQ=; b=Tm1xLTcKFR3mJEUWGgj3LCNSb5H/Z+Pi9aq18FEeGYYJgIrtW6omDpJkLb6ex2KpfA 4kMbKbF5ZoR8o/3c3WWC/MocCAHNae7lhtu8GUKi+gCNSJUVvCo+x2vZp35o6sSKM3XV X4mxdgDS0sOOjcxemWJDnXOeRXUeZ4eqgW89goE+R/LZHibIWdf3NKPUMe4sNKpWnbkb v2cDJsYtGUpCqx5A9wtzbwnc0H4/+AWaYyHHpNKL/Moo9FZyuz+Yk1lgZvvUoy+cBUKb LdOGQkBgeLf3KO2l2XT0fdu0v5kn/wdzuDJ1uUN4K3gD3uOuhMMwlDiH6wnV2EbqYIcE NQJA== X-Gm-Message-State: AOJu0Yzh7xMUer5jc3DrgbFCGe0eukF0ScTxQyNRvV/jmsnGxki6qS3Z 3JCNf5x7nAzsVtu/w4bRkMyGS32UQ/7WQyQgmgmq+rMy25TNFlhvyfKyUE2MV8mVTLyVneLCHqf 9dyeXgCxnktf+S8g2RYaVTBvbnuiN0hkhmz4z9oA3YsSbR+LbtOfWr8qUlGqU X-Gm-Gg: ASbGncvmuWEOVbeZG4KiROhf5B3lcMhVbTQ2UC4+MJWtyMyD30BltPmqdC1RF5cB5U+ cmIyY8pEwEgucU06v6pLipGd5aC/SJWOQUnft6t18BG+TMeVX1bjqSW6PwB2CvV14eiqLPs3Ea4 WtxW13fcvL9t+siW4yP3aTHlHubaqAAU8fzPnBeL0clrbDXrO8VJJz3uufM2tY1sztWSakUegRS Hqc9+vhHWEHg1mZ3bFIYKhO++GXyuCM3kY2Izggj1njzRXkDEiPdJoWf5boySjM1PPaPtlzOyd2 F9c3zhsk2skIcYZyMluiQ8UmYXMDO6XMsBZqMLIIMVLGZB0= X-Google-Smtp-Source: AGHT+IH6aWBSMdVcuHNsESI6775Aw0pn3VvtraYcDaGkVTstWBKa8uFCco+/tEGArO373oIBL4ah8kKl4bZk X-Received: by 2002:a05:6e02:3c85:b0:3dc:7f3b:aca9 with SMTP id e9e14a558f8ab-3e1670a9f05mr56515525ab.14.1752134478435; Thu, 10 Jul 2025 01:01:18 -0700 (PDT) Received: from postal.iol.unh.edu (postal.iol.unh.edu. [2606:4100:3880:1234::84]) by smtp-relay.gmail.com with ESMTPS id e9e14a558f8ab-3e2460e2ce3sm607195ab.3.2025.07.10.01.01.18 (version=TLS1_2 cipher=ECDHE-ECDSA-AES128-GCM-SHA256 bits=128/128); Thu, 10 Jul 2025 01:01:18 -0700 (PDT) X-Relaying-Domain: iol.unh.edu Date: Thu, 10 Jul 2025 01:01:18 -0700 (PDT) Message-ID: <686f734e.920a0220.9100b.31bcSMTPIN_ADDED_MISSING@mx.google.com> Received: from [172.21.0.8] (unknown [172.18.0.240]) by postal.iol.unh.edu (Postfix) with ESMTP id 148BA6051830; Thu, 10 Jul 2025 04:01:18 -0400 (EDT) Subject: |FAILURE| pw155006 [PATCH] ethdev: fix shadow variable definition From: dpdklab@iol.unh.edu To: Test Report Cc: dpdk-test-reports@iol.unh.edu, Stephen Hemminger In-Reply-To: <20250703172407.116249-1-stephen@networkplumber.org> References: <20250703172407.116249-1-stephen@networkplumber.org> Content-Type: text/plain X-BeenThere: test-report@dpdk.org X-Mailman-Version: 2.1.29 Precedence: list List-Id: automatic DPDK test reports List-Unsubscribe: , List-Archive: List-Post: List-Help: List-Subscribe: , Errors-To: test-report-bounces@dpdk.org Test-Label: iol-unit-amd64-testing Test-Status: FAILURE http://dpdk.org/patch/155006 _Testing issues_ Submitter: Stephen Hemminger Date: Thursday, July 03 2025 17:24:07 DPDK git baseline: Repo:dpdk Branch: master CommitID:ba982f9a1ca9b96ed0394b764f1523d482e963a2 155006 --> testing issues Upstream job id: Generic-VM-Unit-Test-DPDK#29855 Test environment and result as below: +-------------------------------+----------------+ | Environment | dpdk_unit_test | +===============================+================+ | CentOS Stream 9 | WARN | +-------------------------------+----------------+ | Fedora Linux 40 | WARN | +-------------------------------+----------------+ | CentOS Stream 10 | WARN | +-------------------------------+----------------+ | Red Hat Enterprise Linux 8.10 | WARN | +-------------------------------+----------------+ | Debian GNU/Linux 12 | WARN | +-------------------------------+----------------+ | Ubuntu 24.04 | WARN | +-------------------------------+----------------+ | Fedora Linux 41 | WARN | +-------------------------------+----------------+ | Red Hat Enterprise Linux 9.5 | WARN | +-------------------------------+----------------+ | Ubuntu 22.04 | WARN | +-------------------------------+----------------+ | Ubuntu 20.04 | WARN | +-------------------------------+----------------+ | Windows Server 2022 | FAIL | +-------------------------------+----------------+ ==== Unit test summary for Windows Server 2022 (dpdk_unit_test): ==== Failed to get the unit test results. Displaying the unit test results is not supported for some environments, such as our aarch32 testing, where meson is not used to run the tests. Download the logs available on our CI site. ==== End log output ==== CentOS Stream 9 Kernel: 5.15 Compiler: gcc gcc (GCC) 11.5.0 20240719 (Red Hat 11.5.0-7) Fedora Linux 40 Kernel: 5.15 Compiler: clang gcc (GCC) 14.2.1 20240912 (Red Hat 14.2.1-3) CentOS Stream 10 Kernel: 5.15 Compiler: gcc gcc (GCC) 14.2.1 20250110 (Red Hat 14.2.1-8) Red Hat Enterprise Linux 8.10 Kernel: 5.15 Compiler: gcc gcc (GCC) 8.5.0 20210514 (Red Hat 8.5.0-22) Debian GNU/Linux 12 Kernel: 5.15 Compiler: gcc gcc (Debian 12.2.0-14+deb12u1) 12.2.0 Ubuntu 24.04 Kernel: 5.15 Compiler: gcc gcc (Ubuntu 13.3.0-6ubuntu2~24.04) 13.3.0 Fedora Linux 41 Kernel: 5.15 Compiler: gcc gcc (GCC) 14.3.1 20250523 (Red Hat 14.3.1-1) Red Hat Enterprise Linux 9.5 Kernel: 5.15 Compiler: gcc gcc (GCC) 11.5.0 20240719 (Red Hat 11.5.0-2) Ubuntu 22.04 Kernel: 5.15 Compiler: gcc gcc (Ubuntu 11.4.0-1ubuntu1~22.04) 11.4.0 Ubuntu 20.04 Kernel: 5.15 Compiler: gcc gcc (Ubuntu 9.4.0-1ubuntu1~20.04.2) 9.4.0 Windows Server 2022 Kernel: 10.0.20348.2031 Compiler: clang 15.0.7, gcc 14.1.0 (MinGW), and MSVC VS 19.39.33521 To view detailed results, visit: https://lab.dpdk.org/results/dashboard/patchsets/33589/ UNH-IOL DPDK Community Lab To manage your email subscriptions, visit: https://lab.dpdk.org/results/dashboard/preferences/subscriptions/