From mboxrd@z Thu Jan 1 00:00:00 1970 Return-Path: Received: from mails.dpdk.org (mails.dpdk.org [217.70.189.124]) by inbox.dpdk.org (Postfix) with ESMTP id 5E13146B37 for ; Thu, 10 Jul 2025 10:08:02 +0200 (CEST) Received: from mails.dpdk.org (localhost [127.0.0.1]) by mails.dpdk.org (Postfix) with ESMTP id 3F82D402D1; Thu, 10 Jul 2025 10:08:02 +0200 (CEST) Received: from mail-pl1-f225.google.com (mail-pl1-f225.google.com [209.85.214.225]) by mails.dpdk.org (Postfix) with ESMTP id 2EC0A402D1 for ; Thu, 10 Jul 2025 10:08:00 +0200 (CEST) Received: by mail-pl1-f225.google.com with SMTP id d9443c01a7336-23694cec0feso6939255ad.2 for ; Thu, 10 Jul 2025 01:08:00 -0700 (PDT) DKIM-Signature: v=1; a=rsa-sha256; c=relaxed/relaxed; d=iol.unh.edu; s=unh-iol; t=1752134879; x=1752739679; darn=dpdk.org; h=references:in-reply-to:cc:to:from:subject:message-id:date:from:to :cc:subject:date:message-id:reply-to; bh=0+BxO65t/LXE26aY+cvfhePTIux3Xt1C4QXOAe9ibTA=; b=WLaytZDBMgHi7KeoWW/1bsRONZOMxPK9sykpXwn318JsEEu/Ij1KaqLtHhIHlQFuFe ULaowonolJHxDZY+VwU2b28/SvUpqyxbSIIxrcZo3QJRmRjhePhom5mjy8NJyo+wuBNd qgPpMgO3/Mu6aqxXDM6RS9vhlwNuXEnkOeGUU= X-Google-DKIM-Signature: v=1; a=rsa-sha256; c=relaxed/relaxed; d=1e100.net; s=20230601; t=1752134879; x=1752739679; h=references:in-reply-to:cc:to:from:subject:message-id:date :x-gm-message-state:from:to:cc:subject:date:message-id:reply-to; bh=0+BxO65t/LXE26aY+cvfhePTIux3Xt1C4QXOAe9ibTA=; b=iOEKEF/IUGnuAeJ8/ePrJx/85cbcIFD2phiU9F28bZNF5HJ5Hy3y7Q6CeOldfdCBrs 4jThyqHVOjIeHOUVyJxjLv3j2IRn+hQJ07/940QWrMG/JAZlrzlggknbS/axh6wtJ06t bFbLAmxcraip6AL6EO0a81bV2PBGSkPpecwLDHWtAUdjFVJH2XJ27FmAWS/EMXjy3Fsn i94XXqv22HWPKQOXDqOVcTysNu/z3G0Drml0X8ABygRPqX6+qAnxXx1HUjhHdPA1i2Zl ZG/ndVnw5QhQvZf5ldX7wYvzvtDgCo6mkoUXvKi2dcJgHttumuhH+FNYafui/zY7Io3m mGGw== X-Gm-Message-State: AOJu0YxTSaE0wkq01kTJlq6NYrC19hRmE2Y0Dz3+lyrkp2HJz4uiQx+X 4ZFoL59ZscfemKwImWcIVC/Gaqrz8u5seGukKY04XcahJT07lf0yf98j/p/Ac9NGznAqWDg9231 8PdJvElGeqtQbr8kz0cZGHMMGe/Al9vJhiBaW8rAKrKCBGmvbCvzXdp7GokWJ X-Gm-Gg: ASbGnctZC0+FL42uCckrV0Du78Ygo7ervoy3tsZ0oaIM0JFo4bTLMZoHEdp8HOwzy9k 92pWCmO6Yzt/cLap8ShdEwDHpfBXBFy6Vzf6gKR2efS+KIXAug8UnE255QyssLfQitJE9Bq8uhG 5cLW69xeV8TX8LpTG74rJO8af8xfikmBk0IGmfGX2Xesr+stsYqY3uAFAcn9FPlf9y1EdMS0Gej zVbIRFVPDK45f6m0efLZVYy0BCaTI7ZYfLHNCAm8XTcd1CnUQeSSVQjM7BxcJf/IpvUzkLctYX4 xAtEnfqivELNcrYWhwcBicGe/dmIyumOMO7SkqAepVmJNJI= X-Google-Smtp-Source: AGHT+IE2tEG8QVqf+UO+JqG2Hzrgd+IpOBxpl8gAI24unWvpQXDxdsTm1eRJGdFW96BP3ACtbY64rj/8e3xX X-Received: by 2002:a17:903:74e:b0:234:ed31:fc94 with SMTP id d9443c01a7336-23ddb312601mr57577345ad.26.1752134879260; Thu, 10 Jul 2025 01:07:59 -0700 (PDT) Received: from postal.iol.unh.edu (postal.iol.unh.edu. [2606:4100:3880:1234::84]) by smtp-relay.gmail.com with ESMTPS id d9443c01a7336-23de4266fbfsm524635ad.11.2025.07.10.01.07.59 (version=TLS1_2 cipher=ECDHE-ECDSA-AES128-GCM-SHA256 bits=128/128); Thu, 10 Jul 2025 01:07:59 -0700 (PDT) X-Relaying-Domain: iol.unh.edu Date: Thu, 10 Jul 2025 01:07:59 -0700 (PDT) Message-ID: <686f74df.170a0220.163b9f.2cafSMTPIN_ADDED_MISSING@mx.google.com> Received: from [172.21.0.6] (unknown [172.18.0.240]) by postal.iol.unh.edu (Postfix) with ESMTP id 77BD26051830; Thu, 10 Jul 2025 04:07:58 -0400 (EDT) Subject: |FAILURE| pw155006 [PATCH] ethdev: fix shadow variable definition From: dpdklab@iol.unh.edu To: Test Report Cc: dpdk-test-reports@iol.unh.edu, Stephen Hemminger In-Reply-To: <20250703172407.116249-1-stephen@networkplumber.org> References: <20250703172407.116249-1-stephen@networkplumber.org> Content-Type: text/plain X-BeenThere: test-report@dpdk.org X-Mailman-Version: 2.1.29 Precedence: list List-Id: automatic DPDK test reports List-Unsubscribe: , List-Archive: List-Post: List-Help: List-Subscribe: , Errors-To: test-report-bounces@dpdk.org Test-Label: iol-unit-amd64-testing Test-Status: FAILURE http://dpdk.org/patch/155006 _Testing issues_ Submitter: Stephen Hemminger Date: Thursday, July 03 2025 17:24:07 DPDK git baseline: Repo:dpdk Branch: master CommitID:ba982f9a1ca9b96ed0394b764f1523d482e963a2 155006 --> testing issues Upstream job id: Generic-VM-Unit-Test-DPDK#29856 Test environment and result as below: +-------------------------------+----------------+ | Environment | dpdk_unit_test | +===============================+================+ | CentOS Stream 9 | WARN | +-------------------------------+----------------+ | Fedora Linux 40 | WARN | +-------------------------------+----------------+ | CentOS Stream 10 | WARN | +-------------------------------+----------------+ | Red Hat Enterprise Linux 8.10 | WARN | +-------------------------------+----------------+ | Debian GNU/Linux 12 | WARN | +-------------------------------+----------------+ | Ubuntu 24.04 | WARN | +-------------------------------+----------------+ | Fedora Linux 41 | WARN | +-------------------------------+----------------+ | Red Hat Enterprise Linux 9.5 | WARN | +-------------------------------+----------------+ | Ubuntu 22.04 | WARN | +-------------------------------+----------------+ | Ubuntu 20.04 | FAIL | +-------------------------------+----------------+ | Windows Server 2022 | FAIL | +-------------------------------+----------------+ ==== Unit test summary for Windows Server 2022 (dpdk_unit_test): ==== Failed to get the unit test results. Displaying the unit test results is not supported for some environments, such as our aarch32 testing, where meson is not used to run the tests. Download the logs available on our CI site. ==== End log output ==== CentOS Stream 9 Kernel: 5.15 Compiler: gcc gcc (GCC) 11.5.0 20240719 (Red Hat 11.5.0-7) Fedora Linux 40 Kernel: 5.15 Compiler: clang gcc (GCC) 14.2.1 20240912 (Red Hat 14.2.1-3) CentOS Stream 10 Kernel: 5.15 Compiler: gcc gcc (GCC) 14.2.1 20250110 (Red Hat 14.2.1-8) Red Hat Enterprise Linux 8.10 Kernel: 5.15 Compiler: gcc gcc (GCC) 8.5.0 20210514 (Red Hat 8.5.0-22) Debian GNU/Linux 12 Kernel: 5.15 Compiler: gcc gcc (Debian 12.2.0-14+deb12u1) 12.2.0 Ubuntu 24.04 Kernel: 5.15 Compiler: gcc gcc (Ubuntu 13.3.0-6ubuntu2~24.04) 13.3.0 Fedora Linux 41 Kernel: 5.15 Compiler: gcc gcc (GCC) 14.3.1 20250523 (Red Hat 14.3.1-1) Red Hat Enterprise Linux 9.5 Kernel: 5.15 Compiler: gcc gcc (GCC) 11.5.0 20240719 (Red Hat 11.5.0-2) Ubuntu 22.04 Kernel: 5.15 Compiler: gcc gcc (Ubuntu 11.4.0-1ubuntu1~22.04) 11.4.0 Ubuntu 20.04 Kernel: 5.15 Compiler: gcc gcc (Ubuntu 9.4.0-1ubuntu1~20.04.2) 9.4.0 Windows Server 2022 Kernel: 10.0.20348.2031 Compiler: clang 15.0.7, gcc 14.1.0 (MinGW), and MSVC VS 19.39.33521 To view detailed results, visit: https://lab.dpdk.org/results/dashboard/patchsets/33589/ UNH-IOL DPDK Community Lab To manage your email subscriptions, visit: https://lab.dpdk.org/results/dashboard/preferences/subscriptions/