From mboxrd@z Thu Jan 1 00:00:00 1970 Return-Path: Received: from mails.dpdk.org (mails.dpdk.org [217.70.189.124]) by inbox.dpdk.org (Postfix) with ESMTP id 63A9146B37 for ; Thu, 10 Jul 2025 11:50:53 +0200 (CEST) Received: from mails.dpdk.org (localhost [127.0.0.1]) by mails.dpdk.org (Postfix) with ESMTP id 3A490402D1; Thu, 10 Jul 2025 11:50:53 +0200 (CEST) Received: from mail-qv1-f98.google.com (mail-qv1-f98.google.com [209.85.219.98]) by mails.dpdk.org (Postfix) with ESMTP id 47F16402D1 for ; Thu, 10 Jul 2025 11:50:52 +0200 (CEST) Received: by mail-qv1-f98.google.com with SMTP id 6a1803df08f44-70478ba562aso21663366d6.1 for ; Thu, 10 Jul 2025 02:50:52 -0700 (PDT) DKIM-Signature: v=1; a=rsa-sha256; c=relaxed/relaxed; d=iol.unh.edu; s=unh-iol; t=1752141051; x=1752745851; darn=dpdk.org; h=references:in-reply-to:cc:to:from:subject:message-id:date:from:to :cc:subject:date:message-id:reply-to; bh=7u3krst1N/Xs8F2QgrMc1UjBU7zsF3EOTdsU8w3OX3w=; b=XoXkrYAPF5NXVp44cn/yJPPnKr9uIfilF0QSqH5bw4hoOI/UIdd37orClbLag/iTum ON9I4XBsiWCwg1SPBkvqqAauk2sUZkyHkvDkC2YwgaA205PXj9s3gj2QALRuipOFFkah pajYHnbMFXUm0MBeOKvbBaHPsLcxaBkhf/76E= X-Google-DKIM-Signature: v=1; a=rsa-sha256; c=relaxed/relaxed; d=1e100.net; s=20230601; t=1752141051; x=1752745851; h=references:in-reply-to:cc:to:from:subject:message-id:date :x-gm-message-state:from:to:cc:subject:date:message-id:reply-to; bh=7u3krst1N/Xs8F2QgrMc1UjBU7zsF3EOTdsU8w3OX3w=; b=YvMYD4OWRY+MVG/0zguc4iZfqoxMy1wiOu6kUiUfPNwqmEDHoUUww3eWMvWbT8kq0b ZQAYUqJKS2xsZxcMPHkBmqaYAhdR7RuYlO2WwnDI6xq3m5Rd0xP6qDzMVFEs8fuZbLTL aq3oJ2YXo7ydQGUDACir+Wj4M7oTWRjUAK3uL7t7YMrbYf+PtObSJEGUmk8xjf+IM3eU OvfOYb4GpsErvZADVNy6y5mD0UObR6DSMlgK3cSJS+y84i/03nAyaKq1nETxAwrOYv16 9GtsBlAJO252wk6/bm6qxKWByRf6tYlvI510r3Q6OrJK3OAXwY5O5Fn97TQBh+IbSU8P nqJQ== X-Gm-Message-State: AOJu0YzLOQ9sblZE01G++xeBLpKQaK8LN7krtMYEhxP2hjfDgQ06h4yP jRnq5jum1j2pexLalg70x5WjcW+RhvEiR2+xI0KQSO09fnDl19eTVTpZ5gzbafemDfgX36QBmFM T69qXUnPWVnG5yGGxZc5UreNfm134C4bxC4gKixV38tGH5n37Ky/1oTGAwA0m X-Gm-Gg: ASbGncuWlK3TxXPMpKQ2L8WCXeyKSQRUebPZoYMa7NF1zOfx7lM6uvlW11ToOSBl5bF gJEZqKtY6rbAFsrqsHjE480qypNihrNHYoLv4FtGz3Vesgpx/FfAtcSq4ZiEbxdqMWSvi8eIGyi TgKcTUXUpnMIbcPSVfSzs3O2R49WoPdDi8n4Sc8wNIVxsu6fozD9xY0ImDdvBL8KTT62OFzmYvv GjvTE+nwaAGUBbgXzZCaBnPirCQ91SJPFXPsR7MepMY2sLESl5W8Txfdaud9X8kcEwVLX+JcgC3 wyZfSn3WftU0swR2p/rD5i1IqAiZT67LUtZtOjpx6F0MDs8= X-Google-Smtp-Source: AGHT+IFx+CvAXZdGcgoVOSLfX9UiZDhm5MxGB4fMvvL7UoZuUD878if7u/e8JvOyra45DmeYT72fy93YeMuV X-Received: by 2002:a05:6214:2f8d:b0:6fa:f59f:f349 with SMTP id 6a1803df08f44-70495ab9e4emr41521836d6.10.1752141051531; Thu, 10 Jul 2025 02:50:51 -0700 (PDT) Received: from postal.iol.unh.edu (postal.iol.unh.edu. [2606:4100:3880:1234::84]) by smtp-relay.gmail.com with ESMTPS id 6a1803df08f44-70497db28casm584576d6.63.2025.07.10.02.50.51 (version=TLS1_2 cipher=ECDHE-ECDSA-AES128-GCM-SHA256 bits=128/128); Thu, 10 Jul 2025 02:50:51 -0700 (PDT) X-Relaying-Domain: iol.unh.edu Date: Thu, 10 Jul 2025 02:50:51 -0700 (PDT) Message-ID: <686f8cfb.050a0220.31e2e8.3014SMTPIN_ADDED_MISSING@mx.google.com> Received: from [172.21.0.6] (unknown [172.18.0.240]) by postal.iol.unh.edu (Postfix) with ESMTP id 456F66051830; Thu, 10 Jul 2025 05:50:51 -0400 (EDT) Subject: |FAILURE| pw155110-155121 [PATCH] [RFC,v2,12/12] pdump: mark API and From: dpdklab@iol.unh.edu To: Test Report Cc: dpdk-test-reports@iol.unh.edu, Stephen Hemminger In-Reply-To: <20250709173611.6390-13-stephen@networkplumber.org> References: <20250709173611.6390-13-stephen@networkplumber.org> Content-Type: text/plain X-BeenThere: test-report@dpdk.org X-Mailman-Version: 2.1.29 Precedence: list List-Id: automatic DPDK test reports List-Unsubscribe: , List-Archive: List-Post: List-Help: List-Subscribe: , Errors-To: test-report-bounces@dpdk.org Test-Label: iol-unit-amd64-testing Test-Status: FAILURE http://dpdk.org/patch/155121 _Testing issues_ Submitter: Stephen Hemminger Date: Wednesday, July 09 2025 17:33:38 DPDK git baseline: Repo:dpdk Branch: master CommitID:9fe9c0b231c8da5435bfccb1963121b4277f961c 155110-155121 --> testing issues Upstream job id: Generic-VM-Unit-Test-DPDK#29865 Test environment and result as below: +-------------------------------+----------------+ | Environment | dpdk_unit_test | +===============================+================+ | Fedora Linux 40 | FAIL | +-------------------------------+----------------+ | Debian GNU/Linux 12 | FAIL | +-------------------------------+----------------+ | CentOS Stream 9 | FAIL | +-------------------------------+----------------+ | CentOS Stream 10 | FAIL | +-------------------------------+----------------+ | Fedora Linux 41 | FAIL | +-------------------------------+----------------+ | Red Hat Enterprise Linux 9.5 | FAIL | +-------------------------------+----------------+ | Red Hat Enterprise Linux 8.10 | FAIL | +-------------------------------+----------------+ | Ubuntu 22.04 | FAIL | +-------------------------------+----------------+ | Ubuntu 20.04 | FAIL | +-------------------------------+----------------+ | Ubuntu 24.04 | FAIL | +-------------------------------+----------------+ | Windows Server 2022 | FAIL | +-------------------------------+----------------+ ==== Unit test summary for Windows Server 2022 (dpdk_unit_test): ==== Failed to get the unit test results. Displaying the unit test results is not supported for some environments, such as our aarch32 testing, where meson is not used to run the tests. Download the logs available on our CI site. ==== End log output ==== Fedora Linux 40 Kernel: 5.15 Compiler: gcc gcc (GCC) 14.2.1 20240912 (Red Hat 14.2.1-3) Debian GNU/Linux 12 Kernel: 5.15 Compiler: gcc gcc (Debian 12.2.0-14+deb12u1) 12.2.0 CentOS Stream 9 Kernel: 5.15 Compiler: gcc gcc (GCC) 11.5.0 20240719 (Red Hat 11.5.0-7) CentOS Stream 10 Kernel: 5.15 Compiler: gcc gcc (GCC) 14.2.1 20250110 (Red Hat 14.2.1-8) Fedora Linux 41 Kernel: 5.15 Compiler: clang gcc (GCC) 14.3.1 20250523 (Red Hat 14.3.1-1) Red Hat Enterprise Linux 9.5 Kernel: 5.15 Compiler: gcc gcc (GCC) 11.5.0 20240719 (Red Hat 11.5.0-2) Red Hat Enterprise Linux 8.10 Kernel: 5.15 Compiler: gcc gcc (GCC) 8.5.0 20210514 (Red Hat 8.5.0-22) Ubuntu 22.04 Kernel: 5.15 Compiler: gcc gcc (Ubuntu 11.4.0-1ubuntu1~22.04) 11.4.0 Ubuntu 20.04 Kernel: 5.15 Compiler: gcc gcc (Ubuntu 9.4.0-1ubuntu1~20.04.2) 9.4.0 Ubuntu 24.04 Kernel: 5.15 Compiler: gcc gcc (Ubuntu 13.3.0-6ubuntu2~24.04) 13.3.0 Windows Server 2022 Kernel: 10.0.20348.2031 Compiler: clang 15.0.7, gcc 14.1.0 (MinGW), and MSVC VS 19.39.33521 To view detailed results, visit: https://lab.dpdk.org/results/dashboard/patchsets/33629/ UNH-IOL DPDK Community Lab To manage your email subscriptions, visit: https://lab.dpdk.org/results/dashboard/preferences/subscriptions/