From mboxrd@z Thu Jan 1 00:00:00 1970 Return-Path: Received: from mails.dpdk.org (mails.dpdk.org [217.70.189.124]) by inbox.dpdk.org (Postfix) with ESMTP id 0BE0B46B37 for ; Thu, 10 Jul 2025 11:59:28 +0200 (CEST) Received: from mails.dpdk.org (localhost [127.0.0.1]) by mails.dpdk.org (Postfix) with ESMTP id E7406402D1; Thu, 10 Jul 2025 11:59:27 +0200 (CEST) Received: from mail-qk1-f226.google.com (mail-qk1-f226.google.com [209.85.222.226]) by mails.dpdk.org (Postfix) with ESMTP id 777C0402D1 for ; Thu, 10 Jul 2025 11:59:26 +0200 (CEST) Received: by mail-qk1-f226.google.com with SMTP id af79cd13be357-7d5e18860aeso43205985a.0 for ; Thu, 10 Jul 2025 02:59:26 -0700 (PDT) DKIM-Signature: v=1; a=rsa-sha256; c=relaxed/relaxed; d=iol.unh.edu; s=unh-iol; t=1752141566; x=1752746366; darn=dpdk.org; h=references:in-reply-to:cc:to:from:subject:message-id:date:from:to :cc:subject:date:message-id:reply-to; bh=ucSfBL6JwLNvuoednfPlBVLKki5+5s3N2TWOstXBpD8=; b=JyKVoKfsdvAo9ygiU0XYz/06vgq6HYFluNz8lnuuv/nPPEe1JISjpCsfe/1Ej9jvER +l98kK8+rNCEYMNc/TtzH4QLCjh1TyIQxnqT3SfBUcXwhd/ihJbrztbymijSEmQvHd0s FLRPXMALD4X8tWvYPWl0LeGHoJoEXNpMGkaqo= X-Google-DKIM-Signature: v=1; a=rsa-sha256; c=relaxed/relaxed; d=1e100.net; s=20230601; t=1752141566; x=1752746366; h=references:in-reply-to:cc:to:from:subject:message-id:date :x-gm-message-state:from:to:cc:subject:date:message-id:reply-to; bh=ucSfBL6JwLNvuoednfPlBVLKki5+5s3N2TWOstXBpD8=; b=mbhQdrgOn0rxvShs+rvQ4ams4Jzem5DnFaUj3aRMsbrZ6jOCRUkO6y9XLlqmPCDMW8 mTKGZdb+Yf1yBaiqxKdvsMZsI+haGsk2FaEw2A5z5AcVkHhJeyhEBGGcjdAtSFDtqBDF R3r0W7204pUCCS2F6L5DWXqpyjKt3f8QJaz2S1sn+OgoI3q7v2McUZUwfJIiCrnBs/fb wrGgNUVBHvn6+/XEM7+F4GH2pDz5wTzP0YJrSmU6uOf8X8kVhDnZDb5AoQoZd85M+LI2 VnrZWVgFVnMgkmUDXT1OIHJeA90sYpvh3gbt4N7uEPKiYDU9dgOEDrkzYcd0gBmdmOla SRyQ== X-Gm-Message-State: AOJu0Yw/mZKAoFZLjVr9gEzLL6+iBBxp4PRAx0RlkmJRkkVtf2Q4Auyi tRx9DrSNIQ8MNrq7a6ixClXoF5w0Mc9LXxQDh1CWa660yNrfrDdwlK5+RNQUraWYhkLG1AXnNHR +ot6iSzB9QKOdIi+9qquO4eBltgwG+Nr/2rdwAfWpgFswSsHezgp1xWtMyWPd X-Gm-Gg: ASbGncsGZgy5mzEDXGJDHAFmN2TYgRrNy9vwfIPakF29Fy9vx25huEijEpaVOXOECwX fHfsd4pbPbXIzKnMezpIosMGxf80nGUu0tpdTKPmbfJtAnEnLwVM9fEJICAuEo7LVHLacYjHRoY sAV+jbdJUjbUqclQewBHApUuLr6R8XonRjfpg7Tylj9g4h503712qM72m/KGcHbznGJTv7LAUAV QAiL8xx3D9LmHYHaZbzWMwSOB4t7vEEfhORRaSD3qDf4iiPyoV3TM6CpHLtQhw8HHyvrDEqT7Ow G8ZlmqF//tsiLOScdFa51WG0aDXd9ee0cjCufIBptLMI0TE= X-Google-Smtp-Source: AGHT+IEAbhyVjIbQNKVxI8yXIsITKY0OD289oEPJYmCPVnlaJH+8LQqo5ZDgxx/Dch6lFjdwb4uru8vknHYf X-Received: by 2002:a05:620a:2544:b0:7d7:79ff:a1e5 with SMTP id af79cd13be357-7dccbf50899mr253640885a.29.1752141565745; Thu, 10 Jul 2025 02:59:25 -0700 (PDT) Received: from postal.iol.unh.edu (postal.iol.unh.edu. [2606:4100:3880:1234::84]) by smtp-relay.gmail.com with ESMTPS id 6a1803df08f44-704979d7f66sm579906d6.31.2025.07.10.02.59.25 (version=TLS1_2 cipher=ECDHE-ECDSA-AES128-GCM-SHA256 bits=128/128); Thu, 10 Jul 2025 02:59:25 -0700 (PDT) X-Relaying-Domain: iol.unh.edu Date: Thu, 10 Jul 2025 02:59:25 -0700 (PDT) Message-ID: <686f8efd.050a0220.3c3326.3033SMTPIN_ADDED_MISSING@mx.google.com> Received: from [172.21.0.5] (unknown [172.18.0.240]) by postal.iol.unh.edu (Postfix) with ESMTP id 701F96051830; Thu, 10 Jul 2025 05:59:25 -0400 (EDT) Subject: |FAILURE| pw155110-155121 [PATCH] [RFC,v2,12/12] pdump: mark API and From: dpdklab@iol.unh.edu To: Test Report Cc: dpdk-test-reports@iol.unh.edu, Stephen Hemminger In-Reply-To: <20250709173611.6390-13-stephen@networkplumber.org> References: <20250709173611.6390-13-stephen@networkplumber.org> Content-Type: text/plain X-BeenThere: test-report@dpdk.org X-Mailman-Version: 2.1.29 Precedence: list List-Id: automatic DPDK test reports List-Unsubscribe: , List-Archive: List-Post: List-Help: List-Subscribe: , Errors-To: test-report-bounces@dpdk.org Test-Label: iol-unit-amd64-testing Test-Status: FAILURE http://dpdk.org/patch/155121 _Testing issues_ Submitter: Stephen Hemminger Date: Wednesday, July 09 2025 17:33:38 DPDK git baseline: Repo:dpdk Branch: master CommitID:9fe9c0b231c8da5435bfccb1963121b4277f961c 155110-155121 --> testing issues Upstream job id: Generic-VM-Unit-Test-DPDK#29866 Test environment and result as below: +-------------------------------+----------------+ | Environment | dpdk_unit_test | +===============================+================+ | Fedora Linux 40 | FAIL | +-------------------------------+----------------+ | Debian GNU/Linux 12 | FAIL | +-------------------------------+----------------+ | CentOS Stream 9 | FAIL | +-------------------------------+----------------+ | CentOS Stream 10 | FAIL | +-------------------------------+----------------+ | Fedora Linux 41 | FAIL | +-------------------------------+----------------+ | Red Hat Enterprise Linux 9.5 | FAIL | +-------------------------------+----------------+ | Red Hat Enterprise Linux 8.10 | FAIL | +-------------------------------+----------------+ | Ubuntu 22.04 | FAIL | +-------------------------------+----------------+ | Ubuntu 20.04 | PASS | +-------------------------------+----------------+ | Ubuntu 24.04 | FAIL | +-------------------------------+----------------+ | Windows Server 2022 | FAIL | +-------------------------------+----------------+ ==== Unit test summary for Windows Server 2022 (dpdk_unit_test): ==== Failed to get the unit test results. Displaying the unit test results is not supported for some environments, such as our aarch32 testing, where meson is not used to run the tests. Download the logs available on our CI site. ==== End log output ==== Fedora Linux 40 Kernel: 5.15 Compiler: gcc gcc (GCC) 14.2.1 20240912 (Red Hat 14.2.1-3) Debian GNU/Linux 12 Kernel: 5.15 Compiler: gcc gcc (Debian 12.2.0-14+deb12u1) 12.2.0 CentOS Stream 9 Kernel: 5.15 Compiler: gcc gcc (GCC) 11.5.0 20240719 (Red Hat 11.5.0-7) CentOS Stream 10 Kernel: 5.15 Compiler: gcc gcc (GCC) 14.2.1 20250110 (Red Hat 14.2.1-8) Fedora Linux 41 Kernel: 5.15 Compiler: clang gcc (GCC) 14.3.1 20250523 (Red Hat 14.3.1-1) Red Hat Enterprise Linux 9.5 Kernel: 5.15 Compiler: gcc gcc (GCC) 11.5.0 20240719 (Red Hat 11.5.0-2) Red Hat Enterprise Linux 8.10 Kernel: 5.15 Compiler: gcc gcc (GCC) 8.5.0 20210514 (Red Hat 8.5.0-22) Ubuntu 22.04 Kernel: 5.15 Compiler: gcc gcc (Ubuntu 11.4.0-1ubuntu1~22.04) 11.4.0 Ubuntu 20.04 Kernel: 5.15 Compiler: gcc gcc (Ubuntu 9.4.0-1ubuntu1~20.04.2) 9.4.0 Ubuntu 24.04 Kernel: 5.15 Compiler: gcc gcc (Ubuntu 13.3.0-6ubuntu2~24.04) 13.3.0 Windows Server 2022 Kernel: 10.0.20348.2031 Compiler: clang 15.0.7, gcc 14.1.0 (MinGW), and MSVC VS 19.39.33521 To view detailed results, visit: https://lab.dpdk.org/results/dashboard/patchsets/33629/ UNH-IOL DPDK Community Lab To manage your email subscriptions, visit: https://lab.dpdk.org/results/dashboard/preferences/subscriptions/