automatic DPDK test reports
 help / color / mirror / Atom feed
From: dpdklab@iol.unh.edu
To: Test Report <test-report@dpdk.org>
Cc: dpdk-test-reports@iol.unh.edu
Subject: |SUCCESS| pw155007 [PATCH] [v2,01/14] net/sxe: add base driver direc
Date: Thu, 10 Jul 2025 07:16:06 -0700 (PDT)	[thread overview]
Message-ID: <686fcb26.170a0220.1c3adb.36e1SMTPIN_ADDED_MISSING@mx.google.com> (raw)
In-Reply-To: <20250704025401.301617-1-liujie5@linkdatatechnology.com>

Test-Label: iol-sample-apps-testing
Test-Status: SUCCESS
http://dpdk.org/patch/155007

_Testing PASS_

Submitter: Jie Liu <liujie5@linkdatatechnology.com>
Date: Friday, July 04 2025 02:53:48 
DPDK git baseline: Repo:dpdk
  Branch: master
  CommitID:7e6d6106a4ef052d6a2a6bd6e83c5b16a36c65c9

155007 --> testing pass

Upstream job id: ACVP-FIPS-testing#10461

Test environment and result as below:

+--------------+----------------------+
| Environment  | dpdk_fips_validation |
+==============+======================+
| Ubuntu 20.04 | PASS                 |
+--------------+----------------------+


Ubuntu 20.04
	Kernel: 5.15
	Compiler: gcc gcc (Ubuntu 9.4.0-1ubuntu1~20.04.2) 9.4.0

To view detailed results, visit:
https://lab.dpdk.org/results/dashboard/patchsets/33590/

UNH-IOL DPDK Community Lab

To manage your email subscriptions, visit: 
https://lab.dpdk.org/results/dashboard/preferences/subscriptions/

      parent reply	other threads:[~2025-07-10 14:16 UTC|newest]

Thread overview: 20+ messages / expand[flat|nested]  mbox.gz  Atom feed  top
     [not found] <20250704025401.301617-1-liujie5@linkdatatechnology.com>
2025-07-04  2:54 ` |WARNING| pw155007 [PATCH v2 01/14] net/sxe: add base driver directory and doc Adding a minimum maintainable directory structure for the network driver and request checkpatch
2025-07-09 16:04 ` |FAILURE| pw155007 [PATCH] [v2, 01/14] net/sxe: add base driver directory and doc Adding a minimum maintainable directory structure for the network driver and request maintenance of the sxe driver dpdklab
2025-07-09 16:56 ` dpdklab
2025-07-09 20:25 ` |SUCCESS| pw155007 [PATCH] [v2,01/14] net/sxe: add base driver direc dpdklab
2025-07-09 20:31 ` |PENDING| " dpdklab
2025-07-09 20:35 ` |SUCCESS| " dpdklab
2025-07-09 20:42 ` dpdklab
2025-07-09 20:49 ` dpdklab
2025-07-09 21:02 ` dpdklab
2025-07-09 21:13 ` dpdklab
2025-07-09 21:19 ` |PENDING| " dpdklab
2025-07-09 21:40 ` |SUCCESS| " dpdklab
2025-07-09 21:46 ` |WARNING| " dpdklab
2025-07-09 22:01 ` |SUCCESS| " dpdklab
2025-07-10  0:19 ` |WARNING| " dpdklab
2025-07-10  3:46 ` dpdklab
2025-07-10  3:55 ` dpdklab
2025-07-10  8:50 ` |SUCCESS| " dpdklab
2025-07-10  8:57 ` dpdklab
2025-07-10 14:16 ` dpdklab [this message]

Reply instructions:

You may reply publicly to this message via plain-text email
using any one of the following methods:

* Save the following mbox file, import it into your mail client,
  and reply-to-all from there: mbox

  Avoid top-posting and favor interleaved quoting:
  https://en.wikipedia.org/wiki/Posting_style#Interleaved_style

* Reply using the --to, --cc, and --in-reply-to
  switches of git-send-email(1):

  git send-email \
    --in-reply-to=686fcb26.170a0220.1c3adb.36e1SMTPIN_ADDED_MISSING@mx.google.com \
    --to=dpdklab@iol.unh.edu \
    --cc=dpdk-test-reports@iol.unh.edu \
    --cc=test-report@dpdk.org \
    /path/to/YOUR_REPLY

  https://kernel.org/pub/software/scm/git/docs/git-send-email.html

* If your mail client supports setting the In-Reply-To header
  via mailto: links, try the mailto: link
Be sure your reply has a Subject: header at the top and a blank line before the message body.
This is a public inbox, see mirroring instructions
for how to clone and mirror all data and code used for this inbox;
as well as URLs for NNTP newsgroup(s).