automatic DPDK test reports
 help / color / mirror / Atom feed
From: dpdklab@iol.unh.edu
To: Test Report <test-report@dpdk.org>
Cc: dpdk-test-reports@iol.unh.edu,
	Stephen Hemminger <stephen@networkplumber.org>
Subject: |FAILURE| pw155146-155158 [PATCH] [v3,13/13] pdump: mark API and app
Date: Thu, 10 Jul 2025 11:01:51 -0700 (PDT)	[thread overview]
Message-ID: <6870000f.170a0220.170929.4fc8SMTPIN_ADDED_MISSING@mx.google.com> (raw)
In-Reply-To: <20250710164237.8630-14-stephen@networkplumber.org>

Test-Label: iol-compile-amd64-testing
Test-Status: FAILURE
http://dpdk.org/patch/155158

_Testing issues_

Submitter: Stephen Hemminger <stephen@networkplumber.org>
Date: Thursday, July 10 2025 16:16:54 
DPDK git baseline: Repo:dpdk
  Branch: master
  CommitID:9fe9c0b231c8da5435bfccb1963121b4277f961c

155146-155158 --> testing issues

Upstream job id: Windows-Compile-DPDK-VS#6331

Test environment and result as below:

+-------------------------------+--------------------+-------------------+------------------+-------------------------+-------------------+----------------------+
|          Environment          | dpdk_meson_compile | dpdk_compile_spdk | dpdk_compile_ovs | dpdk_llvm_clang_compile | dpdk_msvc_compile | dpdk_mingw64_compile |
+===============================+====================+===================+==================+=========================+===================+======================+
| CentOS Stream 9               | PEND               | PEND              | SKIPPED          | SKIPPED                 | SKIPPED           | SKIPPED              |
+-------------------------------+--------------------+-------------------+------------------+-------------------------+-------------------+----------------------+
| CentOS Stream 10              | PEND               | SKIPPED           | SKIPPED          | SKIPPED                 | SKIPPED           | SKIPPED              |
+-------------------------------+--------------------+-------------------+------------------+-------------------------+-------------------+----------------------+
| Debian GNU/Linux 12           | PEND               | PEND              | SKIPPED          | SKIPPED                 | SKIPPED           | SKIPPED              |
+-------------------------------+--------------------+-------------------+------------------+-------------------------+-------------------+----------------------+
| Fedora Linux 40               | PEND               | PEND              | SKIPPED          | SKIPPED                 | SKIPPED           | SKIPPED              |
+-------------------------------+--------------------+-------------------+------------------+-------------------------+-------------------+----------------------+
| Fedora Linux 41               | PEND               | PEND              | PEND             | SKIPPED                 | SKIPPED           | SKIPPED              |
+-------------------------------+--------------------+-------------------+------------------+-------------------------+-------------------+----------------------+
| openSUSE Leap 15.6            | PEND               | SKIPPED           | SKIPPED          | SKIPPED                 | SKIPPED           | SKIPPED              |
+-------------------------------+--------------------+-------------------+------------------+-------------------------+-------------------+----------------------+
| Red Hat Enterprise Linux 9.5  | PEND               | SKIPPED           | SKIPPED          | SKIPPED                 | SKIPPED           | SKIPPED              |
+-------------------------------+--------------------+-------------------+------------------+-------------------------+-------------------+----------------------+
| Ubuntu 20.04                  | PASS               | SKIPPED           | SKIPPED          | SKIPPED                 | SKIPPED           | SKIPPED              |
+-------------------------------+--------------------+-------------------+------------------+-------------------------+-------------------+----------------------+
| Red Hat Enterprise Linux 8.10 | PEND               | SKIPPED           | SKIPPED          | SKIPPED                 | SKIPPED           | SKIPPED              |
+-------------------------------+--------------------+-------------------+------------------+-------------------------+-------------------+----------------------+
| Ubuntu 24.04                  | PEND               | PEND              | PEND             | SKIPPED                 | SKIPPED           | SKIPPED              |
+-------------------------------+--------------------+-------------------+------------------+-------------------------+-------------------+----------------------+
| Ubuntu 22.04                  | PEND               | PEND              | SKIPPED          | SKIPPED                 | SKIPPED           | SKIPPED              |
+-------------------------------+--------------------+-------------------+------------------+-------------------------+-------------------+----------------------+
| Alpine Linux 3.22.0           | PEND               | SKIPPED           | SKIPPED          | SKIPPED                 | SKIPPED           | SKIPPED              |
+-------------------------------+--------------------+-------------------+------------------+-------------------------+-------------------+----------------------+
| FreeBSD 14.2                  | PEND               | SKIPPED           | SKIPPED          | SKIPPED                 | SKIPPED           | SKIPPED              |
+-------------------------------+--------------------+-------------------+------------------+-------------------------+-------------------+----------------------+
| Windows Server 2022           | SKIPPED            | SKIPPED           | SKIPPED          | PASS                    | FAIL              | PEND                 |
+-------------------------------+--------------------+-------------------+------------------+-------------------------+-------------------+----------------------+

==== 20 line log output for Windows Server 2022 (dpdk_msvc_compile): ====
\0"\0c\0l\0"\0 \0"\0-\0I\0l\0i\0b\0\\0l\0i\0b\0r\0t\0e\0_\0e\0t\0h\0d\0e\0v\0.\0a\0.\0p\0"\0 \0"\0-\0I\0l\0i\0b\0"\0 \0"\0-\0I\0.\0.\0\\0l\0i\0b\0"\0 \0"\0-\0I\0l\0i\0b\0\\0e\0t\0h\0d\0e\0v\0"\0 \0"\0-\0I\0.\0.\0\\0l\0i\0b\0\\0e\0t\0h\0d\0e\0v\0"\0 \0"\0-\0I\0l\0i\0b\0\\0e\0a\0l\0\\0c\0o\0m\0m\0o\0n\0"\0 \0"\0-\0I\0.\0.\0\\0l\0i\0b\0\\0e\0a\0l\0\\0c\0o\0m\0m\0o\0n\0"\0 \0"\0-\0I\0.\0"\0 \0"\0-\0I\0.\0.\0"\0 \0"\0-\0I\0c\0o\0n\0f\0i\0g\0"\0 \0"\0-\0I\0.\0.\0\\0c\0o\0n\0f\0i\0g\0"\0 \0"\0-\0I\0l\0i\0b\0\\0e\0a\0l\0\\0i\0n\0c\0l\0u\0d\0e\0"\0 \0"\0-\0I\0.\0.\0\\0l\0i\0b\0\\0e\0a\0l\0\\0i\0n\0c\0l\0u\0d\0e\0"\0 \0"\0-\0I\0l\0i\0b\0\\0e\0a\0l\0\\0w\0i\0n\0d\0o\0w\0s\0\\0i\0n\0c\0l\0u\0d\0e\0"\0 \0"\0-\0I\0.\0.\0\\0l\0i\0b\0\\0e\0a\0l\0\\0w\0i\0n\0d\0o\0w\0s\0\\0i\0n\0c\0l\0u\0d\0e\0"\0 \0"\0-\0I\0l\0i\0b\0\\0e\0a\0l\0\\0x\08\06\0\\0i\0n\0c\0l\0u\0d\0e\0"\0 \0"\0-\0I\0.\0.\0\\0l\0i\0b\0\\0e\0a\0l\0\\0x\08\06\0\\0i\0n\0c\0l\0u\0d\0e\0"\0 \0"\0-\0I\0l\0i\0b\0\\0e\0a\0l\0"\0 \0"\0-\0I\0.\0.\0\\0l\0i\0b\0\\0e\0a\0l\0"\0 \0"\0-\0I\0l\0i\0b\0\\0l\0o\0g\0"\0 \0"\0-\0I\0.\0.\0\\0l\0i\0b\0\\0l\0o\0g\0"\0 \0"\0-\0I\0l\0i\0b\0\\0k\0v\0a\0r\0g\0s\0"\0 \0"\0-\0I\0.\0.\0\\0l\0i\0b\0\\0k\0v\0a\0r\0g\0s\0"\0 \0"\0-\0I\0l\0i\0b\0\\0n\0e\0t\0"\0 \0"\0-\0I\0.\0.\0\\0l\0i\0b\0\\0n\0e\0t\0"\0 \0"\0-\0I\0l\0i\0b\0\\0m\0b\0u\0f\0"\0 \0"\0-\0I\0.\0.\0\\0l\0i\0b\0\\0m\0b\0u\0f\0"\0 \0"\0-\0I\0l\0i\0b\0\\0m\0e\0m\0p\0o\0o\0l\0"\0 \0"\0-\0I\0.\0.\0\\0l\0i\0b\0\\0m\0e\0m\0p\0o\0o\0l\0"\0 \0"\0-\0I\0l\0i\0b
 \0\\0r\0i\0n\0g\0"\0 \0"\0-\0I\0.\0.\0\\0l\0i\0b\0\\0r\0i\0n\0g\0"\0 \0"\0-\0I\0l\0i\0b\0\\0m\0e\0t\0r\0i\0c\0s\0"\0 \0"\0-\0I\0.\0.\0\\0l\0i\0b\0\\0m\0e\0t\0r\0i\0c\0s\0"\0 \0"\0-\0I\0l\0i\0b\0\\0t\0e\0l\0e\0m\0e\0t\0r\0y\0"\0 \0"\0-\0I\0.\0.\0\\0l\0i\0b\0\\0t\0e\0l\0e\0m\0e\0t\0r\0y\0"\0 \0"\0-\0I\0l\0i\0b\0\\0m\0e\0t\0e\0r\0"\0 \0"\0-\0I\0.\0.\0\\0l\0i\0b\0\\0m\0e\0t\0e\0r\0"\0 \0"\0-\0I\0C\0:\0\\0P\0r\0o\0g\0r\0a\0m\0 \0F\0i\0l\0e\0s\0\\0M\0e\0l\0l\0a\0n\0o\0x\0\\0M\0L\0N\0X\0_\0W\0i\0n\0O\0F\02\0_\0D\0e\0v\0X\0_\0S\0D\0K\0\\0i\0n\0c\0"\0 \0"\0/\0M\0D\0"\0 \0"\0/\0n\0o\0l\0o\0g\0o\0"\0 \0"\0/\0s\0h\0o\0w\0I\0n\0c\0l\0u\0d\0e\0s\0"\0 \0"\0/\0u\0t\0f\0-\08\0"\0 \0"\0/\0W\03\0"\0 \0"\0/\0W\0X\0"\0 \0"\0/\0s\0t\0d\0:\0c\01\01\0"\0 \0"\0/\0O\02\0"\0 \0"\0/\0G\0w\0"\0 \0"\0/\0w\0d\04\02\04\04\0"\0 \0"\0/\0w\0d\04\02\06\07\0"\0 \0"\0/\0w\0d\04\01\04\06\0"\0 \0"\0/\0e\0x\0p\0e\0r\0i\0m\0e\0n\0t\0a\0l\0:\0c\01\01\0a\0t\0o\0m\0i\0c\0s\0"\0 \0"\0/\0d\01\0e\0x\0p\0e\0r\0i\0m\0e\0n\0t\0a\0l\0:\0t\0y\0p\0e\0o\0f\0"\0 \0"\0/\0e\0x\0p\0e\0r\0i\0m\0e\0n\0t\0a\0l\0:\0s\0t\0a\0t\0e\0m\0e\0n\0t\0E\0x\0p\0r\0e\0s\0s\0i\0o\0n\0s\0"\0 \0"\0/\0F\0I\0"\0 \0"\0r\0t\0e\0_\0c\0o\0n\0f\0i\0g\0.\0h\0"\0 \0"\0-\0D\0_\0G\0N\0U\0_\0S\0O\0U\0R\0C\0E\0"\0 \0"\0-\0D\0_\0W\0I\0N\03\02\0_\0W\0I\0N\0N\0T\0=\00\0x\00\0A\00\00\0"\0 \0"\0-\0D\0A\0L\0L\0O\0W\0_\0E\0X\0P\0E\0R\0I\0M\0E\0N\0T\0A\0L\0_\0A\0P\0I\0"\0 \0"\0-\0D\0A\0L\0L\0O\0W\0_\0I\0N\0T\0E\0R\0N\0A\0L\0_\0A\0P\0I\0"\0 \0"\0-\0D\0R\0T\0E\0_\0L\0O\0
 G\0_\0D\0E\0F\0A\0U\0L\0T\0_\0L\0O\0G\0T\0Y\0P\0E\0=\0l\0i\0b\0.\0e\0t\0h\0d\0e\0v\0"\0 \0"\0/\0F\0d\0l\0i\0b\0\\0l\0i\0b\0r\0t\0e\0_\0e\0t\0h\0d\0e\0v\0.\0a\0.\0p\0\\0e\0t\0h\0d\0e\0v\0_\0r\0t\0e\0_\0m\0i\0r\0r\0o\0r\0.\0c\0.\0p\0d\0b\0"\0 \0/\0F\0o\0l\0i\0b\0/\0l\0i\0b\0r\0t\0e\0_\0e\0t\0h\0d\0e\0v\0.\0a\0.\0p\0/\0e\0t\0h\0d\0e\0v\0_\0r\0t\0e\0_\0m\0i\0r\0r\0o\0r\0.\0c\0.\0o\0b\0j\0 \0"\0/\0c\0"\0 \0.\0.\0/\0l\0i\0b\0/\0e\0t\0h\0d\0e\0v\0/\0r\0t\0e\0_\0m\0i\0r\0r\0o\0r\0.\0c\0
\0
\0.\0.\0/\0l\0i\0b\0/\0e\0t\0h\0d\0e\0v\0/\0r\0t\0e\0_\0m\0i\0r\0r\0o\0r\0.\0c\0(\01\02\03\0)\0:\0 \0e\0r\0r\0o\0r\0 \0C\07\07\00\07\0:\0 \0c\0a\0l\0l\0 \0t\0o\0 \0'\0_\0_\0c\01\01\0_\0a\0t\0o\0m\0i\0c\0_\0s\0t\0o\0r\0e\0'\0:\0 \0a\0r\0g\0u\0m\0e\0n\0t\0 \0t\0y\0p\0e\0 \0'\0r\0t\0e\0_\0e\0t\0h\0_\0m\0i\0r\0r\0o\0r\0 \0*\0*\0_\0A\0t\0o\0m\0i\0c\0 \0'\0 \0m\0u\0s\0t\0 \0b\0e\0 \0a\0 \0p\0o\0i\0n\0t\0e\0r\0 \0t\0o\0 \0a\0n\0 \0a\0t\0o\0m\0i\0c\0 \0t\0y\0p\0e\0
\0
\0.\0.\0/\0l\0i\0b\0/\0e\0t\0h\0d\0e\0v\0/\0r\0t\0e\0_\0m\0i\0r\0r\0o\0r\0.\0c\0(\01\09\05\0)\0:\0 \0w\0a\0r\0n\0i\0n\0g\0 \0C\04\00\09\00\0:\0 \0'\0f\0u\0n\0c\0t\0i\0o\0n\0'\0:\0 \0d\0i\0f\0f\0e\0r\0e\0n\0t\0 \0'\0_\0A\0t\0o\0m\0i\0c\0'\0 \0q\0u\0a\0l\0i\0f\0i\0e\0r\0s\0
\0
\0.\0.\0/\0l\0i\0b\0/\0e\0t\0h\0d\0e\0v\0/\0r\0t\0e\0_\0m\0i\0r\0r\0o\0r\0.\0c\0(\01\09\07\0)\0:\0 \0w\0a\0r\0n\0i\0n\0g\0 \0C\04\00\09\00\0:\0 \0'\0f\0u\0n\0c\0t\0i\0o\0n\0'\0:\0 \0d\0i\0f\0f\0e\0r\0e\0n\0t\0 \0'\0_\0A\0t\0o\0m\0i\0c\0'\0 \0q\0u\0a\0l\0i\0f\0i\0e\0r\0s\0
\0
\0.\0.\0/\0l\0i\0b\0/\0e\0t\0h\0d\0e\0v\0/\0r\0t\0e\0_\0m\0i\0r\0r\0o\0r\0.\0c\0(\02\02\05\0)\0:\0 \0e\0r\0r\0o\0r\0 \0C\07\07\00\07\0:\0 \0c\0a\0l\0l\0 \0t\0o\0 \0'\0_\0_\0c\01\01\0_\0a\0t\0o\0m\0i\0c\0_\0s\0t\0o\0r\0e\0'\0:\0 \0a\0r\0g\0u\0m\0e\0n\0t\0 \0t\0y\0p\0e\0 \0'\0r\0t\0e\0_\0e\0t\0h\0_\0m\0i\0r\0r\0o\0r\0 \0*\0*\0'\0 \0m\0u\0s\0t\0 \0b\0e\0 \0a\0 \0p\0o\0i\0n\0t\0e\0r\0 \0t\0o\0 \0a\0n\0 \0a\0t\0o\0m\0i\0c\0 \0t\0y\0p\0e\0
\0
\0.\0.\0/\0l\0i\0b\0/\0e\0t\0h\0d\0e\0v\0/\0r\0t\0e\0_\0m\0i\0r\0r\0o\0r\0.\0c\0(\02\05\04\0)\0:\0 \0w\0a\0r\0n\0i\0n\0g\0 \0C\04\00\09\00\0:\0 \0'\0f\0u\0n\0c\0t\0i\0o\0n\0'\0:\0 \0d\0i\0f\0f\0e\0r\0e\0n\0t\0 \0'\0_\0A\0t\0o\0m\0i\0c\0'\0 \0q\0u\0a\0l\0i\0f\0i\0e\0r\0s\0
\0
\0.\0.\0/\0l\0i\0b\0/\0e\0t\0h\0d\0e\0v\0/\0r\0t\0e\0_\0m\0i\0r\0r\0o\0r\0.\0c\0(\02\05\05\0)\0:\0 \0w\0a\0r\0n\0i\0n\0g\0 \0C\04\00\09\00\0:\0 \0'\0f\0u\0n\0c\0t\0i\0o\0n\0'\0:\0 \0d\0i\0f\0f\0e\0r\0e\0n\0t\0 \0'\0_\0A\0t\0o\0m\0i\0c\0'\0 \0q\0u\0a\0l\0i\0f\0i\0e\0r\0s\0
\0
\0[\01\07\02\0/\04\05\04\0]\0 \0G\0e\0n\0e\0r\0a\0t\0i\0n\0g\0 \0s\0y\0m\0b\0o\0l\0 \0f\0i\0l\0e\0 \0l\0i\0b\0/\0r\0t\0e\0_\0n\0e\0t\0-\02\05\0.\0d\0l\0l\0.\0p\0/\0r\0t\0e\0_\0n\0e\0t\0-\02\05\0.\0d\0l\0l\0.\0s\0y\0m\0b\0o\0l\0s\0
\0
\0[\01\07\03\0/\04\05\04\0]\0 \0G\0e\0n\0e\0r\0a\0t\0i\0n\0g\0 \0l\0i\0b\0/\0r\0t\0e\0_\0e\0t\0h\0d\0e\0v\0_\0m\0a\0p\0 \0w\0i\0t\0h\0 \0a\0 \0c\0u\0s\0t\0o\0m\0 \0c\0o\0m\0m\0a\0n\0d\0
\0
\0[\01\07\04\0/\04\05\04\0]\0 \0C\0o\0m\0p\0i\0l\0i\0n\0g\0 \0C\0 \0o\0b\0j\0e\0c\0t\0 \0l\0i\0b\0/\0l\0i\0b\0r\0t\0e\0_\0e\0t\0h\0d\0e\0v\0.\0a\0.\0p\0/\0e\0t\0h\0d\0e\0v\0_\0r\0t\0e\0_\0e\0t\0h\0d\0e\0v\0_\0c\0m\0a\0n\0.\0c\0.\0o\0b\0j\0
\0
\0[\01\07\05\0/\04\05\04\0]\0 \0C\0o\0m\0p\0i\0l\0i\0n\0g\0 \0C\0 \0o\0b\0j\0e\0c\0t\0 \0l\0i\0b\0/\0l\0i\0b\0r\0t\0e\0_\0e\0t\0h\0d\0e\0v\0.\0a\0.\0p\0/\0e\0t\0h\0d\0e\0v\0_\0s\0f\0f\0_\0t\0e\0l\0e\0m\0e\0t\0r\0y\0.\0c\0.\0o\0b\0j\0
\0
\0[\01\07\06\0/\04\05\04\0]\0 \0C\0o\0m\0p\0i\0l\0i\0n\0g\0 \0C\0 \0o\0b\0j\0e\0c\0t\0 \0l\0i\0b\0/\0l\0i\0b\0r\0t\0e\0_\0e\0t\0h\0d\0e\0v\0.\0a\0.\0p\0/\0e\0t\0h\0d\0e\0v\0_\0s\0f\0f\0_\08\06\03\06\0.\0c\0.\0o\0b\0j\0
\0
\0[\01\07\07\0/\04\05\04\0]\0 \0C\0o\0m\0p\0i\0l\0i\0n\0g\0 \0C\0 \0o\0b\0j\0e\0c\0t\0 \0l\0i\0b\0/\0l\0i\0b\0r\0t\0e\0_\0e\0t\0h\0d\0e\0v\0.\0a\0.\0p\0/\0e\0t\0h\0d\0e\0v\0_\0s\0f\0f\0_\08\00\07\09\0.\0c\0.\0o\0b\0j\0
\0
\0[\01\07\08\0/\04\05\04\0]\0 \0C\0o\0m\0p\0i\0l\0i\0n\0g\0 \0C\0 \0o\0b\0j\0e\0c\0t\0 \0l\0i\0b\0/\0l\0i\0b\0r\0t\0e\0_\0e\0t\0h\0d\0e\0v\0.\0a\0.\0p\0/\0e\0t\0h\0d\0e\0v\0_\0s\0f\0f\0_\08\04\07\02\0.\0c\0.\0o\0b\0j\0
\0
\0[\01\07\09\0/\04\05\04\0]\0 \0C\0o\0m\0p\0i\0l\0i\0n\0g\0 \0C\0 \0o\0b\0j\0e\0c\0t\0 \0l\0i\0b\0/\0l\0i\0b\0r\0t\0e\0_\0e\0t\0h\0d\0e\0v\0.\0a\0.\0p\0/\0e\0t\0h\0d\0e\0v\0_\0r\0t\0e\0_\0e\0t\0h\0d\0e\0v\0.\0c\0.\0o\0b\0j\0
\0
\0[\01\08\00\0/\04\05\04\0]\0 \0C\0o\0m\0p\0i\0l\0i\0n\0g\0 \0C\0 \0o\0b\0j\0e\0c\0t\0 \0l\0i\0b\0/\0l\0i\0b\0r\0t\0e\0_\0e\0t\0h\0d\0e\0v\0.\0a\0.\0p\0/\0e\0t\0h\0d\0e\0v\0_\0r\0t\0e\0_\0f\0l\0o\0w\0.\0c\0.\0o\0b\0j\0
\0
\0n\0i\0n\0j\0a\0:\0 \0b\0u\0i\0l\0d\0 \0s\0t\0o\0p\0p\0e\0d\0:\0 \0s\0u\0b\0c\0o\0m\0m\0a\0n\0d\0 \0f\0a\0i\0l\0e\0d\0.\0
\0
\0I\0N\0F\0O\0:\0 \0a\0u\0t\0o\0d\0e\0t\0e\0c\0t\0i\0n\0g\0 \0b\0a\0c\0k\0e\0n\0d\0 \0a\0s\0 \0n\0i\0n\0j\0a\0
\0
\0I\0N\0F\0O\0:\0 \0c\0a\0l\0c\0u\0l\0a\0t\0i\0n\0g\0 \0b\0a\0c\0k\0e\0n\0d\0 \0c\0o\0m\0m\0a\0n\0d\0 \0t\0o\0 \0r\0u\0n\0:\0 \0"\0C\0:\0\\0P\0r\0o\0g\0r\0a\0m\0 \0F\0i\0l\0e\0s\0\\0M\0e\0s\0o\0n\0\\0n\0i\0n\0j\0a\0.\0E\0X\0E\0"\0 \0-\0C\0 \0C\0:\0/\0U\0s\0e\0r\0s\0/\0b\0u\0i\0l\0d\0e\0r\0/\0j\0e\0n\0k\0i\0n\0s\0/\0w\0o\0r\0k\0s\0p\0a\0c\0e\0/\0W\0i\0n\0d\0o\0w\0s\0-\0C\0o\0m\0p\0i\0l\0e\0-\0D\0P\0D\0K\0-\0V\0S\0/\0d\0p\0d\0k\0/\0b\0u\0i\0l\0d\0
\0
\0
==== End log output ====

CentOS Stream 9
	Kernel: 5.15
	Compiler: gcc gcc (GCC) 11.5.0 20240719 (Red Hat 11.5.0-7)

CentOS Stream 10
	Kernel: 5.15
	Compiler: gcc gcc (GCC) 14.2.1 20250110 (Red Hat 14.2.1-8)

Debian GNU/Linux 12
	Kernel: 5.15
	Compiler: gcc gcc (Debian 12.2.0-14+deb12u1) 12.2.0

Fedora Linux 40
	Kernel: 5.15
	Compiler: gcc gcc (GCC) 14.2.1 20240912 (Red Hat 14.2.1-3)

Fedora Linux 41
	Kernel: 5.15
	Compiler: gcc gcc (GCC) 14.3.1 20250523 (Red Hat 14.3.1-1)

openSUSE Leap 15.6
	Kernel: 5.15
	Compiler: gcc gcc (SUSE Linux) 7.5.0

Red Hat Enterprise Linux 9.5
	Kernel: 5.15
	Compiler: gcc gcc (GCC) 11.5.0 20240719 (Red Hat 11.5.0-2)

Ubuntu 20.04
	Kernel: 5.15
	Compiler: gcc gcc (Ubuntu 9.4.0-1ubuntu1~20.04.2) 9.4.0

Red Hat Enterprise Linux 8.10
	Kernel: 5.15
	Compiler: gcc gcc (GCC) 8.5.0 20210514 (Red Hat 8.5.0-22)

Ubuntu 24.04
	Kernel: 5.15
	Compiler: gcc gcc (Ubuntu 13.3.0-6ubuntu2~24.04) 13.3.0

Ubuntu 22.04
	Kernel: 5.15
	Compiler: gcc gcc (Ubuntu 11.4.0-1ubuntu1~22.04) 11.4.0

Alpine Linux 3.22.0
	Kernel: 5.15
	Compiler: gcc gcc (Alpine 14.2.0) 14.2.0

FreeBSD 14.2
	Kernel: 14.2-RELEASE
	Compiler: clang 18.1.6

Windows Server 2022
	Kernel: 10.0.20348.2031
	Compiler: clang 15.0.7, gcc 14.1.0 (MinGW), and MSVC VS 19.39.33521

To view detailed results, visit:
https://lab.dpdk.org/results/dashboard/patchsets/33635/

UNH-IOL DPDK Community Lab

To manage your email subscriptions, visit: 
https://lab.dpdk.org/results/dashboard/preferences/subscriptions/

  parent reply	other threads:[~2025-07-10 18:01 UTC|newest]

Thread overview: 27+ messages / expand[flat|nested]  mbox.gz  Atom feed  top
     [not found] <20250710164237.8630-14-stephen@networkplumber.org>
2025-07-10 16:17 ` |SUCCESS| pw155146-155158 [PATCH v3 13/13] pdump: mark API and application as deprecated qemudev
2025-07-10 16:22 ` |FAILURE| " qemudev
2025-07-10 16:44 ` |SUCCESS| pw155158 " checkpatch
2025-07-10 17:53 ` |FAILURE| pw155146-155158 [PATCH] [v3,13/13] pdump: mark API and app dpdklab
2025-07-10 17:55 ` |PENDING| " dpdklab
2025-07-10 17:57 ` |SUCCESS| " dpdklab
2025-07-10 17:59 ` |PENDING| " dpdklab
2025-07-10 18:01 ` dpdklab [this message]
2025-07-10 18:05 ` |SUCCESS| " dpdklab
2025-07-10 18:14 ` dpdklab
2025-07-10 18:18 ` |FAILURE| " dpdklab
2025-07-10 18:22 ` |SUCCESS| " dpdklab
2025-07-10 18:27 ` |FAILURE| " dpdklab
2025-07-10 18:33 ` dpdklab
2025-07-10 18:35 ` dpdklab
2025-07-10 18:36 ` dpdklab
2025-07-10 18:37 ` dpdklab
2025-07-10 18:40 ` dpdklab
2025-07-10 18:43 ` |PENDING| " dpdklab
2025-07-10 18:55 ` |FAILURE| " dpdklab
2025-07-10 19:04 ` dpdklab
2025-07-10 19:05 ` dpdklab
2025-07-10 19:58 ` dpdklab
2025-07-10 21:03 ` |FAILURE| pw155158 [PATCH v3 13/13] pdump: mark API and application as deprecated 0-day Robot
2025-07-10 21:08 ` |FAILURE| pw155146-155158 [PATCH] [v3,13/13] pdump: mark API and app dpdklab
2025-07-10 23:23 ` |SUCCESS| " dpdklab
2025-07-10 23:34 ` dpdklab

Reply instructions:

You may reply publicly to this message via plain-text email
using any one of the following methods:

* Save the following mbox file, import it into your mail client,
  and reply-to-all from there: mbox

  Avoid top-posting and favor interleaved quoting:
  https://en.wikipedia.org/wiki/Posting_style#Interleaved_style

* Reply using the --to, --cc, and --in-reply-to
  switches of git-send-email(1):

  git send-email \
    --in-reply-to=6870000f.170a0220.170929.4fc8SMTPIN_ADDED_MISSING@mx.google.com \
    --to=dpdklab@iol.unh.edu \
    --cc=dpdk-test-reports@iol.unh.edu \
    --cc=stephen@networkplumber.org \
    --cc=test-report@dpdk.org \
    /path/to/YOUR_REPLY

  https://kernel.org/pub/software/scm/git/docs/git-send-email.html

* If your mail client supports setting the In-Reply-To header
  via mailto: links, try the mailto: link
Be sure your reply has a Subject: header at the top and a blank line before the message body.
This is a public inbox, see mirroring instructions
for how to clone and mirror all data and code used for this inbox;
as well as URLs for NNTP newsgroup(s).