From mboxrd@z Thu Jan 1 00:00:00 1970 Return-Path: Received: from mails.dpdk.org (mails.dpdk.org [217.70.189.124]) by inbox.dpdk.org (Postfix) with ESMTP id DE93746B3C for ; Thu, 10 Jul 2025 20:01:53 +0200 (CEST) Received: from mails.dpdk.org (localhost [127.0.0.1]) by mails.dpdk.org (Postfix) with ESMTP id C0F304028B; Thu, 10 Jul 2025 20:01:53 +0200 (CEST) Received: from mail-pg1-f227.google.com (mail-pg1-f227.google.com [209.85.215.227]) by mails.dpdk.org (Postfix) with ESMTP id 7C7114028B for ; Thu, 10 Jul 2025 20:01:52 +0200 (CEST) Received: by mail-pg1-f227.google.com with SMTP id 41be03b00d2f7-b31d489a76dso1247086a12.1 for ; Thu, 10 Jul 2025 11:01:52 -0700 (PDT) DKIM-Signature: v=1; a=rsa-sha256; c=relaxed/relaxed; d=iol.unh.edu; s=unh-iol; t=1752170511; x=1752775311; darn=dpdk.org; h=references:in-reply-to:cc:to:from:subject:message-id:date:from:to :cc:subject:date:message-id:reply-to; bh=hlc8PADHuBjGYs8kgGOBg5jHMVH905IaFtsfitLMHWI=; b=RODGG/STAkrZl4GSMmV/mp8WEi5qhn0+HWjj0qVb8wha5PKLtNkU2rbjcZMiFP4J7o M5l1QDIY1S3gkWscW/Xg4gZg3Q/5N6dNI8O3iWzfemO5a6NOsED8Sg2es4vZzNdKNgCi Cypj6BNjADPO7q7R9vPv+LVjvsohMNOiDss7I= X-Google-DKIM-Signature: v=1; a=rsa-sha256; c=relaxed/relaxed; d=1e100.net; s=20230601; t=1752170511; x=1752775311; h=references:in-reply-to:cc:to:from:subject:message-id:date :x-gm-message-state:from:to:cc:subject:date:message-id:reply-to; bh=hlc8PADHuBjGYs8kgGOBg5jHMVH905IaFtsfitLMHWI=; b=jn2JpLv+DL54QhI2y1th+ijmbqzRn40dQpeNFv3HT+Mt+kqzOqqlxsrlwbVwI4WRMO p6kpHT7686mDPlEHEhW8LFG+nAB9mQXNcle57b9U5PfirKcA34G1n3lBk8BXQR20HaMm /gwyRVrv7qp3yfIiPXHiZt95WJmj5dIDf3geFsJq2g3mFMHo80tXqDLzuAh13GydBHbY QEfGP9iVohQrXLIM19wqFKWNlVycXPTeaaMCnDdlIXnIoKaUQgp8i+VbCLvdTHnBbqpK uTyUM/ZriuS4+NlrG64Gxp67kyJrCYcCnGEoSDa4lqks1MbPjQ7gf4p57jQI+7iqq0Zr iaUQ== X-Gm-Message-State: AOJu0YzRvieuSwGarvoho9SyRVvvvg6s3ysr0FwwBYcUbP7OEW+S4BK1 2uxchrf3iKFXq5Mv5r5eRDOuGlQzxyLiDrYG2dLhHH513V7pndNRqcv+5zAhZaSqORSziH7xWvf tsY/KpU1kNtM8bQKpxGJ1nBKln/6BJTMpXt/DefZ2azy+ X-Gm-Gg: ASbGncuRUv2cX661I/PoLtoU1m97bPqR33NIUnR+DLnb1IdDrr9ooTqrvd0w8XuayXN XmxzzZmv0VydGRZ1C/w8nXyEhnonljQTRUxWpwoRSwKzJqVejZditoUsyVxKCe7c9p4gluVeblo PMJTfr6DXPk64n5JwTHPqhamPfmqsSYcE6GrtLBhN4LFtdHxPy48rS1j+im7LX+RlrQ3b+STODU UbD9a2ebRubqy7iMQ0XGG3vmD12/hRb4pbo1HpgoauYUFfT1KZbE/yuO6leNRDMnwuo8mg/oFUQ mKl2ZwshkKJpg93i319BLCEZQ1Qrhvn1ae9xTAbbyjqVLOCQDgBlEM/6A8WsOUIn3Eqcxg== X-Google-Smtp-Source: AGHT+IFT+oMhsdsDqYCd6CY4X9jDXobr9aPa35UXmirbxvAs97X8wiepDhemNF3gnaHAPXAkxgga5cqv+KOC X-Received: by 2002:a17:90b:278c:b0:312:e91c:e340 with SMTP id 98e67ed59e1d1-31c4cd603d8mr612227a91.35.1752170511471; Thu, 10 Jul 2025 11:01:51 -0700 (PDT) Received: from postal.iol.unh.edu (postal.iol.unh.edu. [132.177.123.84]) by smtp-relay.gmail.com with ESMTPS id 98e67ed59e1d1-31c3eb6601dsm93329a91.13.2025.07.10.11.01.51 (version=TLS1_2 cipher=ECDHE-ECDSA-AES128-GCM-SHA256 bits=128/128); Thu, 10 Jul 2025 11:01:51 -0700 (PDT) X-Relaying-Domain: iol.unh.edu Date: Thu, 10 Jul 2025 11:01:51 -0700 (PDT) Message-ID: <6870000f.170a0220.170929.4fc8SMTPIN_ADDED_MISSING@mx.google.com> Received: from [172.21.0.6] (unknown [172.18.0.240]) by postal.iol.unh.edu (Postfix) with ESMTP id 9CB28604D420; Thu, 10 Jul 2025 14:01:50 -0400 (EDT) Subject: |FAILURE| pw155146-155158 [PATCH] [v3,13/13] pdump: mark API and app From: dpdklab@iol.unh.edu To: Test Report Cc: dpdk-test-reports@iol.unh.edu, Stephen Hemminger In-Reply-To: <20250710164237.8630-14-stephen@networkplumber.org> References: <20250710164237.8630-14-stephen@networkplumber.org> Content-Type: text/plain X-BeenThere: test-report@dpdk.org X-Mailman-Version: 2.1.29 Precedence: list List-Id: automatic DPDK test reports List-Unsubscribe: , List-Archive: List-Post: List-Help: List-Subscribe: , Errors-To: test-report-bounces@dpdk.org Test-Label: iol-compile-amd64-testing Test-Status: FAILURE http://dpdk.org/patch/155158 _Testing issues_ Submitter: Stephen Hemminger Date: Thursday, July 10 2025 16:16:54 DPDK git baseline: Repo:dpdk Branch: master CommitID:9fe9c0b231c8da5435bfccb1963121b4277f961c 155146-155158 --> testing issues Upstream job id: Windows-Compile-DPDK-VS#6331 Test environment and result as below: +-------------------------------+--------------------+-------------------+------------------+-------------------------+-------------------+----------------------+ | Environment | dpdk_meson_compile | dpdk_compile_spdk | dpdk_compile_ovs | dpdk_llvm_clang_compile | dpdk_msvc_compile | dpdk_mingw64_compile | +===============================+====================+===================+==================+=========================+===================+======================+ | CentOS Stream 9 | PEND | PEND | SKIPPED | SKIPPED | SKIPPED | SKIPPED | +-------------------------------+--------------------+-------------------+------------------+-------------------------+-------------------+----------------------+ | CentOS Stream 10 | PEND | SKIPPED | SKIPPED | SKIPPED | SKIPPED | SKIPPED | +-------------------------------+--------------------+-------------------+------------------+-------------------------+-------------------+----------------------+ | Debian GNU/Linux 12 | PEND | PEND | SKIPPED | SKIPPED | SKIPPED | SKIPPED | +-------------------------------+--------------------+-------------------+------------------+-------------------------+-------------------+----------------------+ | Fedora Linux 40 | PEND | PEND | SKIPPED | SKIPPED | SKIPPED | SKIPPED | +-------------------------------+--------------------+-------------------+------------------+-------------------------+-------------------+----------------------+ | Fedora Linux 41 | PEND | PEND | PEND | SKIPPED | SKIPPED | SKIPPED | +-------------------------------+--------------------+-------------------+------------------+-------------------------+-------------------+----------------------+ | openSUSE Leap 15.6 | PEND | SKIPPED | SKIPPED | SKIPPED | SKIPPED | SKIPPED | +-------------------------------+--------------------+-------------------+------------------+-------------------------+-------------------+----------------------+ | Red Hat Enterprise Linux 9.5 | PEND | SKIPPED | SKIPPED | SKIPPED | SKIPPED | SKIPPED | +-------------------------------+--------------------+-------------------+------------------+-------------------------+-------------------+----------------------+ | Ubuntu 20.04 | PASS | SKIPPED | SKIPPED | SKIPPED | SKIPPED | SKIPPED | +-------------------------------+--------------------+-------------------+------------------+-------------------------+-------------------+----------------------+ | Red Hat Enterprise Linux 8.10 | PEND | SKIPPED | SKIPPED | SKIPPED | SKIPPED | SKIPPED | +-------------------------------+--------------------+-------------------+------------------+-------------------------+-------------------+----------------------+ | Ubuntu 24.04 | PEND | PEND | PEND | SKIPPED | SKIPPED | SKIPPED | +-------------------------------+--------------------+-------------------+------------------+-------------------------+-------------------+----------------------+ | Ubuntu 22.04 | PEND | PEND | SKIPPED | SKIPPED | SKIPPED | SKIPPED | +-------------------------------+--------------------+-------------------+------------------+-------------------------+-------------------+----------------------+ | Alpine Linux 3.22.0 | PEND | SKIPPED | SKIPPED | SKIPPED | SKIPPED | SKIPPED | +-------------------------------+--------------------+-------------------+------------------+-------------------------+-------------------+----------------------+ | FreeBSD 14.2 | PEND | SKIPPED | SKIPPED | SKIPPED | SKIPPED | SKIPPED | +-------------------------------+--------------------+-------------------+------------------+-------------------------+-------------------+----------------------+ | Windows Server 2022 | SKIPPED | SKIPPED | SKIPPED | PASS | FAIL | PEND | +-------------------------------+--------------------+-------------------+------------------+-------------------------+-------------------+----------------------+ ==== 20 line log output for Windows Server 2022 (dpdk_msvc_compile): ==== "cl" "-Ilib\librte_ethdev.a.p" "-Ilib" "-I..\lib" "-Ilib\ethdev" "-I..\lib\ethdev" "-Ilib\eal\common" "-I..\lib\eal\common" "-I." "-I.." "-Iconfig" "-I..\config" "-Ilib\eal\include" "-I..\lib\eal\include" "-Ilib\eal\windows\include" "-I..\lib\eal\windows\include" "-Ilib\eal\x86\include" "-I..\lib\eal\x86\include" "-Ilib\eal" "-I..\lib\eal" "-Ilib\log" "-I..\lib\log" "-Ilib\kvargs" "-I..\lib\kvargs" "-Ilib\net" "-I..\lib\net" "-Ilib\mbuf" "-I..\lib\mbuf" "-Ilib\mempool" "-I..\lib\mempool" "-Ilib \ring" "-I..\lib\ring" "-Ilib\metrics" "-I..\lib\metrics" "-Ilib\telemetry" "-I..\lib\telemetry" "-Ilib\meter" "-I..\lib\meter" "-IC:\Program Files\Mellanox\MLNX_WinOF2_DevX_SDK\inc" "/MD" "/nologo" "/showIncludes" "/utf-8" "/W3" "/WX" "/std:c11" "/O2" "/Gw" "/wd4244" "/wd4267" "/wd4146" "/experimental:c11atomics" "/d1experimental:typeof" "/experimental:statementExpressions" "/FI" "rte_config.h" "-D_GNU_SOURCE" "-D_WIN32_WINNT=0x0A00" "-DALLOW_EXPERIMENTAL_API" "-DALLOW_INTERNAL_API" "-DRTE_LO G_DEFAULT_LOGTYPE=lib.ethdev" "/Fdlib\librte_ethdev.a.p\ethdev_rte_mirror.c.pdb" /Folib/librte_ethdev.a.p/ethdev_rte_mirror.c.obj "/c" ../lib/ethdev/rte_mirror.c ../lib/ethdev/rte_mirror.c(123): error C7707: call to '__c11_atomic_store': argument type 'rte_eth_mirror **_Atomic ' must be a pointer to an atomic type ../lib/ethdev/rte_mirror.c(195): warning C4090: 'function': different '_Atomic' qualifiers ../lib/ethdev/rte_mirror.c(197): warning C4090: 'function': different '_Atomic' qualifiers ../lib/ethdev/rte_mirror.c(225): error C7707: call to '__c11_atomic_store': argument type 'rte_eth_mirror **' must be a pointer to an atomic type ../lib/ethdev/rte_mirror.c(254): warning C4090: 'function': different '_Atomic' qualifiers ../lib/ethdev/rte_mirror.c(255): warning C4090: 'function': different '_Atomic' qualifiers [172/454] Generating symbol file lib/rte_net-25.dll.p/rte_net-25.dll.symbols [173/454] Generating lib/rte_ethdev_map with a custom command [174/454] Compiling C object lib/librte_ethdev.a.p/ethdev_rte_ethdev_cman.c.obj [175/454] Compiling C object lib/librte_ethdev.a.p/ethdev_sff_telemetry.c.obj [176/454] Compiling C object lib/librte_ethdev.a.p/ethdev_sff_8636.c.obj [177/454] Compiling C object lib/librte_ethdev.a.p/ethdev_sff_8079.c.obj [178/454] Compiling C object lib/librte_ethdev.a.p/ethdev_sff_8472.c.obj [179/454] Compiling C object lib/librte_ethdev.a.p/ethdev_rte_ethdev.c.obj [180/454] Compiling C object lib/librte_ethdev.a.p/ethdev_rte_flow.c.obj ninja: build stopped: subcommand failed. INFO: autodetecting backend as ninja INFO: calculating backend command to run: "C:\Program Files\Meson\ninja.EXE" -C C:/Users/builder/jenkins/workspace/Windows-Compile-DPDK-VS/dpdk/build ==== End log output ==== CentOS Stream 9 Kernel: 5.15 Compiler: gcc gcc (GCC) 11.5.0 20240719 (Red Hat 11.5.0-7) CentOS Stream 10 Kernel: 5.15 Compiler: gcc gcc (GCC) 14.2.1 20250110 (Red Hat 14.2.1-8) Debian GNU/Linux 12 Kernel: 5.15 Compiler: gcc gcc (Debian 12.2.0-14+deb12u1) 12.2.0 Fedora Linux 40 Kernel: 5.15 Compiler: gcc gcc (GCC) 14.2.1 20240912 (Red Hat 14.2.1-3) Fedora Linux 41 Kernel: 5.15 Compiler: gcc gcc (GCC) 14.3.1 20250523 (Red Hat 14.3.1-1) openSUSE Leap 15.6 Kernel: 5.15 Compiler: gcc gcc (SUSE Linux) 7.5.0 Red Hat Enterprise Linux 9.5 Kernel: 5.15 Compiler: gcc gcc (GCC) 11.5.0 20240719 (Red Hat 11.5.0-2) Ubuntu 20.04 Kernel: 5.15 Compiler: gcc gcc (Ubuntu 9.4.0-1ubuntu1~20.04.2) 9.4.0 Red Hat Enterprise Linux 8.10 Kernel: 5.15 Compiler: gcc gcc (GCC) 8.5.0 20210514 (Red Hat 8.5.0-22) Ubuntu 24.04 Kernel: 5.15 Compiler: gcc gcc (Ubuntu 13.3.0-6ubuntu2~24.04) 13.3.0 Ubuntu 22.04 Kernel: 5.15 Compiler: gcc gcc (Ubuntu 11.4.0-1ubuntu1~22.04) 11.4.0 Alpine Linux 3.22.0 Kernel: 5.15 Compiler: gcc gcc (Alpine 14.2.0) 14.2.0 FreeBSD 14.2 Kernel: 14.2-RELEASE Compiler: clang 18.1.6 Windows Server 2022 Kernel: 10.0.20348.2031 Compiler: clang 15.0.7, gcc 14.1.0 (MinGW), and MSVC VS 19.39.33521 To view detailed results, visit: https://lab.dpdk.org/results/dashboard/patchsets/33635/ UNH-IOL DPDK Community Lab To manage your email subscriptions, visit: https://lab.dpdk.org/results/dashboard/preferences/subscriptions/