From mboxrd@z Thu Jan 1 00:00:00 1970 Return-Path: Received: from mails.dpdk.org (mails.dpdk.org [217.70.189.124]) by inbox.dpdk.org (Postfix) with ESMTP id 5C09F46B3C for ; Thu, 10 Jul 2025 20:18:20 +0200 (CEST) Received: from mails.dpdk.org (localhost [127.0.0.1]) by mails.dpdk.org (Postfix) with ESMTP id 38FCF4028B; Thu, 10 Jul 2025 20:18:20 +0200 (CEST) Received: from mail-il1-f226.google.com (mail-il1-f226.google.com [209.85.166.226]) by mails.dpdk.org (Postfix) with ESMTP id 86AC04028B for ; Thu, 10 Jul 2025 20:18:18 +0200 (CEST) Received: by mail-il1-f226.google.com with SMTP id e9e14a558f8ab-3ddb4a7ac19so5464655ab.3 for ; Thu, 10 Jul 2025 11:18:18 -0700 (PDT) DKIM-Signature: v=1; a=rsa-sha256; c=relaxed/relaxed; d=iol.unh.edu; s=unh-iol; t=1752171498; x=1752776298; darn=dpdk.org; h=references:in-reply-to:cc:to:from:subject:message-id:date:from:to :cc:subject:date:message-id:reply-to; bh=V+JfJ2enw6CyYXx5rxKHXbYeW9yuXfQ7+sK6IiCCvrk=; b=Suwh87cHJOptJGLRWgIZ7jGXnZLDooGrQOWG+kOjB72/N/uj+hnLGLVDxRYZDAuSSH 6zbPr8C2/LZL9FZ2x51ctdKxuNugpv9ryCFy9NmGlMQ/nPPJ6vJJxQ8uJdPCzn2fWaoo 7wsG+xG7E9gwFnTuuEmC9HLqeNytmIdQglbYI= X-Google-DKIM-Signature: v=1; a=rsa-sha256; c=relaxed/relaxed; d=1e100.net; s=20230601; t=1752171498; x=1752776298; h=references:in-reply-to:cc:to:from:subject:message-id:date :x-gm-message-state:from:to:cc:subject:date:message-id:reply-to; bh=V+JfJ2enw6CyYXx5rxKHXbYeW9yuXfQ7+sK6IiCCvrk=; b=s7Au6AKEILELTi42tsJYp39nGPUy380C3ZJkK7WfBflUxMlpgz+ezgKZlkcPocPcxl brqbQkivrkklgoHKXZgOnwM5ulv2FssJgRiTGmD7xU03TeruMfpUoaP3URVYOc/kw2T0 gxSsuC+hfQb4Si63KB4KXzeiQcpPdw+9s6Q/yk2ga+YS95Gn4JQQyxQcvIbTFp7xAH+r SasdMtrfVvEIbLfDAiSfzb+j8xCkoWVQYIMf0TS92yo20ENbx3DLK7yXI6cV4u5OYLmR 6Yc4MZSjemd2fjtLFRov5f+LwU3wdoJa69OFTDiTXh3cWHyVqh3r4u8Dn0Ov7IdYSKL9 kS+Q== X-Gm-Message-State: AOJu0Ywb45oi8cJOa1fmT64nuIqfDH/q4fBT87BwSMUbmyBNx6e8y/Za PVuQgErAsp8ey1WpcPHYdQlkrCW0oVjpCDOBroBrH0tWhm+wnFat1i8swjGrOIx0xapCYY5B53K rPDpVEN+hrio7ucq9BXqs/hEn1KGeXEGi/oBsj4s5p57WZ8rU5OnWgFzBOcak X-Gm-Gg: ASbGncuJDxuOfVvrVrO3HEts48T/oatjFw4vcKyKb2DRAgW/wEpuKWTO44VhY5ia3dx 72P7QsGXI6uryT/V+aIMV0hAlyJCooDGn+xRapp1FGenIuMFa4F6YD9nyxvaqBXvPYetfY53eQ9 gTukYzjiwICQbFZSsK01TOrp8NqmE/o+ScgfR4nNrhO4aH61tkapk0vITcxxj8I2+izkp1VJzUv ASWi6V1wSIVCRZKVyOjodtJvlGfHKQjxOPvmhSB1c3/OS3UDA+ITJoK/5DmVH7a0VF7hWSopKeL szkVHuHe+wO/MKgVQcHZwjlBIg413dA830Pcx9Y3582KsnE= X-Google-Smtp-Source: AGHT+IGznYvwv8FGbF0aQFJXC+Dw0L/OPf/LX9HIe+vUudNXWLysdC7lAwyclv7nmosBRG35QhHMppWThRKA X-Received: by 2002:a05:6e02:3a12:b0:3df:2fda:e30b with SMTP id e9e14a558f8ab-3e25332cc20mr5804635ab.21.1752171497818; Thu, 10 Jul 2025 11:18:17 -0700 (PDT) Received: from postal.iol.unh.edu (postal.iol.unh.edu. [2606:4100:3880:1234::84]) by smtp-relay.gmail.com with ESMTPS id e9e14a558f8ab-3e245fb5c2fsm1290115ab.0.2025.07.10.11.18.14 (version=TLS1_2 cipher=ECDHE-ECDSA-AES128-GCM-SHA256 bits=128/128); Thu, 10 Jul 2025 11:18:14 -0700 (PDT) X-Relaying-Domain: iol.unh.edu Date: Thu, 10 Jul 2025 11:18:14 -0700 (PDT) Message-ID: <687003e6.050a0220.2eb36c.6da6SMTPIN_ADDED_MISSING@mx.google.com> Received: from [172.21.0.5] (unknown [172.18.0.240]) by postal.iol.unh.edu (Postfix) with ESMTP id 67E94604D420; Thu, 10 Jul 2025 14:18:14 -0400 (EDT) Subject: |FAILURE| pw155146-155158 [PATCH] [v3,13/13] pdump: mark API and app From: dpdklab@iol.unh.edu To: Test Report Cc: dpdk-test-reports@iol.unh.edu, Stephen Hemminger In-Reply-To: <20250710164237.8630-14-stephen@networkplumber.org> References: <20250710164237.8630-14-stephen@networkplumber.org> Content-Type: text/plain X-BeenThere: test-report@dpdk.org X-Mailman-Version: 2.1.29 Precedence: list List-Id: automatic DPDK test reports List-Unsubscribe: , List-Archive: List-Post: List-Help: List-Subscribe: , Errors-To: test-report-bounces@dpdk.org Test-Label: iol-unit-amd64-testing Test-Status: FAILURE http://dpdk.org/patch/155158 _Testing issues_ Submitter: Stephen Hemminger Date: Thursday, July 10 2025 16:16:54 DPDK git baseline: Repo:dpdk Branch: master CommitID:9fe9c0b231c8da5435bfccb1963121b4277f961c 155146-155158 --> testing issues Upstream job id: Generic-VM-Unit-Test-DPDK#29882 Test environment and result as below: +-------------------------------+----------------+ | Environment | dpdk_unit_test | +===============================+================+ | Fedora Linux 40 | FAIL | +-------------------------------+----------------+ | CentOS Stream 10 | FAIL | +-------------------------------+----------------+ | CentOS Stream 9 | FAIL | +-------------------------------+----------------+ | Debian GNU/Linux 12 | FAIL | +-------------------------------+----------------+ | Red Hat Enterprise Linux 9.5 | PEND | +-------------------------------+----------------+ | Fedora Linux 41 | PEND | +-------------------------------+----------------+ | Red Hat Enterprise Linux 8.10 | PEND | +-------------------------------+----------------+ | Ubuntu 22.04 | PEND | +-------------------------------+----------------+ | Ubuntu 20.04 | PASS | +-------------------------------+----------------+ | Ubuntu 24.04 | PEND | +-------------------------------+----------------+ | Windows Server 2022 | FAIL | +-------------------------------+----------------+ ==== Unit test summary for Windows Server 2022 (dpdk_unit_test): ==== Failed to get the unit test results. Displaying the unit test results is not supported for some environments, such as our aarch32 testing, where meson is not used to run the tests. Download the logs available on our CI site. ==== End log output ==== Fedora Linux 40 Kernel: 5.15 Compiler: clang gcc (GCC) 14.2.1 20240912 (Red Hat 14.2.1-3) CentOS Stream 10 Kernel: 5.15 Compiler: gcc gcc (GCC) 14.2.1 20250110 (Red Hat 14.2.1-8) CentOS Stream 9 Kernel: 5.15 Compiler: gcc gcc (GCC) 11.5.0 20240719 (Red Hat 11.5.0-7) Debian GNU/Linux 12 Kernel: 5.15 Compiler: gcc gcc (Debian 12.2.0-14+deb12u1) 12.2.0 Red Hat Enterprise Linux 9.5 Kernel: 5.15 Compiler: gcc gcc (GCC) 11.5.0 20240719 (Red Hat 11.5.0-2) Fedora Linux 41 Kernel: 5.15 Compiler: gcc gcc (GCC) 14.3.1 20250523 (Red Hat 14.3.1-1) Red Hat Enterprise Linux 8.10 Kernel: 5.15 Compiler: gcc gcc (GCC) 8.5.0 20210514 (Red Hat 8.5.0-22) Ubuntu 22.04 Kernel: 5.15 Compiler: gcc gcc (Ubuntu 11.4.0-1ubuntu1~22.04) 11.4.0 Ubuntu 20.04 Kernel: 5.15 Compiler: gcc gcc (Ubuntu 9.4.0-1ubuntu1~20.04.2) 9.4.0 Ubuntu 24.04 Kernel: 5.15 Compiler: gcc gcc (Ubuntu 13.3.0-6ubuntu2~24.04) 13.3.0 Windows Server 2022 Kernel: 10.0.20348.2031 Compiler: clang 15.0.7, gcc 14.1.0 (MinGW), and MSVC VS 19.39.33521 To view detailed results, visit: https://lab.dpdk.org/results/dashboard/patchsets/33635/ UNH-IOL DPDK Community Lab To manage your email subscriptions, visit: https://lab.dpdk.org/results/dashboard/preferences/subscriptions/