From mboxrd@z Thu Jan 1 00:00:00 1970 Return-Path: Received: from mails.dpdk.org (mails.dpdk.org [217.70.189.124]) by inbox.dpdk.org (Postfix) with ESMTP id 2879146B3C for ; Thu, 10 Jul 2025 20:27:07 +0200 (CEST) Received: from mails.dpdk.org (localhost [127.0.0.1]) by mails.dpdk.org (Postfix) with ESMTP id EE6114028B; Thu, 10 Jul 2025 20:27:06 +0200 (CEST) Received: from mail-oa1-f98.google.com (mail-oa1-f98.google.com [209.85.160.98]) by mails.dpdk.org (Postfix) with ESMTP id E63244028B for ; Thu, 10 Jul 2025 20:27:05 +0200 (CEST) Received: by mail-oa1-f98.google.com with SMTP id 586e51a60fabf-2eff5d1c7efso800211fac.2 for ; Thu, 10 Jul 2025 11:27:05 -0700 (PDT) DKIM-Signature: v=1; a=rsa-sha256; c=relaxed/relaxed; d=iol.unh.edu; s=unh-iol; t=1752172025; x=1752776825; darn=dpdk.org; h=references:in-reply-to:cc:to:from:subject:message-id:date:from:to :cc:subject:date:message-id:reply-to; bh=iWSsKc2GKxRhm5a6AaQK73xSkA0EJdDUqUDm9N7agDQ=; b=ZsZQX2vM4eNckOea3zedTTTKTcwWhoADgKWAg8g2VVBYOR65+33m/cAYHs0CaU41LI oFZ0k6FXFqg0wZxxSO9x3auRi6ntzRdwsxQ9IuwjFn0rsAFogEHxJKZ2Hgt+hM1lcXfl DQyNv8KL/z5BD3i4u6cVaiqMqGLD2iKBNYgME= X-Google-DKIM-Signature: v=1; a=rsa-sha256; c=relaxed/relaxed; d=1e100.net; s=20230601; t=1752172025; x=1752776825; h=references:in-reply-to:cc:to:from:subject:message-id:date :x-gm-message-state:from:to:cc:subject:date:message-id:reply-to; bh=iWSsKc2GKxRhm5a6AaQK73xSkA0EJdDUqUDm9N7agDQ=; b=UjGro6YLSr69P7wLMkte7ZbW5BzBGWuBqVs+e4bSu/y0vYI11xN7Gn8kmBAv0CgzXo 2Dcup3vFIHeoMFji6cPPONqpNY4I20M/WD1B4xAZyk6hGRqtO6CMmVJXrqwBFCnuZV79 PDCBjRe8m2xbRdPnUL7ehytVxofCpZwbSjZAteRqSOH8CxZtIlgpYiMoKW5i1pywd6PX fl3Vh+Aeeh7/SKuy+7ey9PsX5SEMoEJ0fe0psfntIG/3kaB8uAG9PNOvPY9RNWlUw7AN 8ZkaB8bzdR1MaBfe1gth5q8P2/JlaAssUVFnZYBXYEPyr32WDSYazUeAw0mWdW4t8fYv e6sg== X-Gm-Message-State: AOJu0YwjlK66jlAVolUdCG7hGHw3xC7x/LF2UaiTjDDdPgOigZ4qNwpa a6Ll95bOW9bkmAugvz0L4+18gTxqoWzPgAxY+I6ku2tvD/N4esE0BkgN1EmPm3gAP2S2YMvrdCk jgVdEra3p+QW7b5zZY0GLryL+yGf1wWMtV3nwo6Om7/Nx X-Gm-Gg: ASbGncuU0a2Md2pu1lYIaYZftekjuWrl0O1RkpbYTKs9PDctCAD6S/jsEPm1zkKipUR 0CLSZCM4yiACv6Ce41k3p+mMIx6ds82a9oARrdn9nfaIA5ulqLy4pckCxJDLFXL8rrKnHSOhmiK q7I9ttMzsTNyZ3zKNTMchwBSdZBDePH30j89FeejD6QJOAB06aNbbgI13MRsqf1CLJyQ1Fbp9TZ 5sud9c4r2mPLXjtDZNjh4mOpMEuvJwo+TzOo88S8PgEOaOJBvEAsg/1b5IlK1qFxbZnhXZDR04H Q66HQUOWxnkKjCE+23sArLMOnwPzde3tjwBHKnkfRH5Uu7QmrCk88dGwJ25c6cw62ofirw== X-Google-Smtp-Source: AGHT+IE35qpLWXBroI8lD3emBoAR6M8nPQJ+xleJtFaFKOf3HYXgSqiBk1r93AGYHlAZedxAQUIIsWQVD76+ X-Received: by 2002:a05:6870:56a7:b0:29e:3c90:148b with SMTP id 586e51a60fabf-2ff27070ae1mr154416fac.26.1752172024985; Thu, 10 Jul 2025 11:27:04 -0700 (PDT) Received: from postal.iol.unh.edu (postal.iol.unh.edu. [132.177.123.84]) by smtp-relay.gmail.com with ESMTPS id 586e51a60fabf-2ff11237b41sm156633fac.12.2025.07.10.11.27.04 (version=TLS1_2 cipher=ECDHE-ECDSA-AES128-GCM-SHA256 bits=128/128); Thu, 10 Jul 2025 11:27:04 -0700 (PDT) X-Relaying-Domain: iol.unh.edu Date: Thu, 10 Jul 2025 11:27:04 -0700 (PDT) Message-ID: <687005f8.050a0220.8db46.8881SMTPIN_ADDED_MISSING@mx.google.com> Received: from [172.21.0.6] (unknown [172.18.0.240]) by postal.iol.unh.edu (Postfix) with ESMTP id 7C4F2604D420; Thu, 10 Jul 2025 14:27:04 -0400 (EDT) Subject: |FAILURE| pw155146-155158 [PATCH] [v3,13/13] pdump: mark API and app From: dpdklab@iol.unh.edu To: Test Report Cc: dpdk-test-reports@iol.unh.edu, Stephen Hemminger In-Reply-To: <20250710164237.8630-14-stephen@networkplumber.org> References: <20250710164237.8630-14-stephen@networkplumber.org> Content-Type: text/plain X-BeenThere: test-report@dpdk.org X-Mailman-Version: 2.1.29 Precedence: list List-Id: automatic DPDK test reports List-Unsubscribe: , List-Archive: List-Post: List-Help: List-Subscribe: , Errors-To: test-report-bounces@dpdk.org Test-Label: iol-unit-amd64-testing Test-Status: FAILURE http://dpdk.org/patch/155158 _Testing issues_ Submitter: Stephen Hemminger Date: Thursday, July 10 2025 16:16:54 DPDK git baseline: Repo:dpdk Branch: master CommitID:9fe9c0b231c8da5435bfccb1963121b4277f961c 155146-155158 --> testing issues Upstream job id: Generic-Unit-Test-DPDK#354624 Test environment and result as below: +-------------------------------+----------------+ | Environment | dpdk_unit_test | +===============================+================+ | Fedora Linux 40 | FAIL | +-------------------------------+----------------+ | CentOS Stream 10 | FAIL | +-------------------------------+----------------+ | CentOS Stream 9 | FAIL | +-------------------------------+----------------+ | Debian GNU/Linux 12 | FAIL | +-------------------------------+----------------+ | Red Hat Enterprise Linux 9.5 | PEND | +-------------------------------+----------------+ | Fedora Linux 41 | PEND | +-------------------------------+----------------+ | Red Hat Enterprise Linux 8.10 | PEND | +-------------------------------+----------------+ | Ubuntu 22.04 | FAIL | +-------------------------------+----------------+ | Ubuntu 20.04 | PASS | +-------------------------------+----------------+ | Ubuntu 24.04 | PEND | +-------------------------------+----------------+ | Windows Server 2022 | FAIL | +-------------------------------+----------------+ ==== Unit test summary for Windows Server 2022 (dpdk_unit_test): ==== Failed to get the unit test results. Displaying the unit test results is not supported for some environments, such as our aarch32 testing, where meson is not used to run the tests. Download the logs available on our CI site. ==== End log output ==== Fedora Linux 40 Kernel: 5.15 Compiler: clang gcc (GCC) 14.2.1 20240912 (Red Hat 14.2.1-3) CentOS Stream 10 Kernel: 5.15 Compiler: gcc gcc (GCC) 14.2.1 20250110 (Red Hat 14.2.1-8) CentOS Stream 9 Kernel: 5.15 Compiler: gcc gcc (GCC) 11.5.0 20240719 (Red Hat 11.5.0-7) Debian GNU/Linux 12 Kernel: 5.15 Compiler: gcc gcc (Debian 12.2.0-14+deb12u1) 12.2.0 Red Hat Enterprise Linux 9.5 Kernel: 5.15 Compiler: gcc gcc (GCC) 11.5.0 20240719 (Red Hat 11.5.0-2) Fedora Linux 41 Kernel: 5.15 Compiler: gcc gcc (GCC) 14.3.1 20250523 (Red Hat 14.3.1-1) Red Hat Enterprise Linux 8.10 Kernel: 5.15 Compiler: gcc gcc (GCC) 8.5.0 20210514 (Red Hat 8.5.0-22) Ubuntu 22.04 Kernel: 5.15 Compiler: gcc gcc (Ubuntu 11.4.0-1ubuntu1~22.04) 11.4.0 Ubuntu 20.04 Kernel: 5.15 Compiler: gcc gcc (Ubuntu 9.4.0-1ubuntu1~20.04.2) 9.4.0 Ubuntu 24.04 Kernel: 5.15 Compiler: gcc gcc (Ubuntu 13.3.0-6ubuntu2~24.04) 13.3.0 Windows Server 2022 Kernel: 10.0.20348.2031 Compiler: clang 15.0.7, gcc 14.1.0 (MinGW), and MSVC VS 19.39.33521 To view detailed results, visit: https://lab.dpdk.org/results/dashboard/patchsets/33635/ UNH-IOL DPDK Community Lab To manage your email subscriptions, visit: https://lab.dpdk.org/results/dashboard/preferences/subscriptions/