From mboxrd@z Thu Jan 1 00:00:00 1970 Return-Path: Received: from mails.dpdk.org (mails.dpdk.org [217.70.189.124]) by inbox.dpdk.org (Postfix) with ESMTP id 9D72D46B3C for ; Thu, 10 Jul 2025 20:33:40 +0200 (CEST) Received: from mails.dpdk.org (localhost [127.0.0.1]) by mails.dpdk.org (Postfix) with ESMTP id 812BB4028B; Thu, 10 Jul 2025 20:33:40 +0200 (CEST) Received: from mail-yw1-f228.google.com (mail-yw1-f228.google.com [209.85.128.228]) by mails.dpdk.org (Postfix) with ESMTP id 2AEB34028B for ; Thu, 10 Jul 2025 20:33:39 +0200 (CEST) Received: by mail-yw1-f228.google.com with SMTP id 00721157ae682-7176c66e99cso14651957b3.3 for ; Thu, 10 Jul 2025 11:33:39 -0700 (PDT) DKIM-Signature: v=1; a=rsa-sha256; c=relaxed/relaxed; d=iol.unh.edu; s=unh-iol; t=1752172418; x=1752777218; darn=dpdk.org; h=references:in-reply-to:cc:to:from:subject:message-id:date:from:to :cc:subject:date:message-id:reply-to; bh=WS1xmcud8vqaNlJ/X3szxydvICbA5RFWnixIJXXpJLE=; b=iKrg1pfs3m+Cfwkq5EEK4B63wbp5uTRIAVkriSeiEvLosRp5el6pCtvRXuSgOHQz91 9/vU0cPTQDJimlFUCf/3fmu/IK712eZkP+cDLAX/rDYyu2QxoMpji8zIos4jO64PSWIS Bt+209+UBFVWzi2hQ6guF711shODBa7YMjbpM= X-Google-DKIM-Signature: v=1; a=rsa-sha256; c=relaxed/relaxed; d=1e100.net; s=20230601; t=1752172418; x=1752777218; h=references:in-reply-to:cc:to:from:subject:message-id:date :x-gm-message-state:from:to:cc:subject:date:message-id:reply-to; bh=WS1xmcud8vqaNlJ/X3szxydvICbA5RFWnixIJXXpJLE=; b=tXaGHy8zuufPMO7jJTAIfm2F8X6us+lWw0L1z/Hxi0YcEp3CJUh075Iyu3bhLWBPZS Q+2TwYQx7FADHMEjhdgsA6m3m0jFKDhlMUVrf38uwI9r9AMNETmesUEtjaCk1utBxPHE F0/45kDYOOaNjqboU1aDFp9cLT8Q7ki6DAREjQlyFizSXxq5xecH1S4+OCyeRb/Imczv a2pb0yhQonTqYTTjpeI4ulHYjM2JGIDw09jBxaGyugF65q7lYVRXKlfjqFznLoPndW1H QqpUDiBnb+hw96bXBc34RdgEPbv7UNmqz8FlYhby4VCbDU4h7noPGbBe1naNBf/9tc0x o4Gg== X-Gm-Message-State: AOJu0YyWBRQRBMKWxd4KZPFgyxF5GL3LOacM2L+wIRReWuBMldF6T6VJ wCZ4oUl99TlYbByaBy228+oBW2k9UDmwIVSFjP8DjAZguKkuplyDST34Sn6pOhoFGlSy5zZZ03q DUd+eVLngChLWnkBdiWxwCpAEqd4Xr10LMqP3qjtxzlrDcNJquYJ9Sd84e+yW X-Gm-Gg: ASbGnct2h4vZqctCXesxhudSPm7zuwu+TZ6a0cYzbNzMsSmJPbmEk3PXExz462GiB9t KknIOvwF7dYq+HQAn+kqBqGkFZ6WaQRPgCc9+RHv+UqsqeiIF1QaQNb1HXwpqkOfU13Ekk2Rq65 +wPwX97X1k7mzLaXbz/Cul2mpnPAiETTjKD+sdV3IMBKS1UwTpA/J8Y7mKJDMAd8IRgOwF89T1A +sTfmhEeh1vkxh0uOFq+lQLDKb3Gxwgnjqcj6M3Sak020Szr1uMwX1Zws7YTJMVtjW7+Y3rFeDn wqatuiqRE1OOrNkvdYh1D015cSB7947LCVQOyUkSU7YhTIw= X-Google-Smtp-Source: AGHT+IFzYIOqUtDTEPVjUJHVhogYj7uJVgvw9KlcqVdZgxuSkjqufYNANybifoOlzJ5kaVhpBDoFWJxnEUq2 X-Received: by 2002:a05:690c:6308:b0:714:3e:f424 with SMTP id 00721157ae682-717d5e36798mr10645187b3.35.1752172418232; Thu, 10 Jul 2025 11:33:38 -0700 (PDT) Received: from postal.iol.unh.edu (postal.iol.unh.edu. [2606:4100:3880:1234::84]) by smtp-relay.gmail.com with ESMTPS id 00721157ae682-717c5de9e97sm628097b3.31.2025.07.10.11.33.38 (version=TLS1_2 cipher=ECDHE-ECDSA-AES128-GCM-SHA256 bits=128/128); Thu, 10 Jul 2025 11:33:38 -0700 (PDT) X-Relaying-Domain: iol.unh.edu Date: Thu, 10 Jul 2025 11:33:38 -0700 (PDT) Message-ID: <68700782.050a0220.311f14.384eSMTPIN_ADDED_MISSING@mx.google.com> Received: from [172.21.0.5] (unknown [172.18.0.240]) by postal.iol.unh.edu (Postfix) with ESMTP id 9C677604D420; Thu, 10 Jul 2025 14:33:37 -0400 (EDT) Subject: |FAILURE| pw155146-155158 [PATCH] [v3,13/13] pdump: mark API and app From: dpdklab@iol.unh.edu To: Test Report Cc: dpdk-test-reports@iol.unh.edu, Stephen Hemminger In-Reply-To: <20250710164237.8630-14-stephen@networkplumber.org> References: <20250710164237.8630-14-stephen@networkplumber.org> Content-Type: text/plain X-BeenThere: test-report@dpdk.org X-Mailman-Version: 2.1.29 Precedence: list List-Id: automatic DPDK test reports List-Unsubscribe: , List-Archive: List-Post: List-Help: List-Subscribe: , Errors-To: test-report-bounces@dpdk.org Test-Label: iol-unit-amd64-testing Test-Status: FAILURE http://dpdk.org/patch/155158 _Testing issues_ Submitter: Stephen Hemminger Date: Thursday, July 10 2025 16:16:54 DPDK git baseline: Repo:dpdk Branch: master CommitID:9fe9c0b231c8da5435bfccb1963121b4277f961c 155146-155158 --> testing issues Upstream job id: Generic-Unit-Test-DPDK#354615 Test environment and result as below: +-------------------------------+----------------+ | Environment | dpdk_unit_test | +===============================+================+ | Fedora Linux 40 | FAIL | +-------------------------------+----------------+ | CentOS Stream 10 | FAIL | +-------------------------------+----------------+ | CentOS Stream 9 | FAIL | +-------------------------------+----------------+ | Debian GNU/Linux 12 | FAIL | +-------------------------------+----------------+ | Red Hat Enterprise Linux 9.5 | PEND | +-------------------------------+----------------+ | Fedora Linux 41 | PEND | +-------------------------------+----------------+ | Red Hat Enterprise Linux 8.10 | PEND | +-------------------------------+----------------+ | Ubuntu 22.04 | FAIL | +-------------------------------+----------------+ | Ubuntu 20.04 | PASS | +-------------------------------+----------------+ | Ubuntu 24.04 | PEND | +-------------------------------+----------------+ | Windows Server 2022 | FAIL | +-------------------------------+----------------+ ==== Unit test summary for Windows Server 2022 (dpdk_unit_test): ==== Failed to get the unit test results. Displaying the unit test results is not supported for some environments, such as our aarch32 testing, where meson is not used to run the tests. Download the logs available on our CI site. ==== End log output ==== Fedora Linux 40 Kernel: 5.15 Compiler: clang gcc (GCC) 14.2.1 20240912 (Red Hat 14.2.1-3) CentOS Stream 10 Kernel: 5.15 Compiler: gcc gcc (GCC) 14.2.1 20250110 (Red Hat 14.2.1-8) CentOS Stream 9 Kernel: 5.15 Compiler: gcc gcc (GCC) 11.5.0 20240719 (Red Hat 11.5.0-7) Debian GNU/Linux 12 Kernel: 5.15 Compiler: gcc gcc (Debian 12.2.0-14+deb12u1) 12.2.0 Red Hat Enterprise Linux 9.5 Kernel: 5.15 Compiler: gcc gcc (GCC) 11.5.0 20240719 (Red Hat 11.5.0-2) Fedora Linux 41 Kernel: 5.15 Compiler: gcc gcc (GCC) 14.3.1 20250523 (Red Hat 14.3.1-1) Red Hat Enterprise Linux 8.10 Kernel: 5.15 Compiler: gcc gcc (GCC) 8.5.0 20210514 (Red Hat 8.5.0-22) Ubuntu 22.04 Kernel: 5.15 Compiler: gcc gcc (Ubuntu 11.4.0-1ubuntu1~22.04) 11.4.0 Ubuntu 20.04 Kernel: 5.15 Compiler: gcc gcc (Ubuntu 9.4.0-1ubuntu1~20.04.2) 9.4.0 Ubuntu 24.04 Kernel: 5.15 Compiler: gcc gcc (Ubuntu 13.3.0-6ubuntu2~24.04) 13.3.0 Windows Server 2022 Kernel: 10.0.20348.2031 Compiler: clang 15.0.7, gcc 14.1.0 (MinGW), and MSVC VS 19.39.33521 To view detailed results, visit: https://lab.dpdk.org/results/dashboard/patchsets/33635/ UNH-IOL DPDK Community Lab To manage your email subscriptions, visit: https://lab.dpdk.org/results/dashboard/preferences/subscriptions/