From mboxrd@z Thu Jan 1 00:00:00 1970 Return-Path: Received: from mails.dpdk.org (mails.dpdk.org [217.70.189.124]) by inbox.dpdk.org (Postfix) with ESMTP id D5E5646B3C for ; Thu, 10 Jul 2025 20:35:39 +0200 (CEST) Received: from mails.dpdk.org (localhost [127.0.0.1]) by mails.dpdk.org (Postfix) with ESMTP id B132A4028B; Thu, 10 Jul 2025 20:35:39 +0200 (CEST) Received: from mail-pl1-f228.google.com (mail-pl1-f228.google.com [209.85.214.228]) by mails.dpdk.org (Postfix) with ESMTP id 17B914028B for ; Thu, 10 Jul 2025 20:35:39 +0200 (CEST) Received: by mail-pl1-f228.google.com with SMTP id d9443c01a7336-23649faf69fso11047565ad.0 for ; Thu, 10 Jul 2025 11:35:39 -0700 (PDT) DKIM-Signature: v=1; a=rsa-sha256; c=relaxed/relaxed; d=iol.unh.edu; s=unh-iol; t=1752172538; x=1752777338; darn=dpdk.org; h=references:in-reply-to:cc:to:from:subject:message-id:date:from:to :cc:subject:date:message-id:reply-to; bh=d6a9RYRGdTTL/2JDD6SFBhJAjqv143AFT88QCNaIdOM=; b=XVb+0I8EhSypeStGPpK+7eGpUO0V5IFE4FFh8BHYlt8OPiAITF+u/9T/EiudIwo8MW zohJ5Huw79retMNMOP1OVMQrqTYfYo4FABqoF16s5y9COoFUPZWmJvKPKm/F5d5sAzcp KKikQdVC8xEt2IjdnAmdsvw47ynRvb0W3pJy8= X-Google-DKIM-Signature: v=1; a=rsa-sha256; c=relaxed/relaxed; d=1e100.net; s=20230601; t=1752172538; x=1752777338; h=references:in-reply-to:cc:to:from:subject:message-id:date :x-gm-message-state:from:to:cc:subject:date:message-id:reply-to; bh=d6a9RYRGdTTL/2JDD6SFBhJAjqv143AFT88QCNaIdOM=; b=VvKdtwY9BZsnlIfShaOp+GVMjp3S/qKv/djkDNcYJnTYfIpZAt/YTYjXHXhAIqxHQW fyNx5uwSRT76LpZye2MfObLivgGzs4R9AVP46AYCPCLBR9jRy1p+6joL6Qfca9S1wGuC WNOpEQxlC4Zk3a6Jsj4XyMhbQmWlrMYi5qYC0nh0j12pL+vhsOuDSUmeJxAyy1qPcnOI qsg9YQvdclPSbFX3QpEyWamhjroBNTHuE8B7yusOjs1chZMWucD0p1uqY177XunOoPKv VZT2xv0fwDgUgw0W5027VnRzle/csAHv2klRdRF/5RgskBOVsHLhMjB1vuzm9evg8ZSk IuWA== X-Gm-Message-State: AOJu0Yzy1Y37hahABDAAeeYKbHQG0eA70BZplhB+hZpMQ8pec6aY3hBh B6A08ETGpFa7mUKexvc6Jn0h2pLwhtYgPqR6uc3GNVBXcXrOeEIZcIHjg8OXdqsGbPvfjpUbcZ6 eUOyWLqnp1TxYiSAhz+AaQECIEbTPF018zSMLOcJ53xoj X-Gm-Gg: ASbGncvE11bJcA77/W6/euYkDvO87Zher7fkVvUFlnGpyLP54fuftekuDbbarR4Zw5h IALJHWmvaAXWNTlO9icu6jpdTIazOnSs7vC+hgiuwkLGsP9Z5SmkDlHhIG4mOskKUoZYTLmlpyR F9UQA+Z1anaQZ8cOQD7ZJSq7cWauwUu/1gqC7NPo3E3ELXD+5Ue2b7P8bCFTxFL3bn9eABLzXNG MJ8P+zEOGglTUZ0iPoYXCkeZQSxiGSe+UsIwpk6wZ/DDyGHOepPQySZUHgE/dRB0X8i1mmuDjow gsi5xTjgBteSL7w9pM2g/AF6v4pKAjlonIx6CQeYvh4s7URPxtFhJ4B3dlj+H89tGZvRXQ== X-Google-Smtp-Source: AGHT+IGSvKQrM67cHUYsCmiepfMNY/mCuPM9GqGNjrBVXHndsmNb8GjPHixoXJjzUxoLUGwftAvup9+02y7y X-Received: by 2002:a17:903:11c9:b0:234:9cdd:ffd5 with SMTP id d9443c01a7336-23dee27ce5cmr2393205ad.25.1752172538146; Thu, 10 Jul 2025 11:35:38 -0700 (PDT) Received: from postal.iol.unh.edu (postal.iol.unh.edu. [132.177.123.84]) by smtp-relay.gmail.com with ESMTPS id d9443c01a7336-23de4320df3sm1046405ad.62.2025.07.10.11.35.38 (version=TLS1_2 cipher=ECDHE-ECDSA-AES128-GCM-SHA256 bits=128/128); Thu, 10 Jul 2025 11:35:38 -0700 (PDT) X-Relaying-Domain: iol.unh.edu Date: Thu, 10 Jul 2025 11:35:38 -0700 (PDT) Message-ID: <687007fa.170a0220.2f3496.5887SMTPIN_ADDED_MISSING@mx.google.com> Received: from [172.21.0.5] (unknown [172.18.0.240]) by postal.iol.unh.edu (Postfix) with ESMTP id 90EA3604D420; Thu, 10 Jul 2025 14:35:37 -0400 (EDT) Subject: |FAILURE| pw155146-155158 [PATCH] [v3,13/13] pdump: mark API and app From: dpdklab@iol.unh.edu To: Test Report Cc: dpdk-test-reports@iol.unh.edu, Stephen Hemminger In-Reply-To: <20250710164237.8630-14-stephen@networkplumber.org> References: <20250710164237.8630-14-stephen@networkplumber.org> Content-Type: text/plain X-BeenThere: test-report@dpdk.org X-Mailman-Version: 2.1.29 Precedence: list List-Id: automatic DPDK test reports List-Unsubscribe: , List-Archive: List-Post: List-Help: List-Subscribe: , Errors-To: test-report-bounces@dpdk.org Test-Label: iol-unit-amd64-testing Test-Status: FAILURE http://dpdk.org/patch/155158 _Testing issues_ Submitter: Stephen Hemminger Date: Thursday, July 10 2025 16:16:54 DPDK git baseline: Repo:dpdk Branch: master CommitID:9fe9c0b231c8da5435bfccb1963121b4277f961c 155146-155158 --> testing issues Upstream job id: Generic-Unit-Test-DPDK#354622 Test environment and result as below: +-------------------------------+----------------+ | Environment | dpdk_unit_test | +===============================+================+ | Fedora Linux 40 | FAIL | +-------------------------------+----------------+ | CentOS Stream 10 | FAIL | +-------------------------------+----------------+ | CentOS Stream 9 | FAIL | +-------------------------------+----------------+ | Debian GNU/Linux 12 | FAIL | +-------------------------------+----------------+ | Red Hat Enterprise Linux 9.5 | PEND | +-------------------------------+----------------+ | Fedora Linux 41 | PEND | +-------------------------------+----------------+ | Red Hat Enterprise Linux 8.10 | PEND | +-------------------------------+----------------+ | Ubuntu 22.04 | FAIL | +-------------------------------+----------------+ | Ubuntu 20.04 | PASS | +-------------------------------+----------------+ | Ubuntu 24.04 | PEND | +-------------------------------+----------------+ | Windows Server 2022 | FAIL | +-------------------------------+----------------+ ==== Unit test summary for Windows Server 2022 (dpdk_unit_test): ==== Failed to get the unit test results. Displaying the unit test results is not supported for some environments, such as our aarch32 testing, where meson is not used to run the tests. Download the logs available on our CI site. ==== End log output ==== Fedora Linux 40 Kernel: 5.15 Compiler: clang gcc (GCC) 14.2.1 20240912 (Red Hat 14.2.1-3) CentOS Stream 10 Kernel: 5.15 Compiler: gcc gcc (GCC) 14.2.1 20250110 (Red Hat 14.2.1-8) CentOS Stream 9 Kernel: 5.15 Compiler: gcc gcc (GCC) 11.5.0 20240719 (Red Hat 11.5.0-7) Debian GNU/Linux 12 Kernel: 5.15 Compiler: gcc gcc (Debian 12.2.0-14+deb12u1) 12.2.0 Red Hat Enterprise Linux 9.5 Kernel: 5.15 Compiler: gcc gcc (GCC) 11.5.0 20240719 (Red Hat 11.5.0-2) Fedora Linux 41 Kernel: 5.15 Compiler: gcc gcc (GCC) 14.3.1 20250523 (Red Hat 14.3.1-1) Red Hat Enterprise Linux 8.10 Kernel: 5.15 Compiler: gcc gcc (GCC) 8.5.0 20210514 (Red Hat 8.5.0-22) Ubuntu 22.04 Kernel: 5.15 Compiler: gcc gcc (Ubuntu 11.4.0-1ubuntu1~22.04) 11.4.0 Ubuntu 20.04 Kernel: 5.15 Compiler: gcc gcc (Ubuntu 9.4.0-1ubuntu1~20.04.2) 9.4.0 Ubuntu 24.04 Kernel: 5.15 Compiler: gcc gcc (Ubuntu 13.3.0-6ubuntu2~24.04) 13.3.0 Windows Server 2022 Kernel: 10.0.20348.2031 Compiler: clang 15.0.7, gcc 14.1.0 (MinGW), and MSVC VS 19.39.33521 To view detailed results, visit: https://lab.dpdk.org/results/dashboard/patchsets/33635/ UNH-IOL DPDK Community Lab To manage your email subscriptions, visit: https://lab.dpdk.org/results/dashboard/preferences/subscriptions/