From mboxrd@z Thu Jan 1 00:00:00 1970 Return-Path: Received: from mails.dpdk.org (mails.dpdk.org [217.70.189.124]) by inbox.dpdk.org (Postfix) with ESMTP id DE1B346B3C for ; Thu, 10 Jul 2025 20:36:51 +0200 (CEST) Received: from mails.dpdk.org (localhost [127.0.0.1]) by mails.dpdk.org (Postfix) with ESMTP id D93A84028B; Thu, 10 Jul 2025 20:36:51 +0200 (CEST) Received: from mail-yb1-f225.google.com (mail-yb1-f225.google.com [209.85.219.225]) by mails.dpdk.org (Postfix) with ESMTP id D1DF34028B for ; Thu, 10 Jul 2025 20:36:50 +0200 (CEST) Received: by mail-yb1-f225.google.com with SMTP id 3f1490d57ef6-e8276224c65so1205258276.0 for ; Thu, 10 Jul 2025 11:36:50 -0700 (PDT) DKIM-Signature: v=1; a=rsa-sha256; c=relaxed/relaxed; d=iol.unh.edu; s=unh-iol; t=1752172610; x=1752777410; darn=dpdk.org; h=references:in-reply-to:cc:to:from:subject:message-id:date:from:to :cc:subject:date:message-id:reply-to; bh=v2sTVG1n3JybT16NQX/zq2iOc/z6B8l078M8lVEthx0=; b=HxIyolCAtwRfPxbKDYxDTy1saXTktSLkW2lAV16TKz8ilA8zHSzcnp+3uqEcOU8OPs FFQpiR+dpnA1bmBhkrVu4x6McJHrBxBoZy+a+jMH5jVo9Uqr68tZPIuuN/E9gBw3i3PY pweYwVXYLag2PfFLCuONKlKFO1EJdOD14qT6U= X-Google-DKIM-Signature: v=1; a=rsa-sha256; c=relaxed/relaxed; d=1e100.net; s=20230601; t=1752172610; x=1752777410; h=references:in-reply-to:cc:to:from:subject:message-id:date :x-gm-message-state:from:to:cc:subject:date:message-id:reply-to; bh=v2sTVG1n3JybT16NQX/zq2iOc/z6B8l078M8lVEthx0=; b=fqWcdZ/zmp9W1be1OE1PLlV5dmHjHLON7Dm82W1W5M2gOhkNaFIwIK8hjEydC+yEC2 yOalnWtGBPBw3RdkEpfVVTo+eU/AjI5eU1IWVp7ykt0PRsl6et23P1swUg0YmrpYmYWl Jz6bP0rFGMVCpoOEpgreFi5S6jhUIK82x13/DAvwpHqa9Oyh2SCrmvnQ97WJFH7gWsVo 9aXdzUM87sfR4IMm/pkZYoCVYM4je/5cAFxioCGVupNS5kisdwNSgEjSJ/IwTK1+o4Bs zcHiQxmCH2Xzrmwl6Ww9vpwf4Kmwvm5gpp5ThBTMu0yowTG4TXgE7h97r4ORyUzG7j4Y 8sQw== X-Gm-Message-State: AOJu0Yx1ONuv0g8bSIe0wuSFbTq7slk3/nbsMIt/VgsTsA/8LX1BtAXf KJO4posy8YTuKMbUuBiA4dA8HGcz0REmVaZGj2tYybdca89rck5ELVFWpFa1ONocxi6CSj2pJXR gUvdCAgMrcc72RlJQT9KA6QopoxHSzqii9Oa952Etq5D8 X-Gm-Gg: ASbGncv3+eLE1WGn242qXQGrLM2Mwb/kgDQ5a1FblTtewhIqxiS4pSRfgkB8gPKKeu3 tOA9jNWhMJRikHQ3ZbdayNL45HUKGtBR5pc4ipb1qrLei5muOOGuoCCqqhL4qgQqtqVE9MTjp4+ oQ5AGneyoSF8HJ1SdWEsxgT+Qn9KeIfbBzOK1wf9drvAYhUUMEKa1/51RiNMCsL+XeTnsTA/2hV 5aIhgOiM7vr35ewDhrr1lJN+5gmtXFBgZ3V43CIzmOiE01VECyNJhFDZs+II6fFtz2B8Fbipu9k wem1R3LHfaLUTtBD2mI85FqwY/zbn5bBMeD6drc9RaTMLQnWf95Mp7cvKtWkFXNKUXjTTQ== X-Google-Smtp-Source: AGHT+IFyKThPROkbKlazZvrVF/LkPM8EUYM8NlsqG5L1tgKimOyxXsiShIRUWi/9bAxvZocI5gFas1mYDDX9 X-Received: by 2002:a05:6902:1895:b0:e84:2cec:1c9e with SMTP id 3f1490d57ef6-e8b85caaademr37086276.49.1752172609951; Thu, 10 Jul 2025 11:36:49 -0700 (PDT) Received: from postal.iol.unh.edu (postal.iol.unh.edu. [132.177.123.84]) by smtp-relay.gmail.com with ESMTPS id 3f1490d57ef6-e8b7afe9a53sm89762276.20.2025.07.10.11.36.49 (version=TLS1_2 cipher=ECDHE-ECDSA-AES128-GCM-SHA256 bits=128/128); Thu, 10 Jul 2025 11:36:49 -0700 (PDT) X-Relaying-Domain: iol.unh.edu Date: Thu, 10 Jul 2025 11:36:49 -0700 (PDT) Message-ID: <68700841.250a0220.b3216.4dd3SMTPIN_ADDED_MISSING@mx.google.com> Received: from [172.21.0.5] (unknown [172.18.0.240]) by postal.iol.unh.edu (Postfix) with ESMTP id 3E69C604D420; Thu, 10 Jul 2025 14:36:49 -0400 (EDT) Subject: |FAILURE| pw155146-155158 [PATCH] [v3,13/13] pdump: mark API and app From: dpdklab@iol.unh.edu To: Test Report Cc: dpdk-test-reports@iol.unh.edu, Stephen Hemminger In-Reply-To: <20250710164237.8630-14-stephen@networkplumber.org> References: <20250710164237.8630-14-stephen@networkplumber.org> Content-Type: text/plain X-BeenThere: test-report@dpdk.org X-Mailman-Version: 2.1.29 Precedence: list List-Id: automatic DPDK test reports List-Unsubscribe: , List-Archive: List-Post: List-Help: List-Subscribe: , Errors-To: test-report-bounces@dpdk.org Test-Label: iol-unit-amd64-testing Test-Status: FAILURE http://dpdk.org/patch/155158 _Testing issues_ Submitter: Stephen Hemminger Date: Thursday, July 10 2025 16:16:54 DPDK git baseline: Repo:dpdk Branch: master CommitID:9fe9c0b231c8da5435bfccb1963121b4277f961c 155146-155158 --> testing issues Upstream job id: Generic-Unit-Test-DPDK#354619 Test environment and result as below: +-------------------------------+----------------+ | Environment | dpdk_unit_test | +===============================+================+ | Fedora Linux 40 | FAIL | +-------------------------------+----------------+ | CentOS Stream 10 | FAIL | +-------------------------------+----------------+ | CentOS Stream 9 | FAIL | +-------------------------------+----------------+ | Debian GNU/Linux 12 | FAIL | +-------------------------------+----------------+ | Red Hat Enterprise Linux 9.5 | PEND | +-------------------------------+----------------+ | Fedora Linux 41 | PEND | +-------------------------------+----------------+ | Red Hat Enterprise Linux 8.10 | FAIL | +-------------------------------+----------------+ | Ubuntu 22.04 | FAIL | +-------------------------------+----------------+ | Ubuntu 20.04 | PASS | +-------------------------------+----------------+ | Ubuntu 24.04 | PEND | +-------------------------------+----------------+ | Windows Server 2022 | FAIL | +-------------------------------+----------------+ ==== Unit test summary for Windows Server 2022 (dpdk_unit_test): ==== Failed to get the unit test results. Displaying the unit test results is not supported for some environments, such as our aarch32 testing, where meson is not used to run the tests. Download the logs available on our CI site. ==== End log output ==== Fedora Linux 40 Kernel: 5.15 Compiler: clang gcc (GCC) 14.2.1 20240912 (Red Hat 14.2.1-3) CentOS Stream 10 Kernel: 5.15 Compiler: gcc gcc (GCC) 14.2.1 20250110 (Red Hat 14.2.1-8) CentOS Stream 9 Kernel: 5.15 Compiler: gcc gcc (GCC) 11.5.0 20240719 (Red Hat 11.5.0-7) Debian GNU/Linux 12 Kernel: 5.15 Compiler: gcc gcc (Debian 12.2.0-14+deb12u1) 12.2.0 Red Hat Enterprise Linux 9.5 Kernel: 5.15 Compiler: gcc gcc (GCC) 11.5.0 20240719 (Red Hat 11.5.0-2) Fedora Linux 41 Kernel: 5.15 Compiler: gcc gcc (GCC) 14.3.1 20250523 (Red Hat 14.3.1-1) Red Hat Enterprise Linux 8.10 Kernel: 5.15 Compiler: gcc gcc (GCC) 8.5.0 20210514 (Red Hat 8.5.0-22) Ubuntu 22.04 Kernel: 5.15 Compiler: gcc gcc (Ubuntu 11.4.0-1ubuntu1~22.04) 11.4.0 Ubuntu 20.04 Kernel: 5.15 Compiler: gcc gcc (Ubuntu 9.4.0-1ubuntu1~20.04.2) 9.4.0 Ubuntu 24.04 Kernel: 5.15 Compiler: gcc gcc (Ubuntu 13.3.0-6ubuntu2~24.04) 13.3.0 Windows Server 2022 Kernel: 10.0.20348.2031 Compiler: clang 15.0.7, gcc 14.1.0 (MinGW), and MSVC VS 19.39.33521 To view detailed results, visit: https://lab.dpdk.org/results/dashboard/patchsets/33635/ UNH-IOL DPDK Community Lab To manage your email subscriptions, visit: https://lab.dpdk.org/results/dashboard/preferences/subscriptions/