From mboxrd@z Thu Jan 1 00:00:00 1970 Return-Path: Received: from mails.dpdk.org (mails.dpdk.org [217.70.189.124]) by inbox.dpdk.org (Postfix) with ESMTP id EF00546B3C for ; Thu, 10 Jul 2025 20:37:21 +0200 (CEST) Received: from mails.dpdk.org (localhost [127.0.0.1]) by mails.dpdk.org (Postfix) with ESMTP id E9DFC4028B; Thu, 10 Jul 2025 20:37:21 +0200 (CEST) Received: from mail-pf1-f228.google.com (mail-pf1-f228.google.com [209.85.210.228]) by mails.dpdk.org (Postfix) with ESMTP id 156E64028B for ; Thu, 10 Jul 2025 20:37:21 +0200 (CEST) Received: by mail-pf1-f228.google.com with SMTP id d2e1a72fcca58-748d982e92cso915568b3a.1 for ; Thu, 10 Jul 2025 11:37:21 -0700 (PDT) DKIM-Signature: v=1; a=rsa-sha256; c=relaxed/relaxed; d=iol.unh.edu; s=unh-iol; t=1752172640; x=1752777440; darn=dpdk.org; h=references:in-reply-to:cc:to:from:subject:message-id:date:from:to :cc:subject:date:message-id:reply-to; bh=KB/1Bu5xawj5sDmbw+Gu57tlz8OKLex1Rzmn9VtywRU=; b=aBW1UNHpySJtb016TLFpaZRnbTTvIRaR+wMO6ufm2P9fOL428/PpplArf1Ys0c+0kr uXECeODGrhHLma/NIs7pAMvmi7+6C1B934VKBikLj9YVd8fkJlHb5bVineNHyDLJKhXs zH/d0q7ZhXjBctRQ8Z7D6PVkkWLqo4q/1gLkY= X-Google-DKIM-Signature: v=1; a=rsa-sha256; c=relaxed/relaxed; d=1e100.net; s=20230601; t=1752172640; x=1752777440; h=references:in-reply-to:cc:to:from:subject:message-id:date :x-gm-message-state:from:to:cc:subject:date:message-id:reply-to; bh=KB/1Bu5xawj5sDmbw+Gu57tlz8OKLex1Rzmn9VtywRU=; b=U344q20UDkFejH57x/AsEDJ2WBjDac5jiDslT9RVUXrQfi1CJZy5SXiyr/+X5fK2lI HGd4LT3c5xmXGzKzNnjNsuXTa41tquVkfXQCMGbxusLUlJfp7xz2alN7CkXmhPlgOg2n HS2O18xQhhGkTgpIgwSiuJ3biIRQjE7sgdcsSEpcUiVdGvVBzNceZdkFKUQh9k8h7TZr IVhMLfXUo5JoYpiNPTSFR8Bysby3Eooy9xsHwabCufu+/14TAgQ53Rp0EXHiSzw0Z5np A7l+MEbZOEZsS68L7P7G4TFZ4zxq94PEYMOwo+UofDSNlezcRDivtmowRlv7c2Sm9dDz zzEA== X-Gm-Message-State: AOJu0Yy2w43szFVO9N0mm/6lxbwRbIEgkGj40bFECN/qkRbhgKtXBgMy ZAy2DKT5nlgNbJsJ1QRo1H8NZvCvKya8mIYAUK6oO/HdMAvIon52QPvC08W/VkqEOBRBTBs2OTC J4KWb/FmsTw4xC4wLXVNnIn3buLRQXSPprMy5KnfL8VvW X-Gm-Gg: ASbGnctS/9Sxs9H7dsCAZsNQXVjoMQJ5ErnEq3IR7OB6tB0OX4SVArd53APClnObses CYp3KXZF/BYvySOE0JQlXk87M/wuWC4CYyfszcCNXnt2JnNab3QhFHxrTk+oxzNl36mEdd+SuYZ 785aaEj2IeFvRHqI+9vKbe3+L7O2zz520BTgibFBxwXG/sn521unpkhOTwA99ipottk2tfQR+Js T4FJFvFrWNUFhN7bHiXrWlaSgnoaqDAWZebgJ2W52UEMS+IveGyId8QRXacyUscMiSA1dQoXrwK mzfpU6oT7d3SGMBavluJKGNjDbslHOyVzNYC66rZp9kQIYHheEtR7/nbAUD/4+5xqaynOw== X-Google-Smtp-Source: AGHT+IHGKuognkkdsQpqYP3qKk/PGsabMu1ngkM75M6ciDmsadsaVX2UXYai1UB6L5yB8tjGiRn+1lvq/K9A X-Received: by 2002:a05:6a00:b44:b0:74e:a9ba:55f with SMTP id d2e1a72fcca58-74ee30446b3mr107005b3a.20.1752172640159; Thu, 10 Jul 2025 11:37:20 -0700 (PDT) Received: from postal.iol.unh.edu (postal.iol.unh.edu. [132.177.123.84]) by smtp-relay.gmail.com with ESMTPS id d2e1a72fcca58-74eb9e1d4f4sm107521b3a.3.2025.07.10.11.37.20 (version=TLS1_2 cipher=ECDHE-ECDSA-AES128-GCM-SHA256 bits=128/128); Thu, 10 Jul 2025 11:37:20 -0700 (PDT) X-Relaying-Domain: iol.unh.edu Date: Thu, 10 Jul 2025 11:37:20 -0700 (PDT) Message-ID: <68700860.050a0220.124ee.6213SMTPIN_ADDED_MISSING@mx.google.com> Received: from [172.21.0.5] (unknown [172.18.0.240]) by postal.iol.unh.edu (Postfix) with ESMTP id 54D29604D420; Thu, 10 Jul 2025 14:37:19 -0400 (EDT) Subject: |FAILURE| pw155146-155158 [PATCH] [v3,13/13] pdump: mark API and app From: dpdklab@iol.unh.edu To: Test Report Cc: dpdk-test-reports@iol.unh.edu, Stephen Hemminger In-Reply-To: <20250710164237.8630-14-stephen@networkplumber.org> References: <20250710164237.8630-14-stephen@networkplumber.org> Content-Type: text/plain X-BeenThere: test-report@dpdk.org X-Mailman-Version: 2.1.29 Precedence: list List-Id: automatic DPDK test reports List-Unsubscribe: , List-Archive: List-Post: List-Help: List-Subscribe: , Errors-To: test-report-bounces@dpdk.org Test-Label: iol-unit-amd64-testing Test-Status: FAILURE http://dpdk.org/patch/155158 _Testing issues_ Submitter: Stephen Hemminger Date: Thursday, July 10 2025 16:16:54 DPDK git baseline: Repo:dpdk Branch: master CommitID:9fe9c0b231c8da5435bfccb1963121b4277f961c 155146-155158 --> testing issues Upstream job id: Generic-Unit-Test-DPDK#354620 Test environment and result as below: +-------------------------------+----------------+ | Environment | dpdk_unit_test | +===============================+================+ | Fedora Linux 40 | FAIL | +-------------------------------+----------------+ | CentOS Stream 10 | FAIL | +-------------------------------+----------------+ | CentOS Stream 9 | FAIL | +-------------------------------+----------------+ | Debian GNU/Linux 12 | FAIL | +-------------------------------+----------------+ | Red Hat Enterprise Linux 9.5 | FAIL | +-------------------------------+----------------+ | Fedora Linux 41 | PEND | +-------------------------------+----------------+ | Red Hat Enterprise Linux 8.10 | FAIL | +-------------------------------+----------------+ | Ubuntu 22.04 | FAIL | +-------------------------------+----------------+ | Ubuntu 20.04 | PASS | +-------------------------------+----------------+ | Ubuntu 24.04 | PEND | +-------------------------------+----------------+ | Windows Server 2022 | FAIL | +-------------------------------+----------------+ ==== Unit test summary for Windows Server 2022 (dpdk_unit_test): ==== Failed to get the unit test results. Displaying the unit test results is not supported for some environments, such as our aarch32 testing, where meson is not used to run the tests. Download the logs available on our CI site. ==== End log output ==== Fedora Linux 40 Kernel: 5.15 Compiler: clang gcc (GCC) 14.2.1 20240912 (Red Hat 14.2.1-3) CentOS Stream 10 Kernel: 5.15 Compiler: gcc gcc (GCC) 14.2.1 20250110 (Red Hat 14.2.1-8) CentOS Stream 9 Kernel: 5.15 Compiler: gcc gcc (GCC) 11.5.0 20240719 (Red Hat 11.5.0-7) Debian GNU/Linux 12 Kernel: 5.15 Compiler: gcc gcc (Debian 12.2.0-14+deb12u1) 12.2.0 Red Hat Enterprise Linux 9.5 Kernel: 5.15 Compiler: gcc gcc (GCC) 11.5.0 20240719 (Red Hat 11.5.0-2) Fedora Linux 41 Kernel: 5.15 Compiler: gcc gcc (GCC) 14.3.1 20250523 (Red Hat 14.3.1-1) Red Hat Enterprise Linux 8.10 Kernel: 5.15 Compiler: gcc gcc (GCC) 8.5.0 20210514 (Red Hat 8.5.0-22) Ubuntu 22.04 Kernel: 5.15 Compiler: gcc gcc (Ubuntu 11.4.0-1ubuntu1~22.04) 11.4.0 Ubuntu 20.04 Kernel: 5.15 Compiler: gcc gcc (Ubuntu 9.4.0-1ubuntu1~20.04.2) 9.4.0 Ubuntu 24.04 Kernel: 5.15 Compiler: gcc gcc (Ubuntu 13.3.0-6ubuntu2~24.04) 13.3.0 Windows Server 2022 Kernel: 10.0.20348.2031 Compiler: clang 15.0.7, gcc 14.1.0 (MinGW), and MSVC VS 19.39.33521 To view detailed results, visit: https://lab.dpdk.org/results/dashboard/patchsets/33635/ UNH-IOL DPDK Community Lab To manage your email subscriptions, visit: https://lab.dpdk.org/results/dashboard/preferences/subscriptions/