From mboxrd@z Thu Jan 1 00:00:00 1970 Return-Path: Received: from mails.dpdk.org (mails.dpdk.org [217.70.189.124]) by inbox.dpdk.org (Postfix) with ESMTP id 5BED046B3C for ; Thu, 10 Jul 2025 20:40:27 +0200 (CEST) Received: from mails.dpdk.org (localhost [127.0.0.1]) by mails.dpdk.org (Postfix) with ESMTP id 398174028B; Thu, 10 Jul 2025 20:40:27 +0200 (CEST) Received: from mail-pl1-f226.google.com (mail-pl1-f226.google.com [209.85.214.226]) by mails.dpdk.org (Postfix) with ESMTP id EE2FE4028B for ; Thu, 10 Jul 2025 20:40:25 +0200 (CEST) Received: by mail-pl1-f226.google.com with SMTP id d9443c01a7336-23602481460so13818215ad.0 for ; Thu, 10 Jul 2025 11:40:25 -0700 (PDT) DKIM-Signature: v=1; a=rsa-sha256; c=relaxed/relaxed; d=iol.unh.edu; s=unh-iol; t=1752172825; x=1752777625; darn=dpdk.org; h=references:in-reply-to:cc:to:from:subject:message-id:date:from:to :cc:subject:date:message-id:reply-to; bh=wkN0BgX27wKAZ42Ac4po0f7l0rcE1gTC9+BiL0Hil9I=; b=Pf+d4vGrVftOIhNt4oR5iJYmj+tcujTCnM4QbvyblrBL2T6CO3FlsH5D2eHdUnHnPs t/i8Oy+9mdcha48LhJtfxA56VI0rRAhznXYcQizeDG6ie0rSR7d7jVxc66ZxESpS6jXX f6YciOr3SF6clV9z0dMVRT5adA6vVPWTBpAoU= X-Google-DKIM-Signature: v=1; a=rsa-sha256; c=relaxed/relaxed; d=1e100.net; s=20230601; t=1752172825; x=1752777625; h=references:in-reply-to:cc:to:from:subject:message-id:date :x-gm-message-state:from:to:cc:subject:date:message-id:reply-to; bh=wkN0BgX27wKAZ42Ac4po0f7l0rcE1gTC9+BiL0Hil9I=; b=u7/WlRvNADx554p26hrsBYa5sQ2lAYPJdFxrlicoyA55EiLkD66fP1tCjl8bukJO+Y J1s5Q45uLsxHGm5UacEmY7qsknSNCiWWkIKzfzkbpMQTH8EStkTOkhTd6G3TxM8jTYT/ RvBi7eb5Ik4xIYtydFJWq0Il9HzWQP/K2EqusFnfmn21+eavPHFBEPie7OewOib7Pq8e GRd1UuzDbtY64p4Bot57cIuyWlxoE2nsoy/tvXI8478Ug3dRF8o2Fa4k+qher41h7uyB uaZO19ZQjMxGhsAYAcPtqju8x6UBwhIlqU3IX3LHHJpY4rQJUtO+xOZqdFY1E8h6svzf CjpA== X-Gm-Message-State: AOJu0Yzo+t7KnPfcDVj+N16FUJd2p+JfTBg0nyeBrHy+KPdq6CXGItec DmXCBdbvZMl4o+39VlYrk6MaZEA9LnNiewmCJFs/YMxSYGyPM5DhIwTByye8JlN9bFFFRmIO08I bVpSoaj8X97HbR/GYTSxX31DvJX8JL4/ZLC8GM8jQ2He7 X-Gm-Gg: ASbGncsdyofal+Axkchp+pKV5R0K6QgV1nrkGMr141BlEQ4QPOawvd0TdfaQBLaLYvB 3CyrMMAPB9IcD25wEaPoH2eh/uxUAUfQIlfgH1m8k4hAknN0fE455cC1ca5g9ndThxRxd+hJ7r4 SZ8mKWAj1rn9iLBQuWegsdD7ySFTmnZWUKrhmx5bKMWnDFoMSSy+nxPJCn/amRxZZor1kL3Eayh broTdq90o1lax3Ej+AFCrvXIPALac/5vZxKtCK5WaNEfpJ9DZv5G0qb5qaWiyJLU+IExKm8HqaQ iVOArrnOiRryfuys0v+JU9d+kGc13pwfLzaudGX700JjtMAF/mH6M6MoTMNcrZBVJOBpNQ== X-Google-Smtp-Source: AGHT+IHIaM2Ej2q10TguQIwB2Ao9lYpgISA1C3UJD+fjTqXBiK1ius6r+FTX0391e8EgCxpZTfcazMh+ibO3 X-Received: by 2002:a17:903:298d:b0:234:cc7c:d2e2 with SMTP id d9443c01a7336-23dede2f1d7mr5707705ad.1.1752172825004; Thu, 10 Jul 2025 11:40:25 -0700 (PDT) Received: from postal.iol.unh.edu (postal.iol.unh.edu. [132.177.123.84]) by smtp-relay.gmail.com with ESMTPS id d9443c01a7336-23de434cd69sm1092305ad.127.2025.07.10.11.40.24 (version=TLS1_2 cipher=ECDHE-ECDSA-AES128-GCM-SHA256 bits=128/128); Thu, 10 Jul 2025 11:40:24 -0700 (PDT) X-Relaying-Domain: iol.unh.edu Date: Thu, 10 Jul 2025 11:40:24 -0700 (PDT) Message-ID: <68700918.170a0220.d0097.5f1eSMTPIN_ADDED_MISSING@mx.google.com> Received: from [172.21.0.6] (unknown [172.18.0.240]) by postal.iol.unh.edu (Postfix) with ESMTP id 316BD604D420; Thu, 10 Jul 2025 14:40:24 -0400 (EDT) Subject: |FAILURE| pw155146-155158 [PATCH] [v3,13/13] pdump: mark API and app From: dpdklab@iol.unh.edu To: Test Report Cc: dpdk-test-reports@iol.unh.edu, Stephen Hemminger In-Reply-To: <20250710164237.8630-14-stephen@networkplumber.org> References: <20250710164237.8630-14-stephen@networkplumber.org> Content-Type: text/plain X-BeenThere: test-report@dpdk.org X-Mailman-Version: 2.1.29 Precedence: list List-Id: automatic DPDK test reports List-Unsubscribe: , List-Archive: List-Post: List-Help: List-Subscribe: , Errors-To: test-report-bounces@dpdk.org Test-Label: iol-unit-amd64-testing Test-Status: FAILURE http://dpdk.org/patch/155158 _Testing issues_ Submitter: Stephen Hemminger Date: Thursday, July 10 2025 16:16:54 DPDK git baseline: Repo:dpdk Branch: master CommitID:9fe9c0b231c8da5435bfccb1963121b4277f961c 155146-155158 --> testing issues Upstream job id: Generic-Unit-Test-DPDK#354617 Test environment and result as below: +-------------------------------+----------------+ | Environment | dpdk_unit_test | +===============================+================+ | Fedora Linux 40 | FAIL | +-------------------------------+----------------+ | CentOS Stream 10 | FAIL | +-------------------------------+----------------+ | CentOS Stream 9 | FAIL | +-------------------------------+----------------+ | Debian GNU/Linux 12 | FAIL | +-------------------------------+----------------+ | Red Hat Enterprise Linux 9.5 | FAIL | +-------------------------------+----------------+ | Fedora Linux 41 | FAIL | +-------------------------------+----------------+ | Red Hat Enterprise Linux 8.10 | FAIL | +-------------------------------+----------------+ | Ubuntu 22.04 | FAIL | +-------------------------------+----------------+ | Ubuntu 20.04 | PASS | +-------------------------------+----------------+ | Ubuntu 24.04 | PEND | +-------------------------------+----------------+ | Windows Server 2022 | FAIL | +-------------------------------+----------------+ ==== Unit test summary for Windows Server 2022 (dpdk_unit_test): ==== Failed to get the unit test results. Displaying the unit test results is not supported for some environments, such as our aarch32 testing, where meson is not used to run the tests. Download the logs available on our CI site. ==== End log output ==== Fedora Linux 40 Kernel: 5.15 Compiler: clang gcc (GCC) 14.2.1 20240912 (Red Hat 14.2.1-3) CentOS Stream 10 Kernel: 5.15 Compiler: gcc gcc (GCC) 14.2.1 20250110 (Red Hat 14.2.1-8) CentOS Stream 9 Kernel: 5.15 Compiler: gcc gcc (GCC) 11.5.0 20240719 (Red Hat 11.5.0-7) Debian GNU/Linux 12 Kernel: 5.15 Compiler: gcc gcc (Debian 12.2.0-14+deb12u1) 12.2.0 Red Hat Enterprise Linux 9.5 Kernel: 5.15 Compiler: gcc gcc (GCC) 11.5.0 20240719 (Red Hat 11.5.0-2) Fedora Linux 41 Kernel: 5.15 Compiler: gcc gcc (GCC) 14.3.1 20250523 (Red Hat 14.3.1-1) Red Hat Enterprise Linux 8.10 Kernel: 5.15 Compiler: gcc gcc (GCC) 8.5.0 20210514 (Red Hat 8.5.0-22) Ubuntu 22.04 Kernel: 5.15 Compiler: gcc gcc (Ubuntu 11.4.0-1ubuntu1~22.04) 11.4.0 Ubuntu 20.04 Kernel: 5.15 Compiler: gcc gcc (Ubuntu 9.4.0-1ubuntu1~20.04.2) 9.4.0 Ubuntu 24.04 Kernel: 5.15 Compiler: gcc gcc (Ubuntu 13.3.0-6ubuntu2~24.04) 13.3.0 Windows Server 2022 Kernel: 10.0.20348.2031 Compiler: clang 15.0.7, gcc 14.1.0 (MinGW), and MSVC VS 19.39.33521 To view detailed results, visit: https://lab.dpdk.org/results/dashboard/patchsets/33635/ UNH-IOL DPDK Community Lab To manage your email subscriptions, visit: https://lab.dpdk.org/results/dashboard/preferences/subscriptions/