From mboxrd@z Thu Jan 1 00:00:00 1970 Return-Path: Received: from mails.dpdk.org (mails.dpdk.org [217.70.189.124]) by inbox.dpdk.org (Postfix) with ESMTP id A788646B3C for ; Thu, 10 Jul 2025 20:55:35 +0200 (CEST) Received: from mails.dpdk.org (localhost [127.0.0.1]) by mails.dpdk.org (Postfix) with ESMTP id 832CF4028B; Thu, 10 Jul 2025 20:55:35 +0200 (CEST) Received: from mail-pf1-f228.google.com (mail-pf1-f228.google.com [209.85.210.228]) by mails.dpdk.org (Postfix) with ESMTP id CA75A4028B for ; Thu, 10 Jul 2025 20:55:34 +0200 (CEST) Received: by mail-pf1-f228.google.com with SMTP id d2e1a72fcca58-74ad4533ac5so2142896b3a.0 for ; Thu, 10 Jul 2025 11:55:34 -0700 (PDT) DKIM-Signature: v=1; a=rsa-sha256; c=relaxed/relaxed; d=iol.unh.edu; s=unh-iol; t=1752173733; x=1752778533; darn=dpdk.org; h=references:in-reply-to:cc:to:from:subject:message-id:date:from:to :cc:subject:date:message-id:reply-to; bh=PgudHxhibLfwGiZcIsnxaAuyQUgfMWWqVXW9zg2fJbk=; b=LYbmub+gbFNu5WcM2t0Yg6f9SfZc63awGmJ94nNRhesE9pyQxQBFgj7DLDKK23t9cG EJ9wJYGLvKadfwxEwzOvZYSMAzKy7EcD1ojnAjGKQiz9KkQFWUcpHJ1hs3sR2nfOcZtV 499SIgrOtURx5U+zo/2kUyClo5ZN/vPrpw6rY= X-Google-DKIM-Signature: v=1; a=rsa-sha256; c=relaxed/relaxed; d=1e100.net; s=20230601; t=1752173733; x=1752778533; h=references:in-reply-to:cc:to:from:subject:message-id:date :x-gm-message-state:from:to:cc:subject:date:message-id:reply-to; bh=PgudHxhibLfwGiZcIsnxaAuyQUgfMWWqVXW9zg2fJbk=; b=JuVkSBGhYwC6LOtJ2XAOju6g4XxKwb2iECiAtPkpWGkBv4lYntN33eco9H7tmsfyn9 9Pcdbb4xtdarpb4Kr0KKBX0ihuy589z95oA5YtQEFN45ScSaiNw65U9CG7LTgIpN4b94 2Y4IQvlJcloD/YwwSBRn95Pk1R14DZaHAkZed9gjxiev6FY/vhJbPNGjNvUzcEtG+ycu QzDLgP7CE2i+6adNu2n/7B3DC3AC3EMrwZtMGQnOutjyuBvEvByS31A+3f97bHbbHdtN vc31QiHUBHGfI5oEPT4PCu8bDtgQPjmzIDCI79xal5WLSKMG5ai+jiYj//tZaWaHqKNx hGsw== X-Gm-Message-State: AOJu0YwYXwbTm6OPUTb6deHYRKQIe0LmigK4Z7zi96VQJuYNYqWB2FZ6 mLi/k40T7qujNKF2WNLGfeGnQMOpxdU3k8MiQ0A5CDj7qsErXRupximVIR5zq68SjKD5eXBYUpJ wCobC/uDOmQK0f3yx0UfaZB0gp926Rtn7ZTCda1hY51uo X-Gm-Gg: ASbGncsw2SYxX3JIJv2g0xxIokeBRuY2SO46RO816uPpjYNTvVfRgJPE2AsB+71j4Ti M439PDdI1xA8sM2w7mJkkbPLDdlxmXVuoT3XSas+oF8Tqm9yEadfmcZidYZ/wuKcjfceDeSGPNI suhU7s9EGfNjFyC8gz0VG9vP4ruSeerCsKz4X4rNVJ+uUwBbLDACq3BMNAnXevA0nE8sCmd9KaJ PTw9NoPef6SIy2C2gMmw1QyJwZPCrD3OKa0QwlTn5wqX4PXlCnR7viQBZcN5okg8480FJ7TBLTx oMFndA72GFCOHIGkHUyHv0I1/b5ue5QgGsapOOXjvORBTsjgvhIQo42qDCXkYKfJGvkz7A== X-Google-Smtp-Source: AGHT+IGddLrmrK06ABZ7vmzneakfqB7PQFldJvRmYyU+fhKe3h1GzFmSf3+8zZN5tV6buSqCk1zyS/h4avH6 X-Received: by 2002:a05:6a21:7a46:b0:21e:2b2c:8f4f with SMTP id adf61e73a8af0-22fc2a13709mr7394848637.7.1752173733539; Thu, 10 Jul 2025 11:55:33 -0700 (PDT) Received: from postal.iol.unh.edu (postal.iol.unh.edu. [132.177.123.84]) by smtp-relay.gmail.com with ESMTPS id 41be03b00d2f7-b3bbe3437acsm50315a12.0.2025.07.10.11.55.33 (version=TLS1_2 cipher=ECDHE-ECDSA-AES128-GCM-SHA256 bits=128/128); Thu, 10 Jul 2025 11:55:33 -0700 (PDT) X-Relaying-Domain: iol.unh.edu Date: Thu, 10 Jul 2025 11:55:33 -0700 (PDT) Message-ID: <68700ca5.050a0220.1aff1a.2985SMTPIN_ADDED_MISSING@mx.google.com> Received: from [172.21.0.5] (unknown [172.18.0.240]) by postal.iol.unh.edu (Postfix) with ESMTP id 8801C604D420; Thu, 10 Jul 2025 14:55:32 -0400 (EDT) Subject: |FAILURE| pw155146-155158 [PATCH] [v3,13/13] pdump: mark API and app From: dpdklab@iol.unh.edu To: Test Report Cc: dpdk-test-reports@iol.unh.edu, Stephen Hemminger In-Reply-To: <20250710164237.8630-14-stephen@networkplumber.org> References: <20250710164237.8630-14-stephen@networkplumber.org> Content-Type: text/plain X-BeenThere: test-report@dpdk.org X-Mailman-Version: 2.1.29 Precedence: list List-Id: automatic DPDK test reports List-Unsubscribe: , List-Archive: List-Post: List-Help: List-Subscribe: , Errors-To: test-report-bounces@dpdk.org Test-Label: iol-unit-amd64-testing Test-Status: FAILURE http://dpdk.org/patch/155158 _Testing issues_ Submitter: Stephen Hemminger Date: Thursday, July 10 2025 16:16:54 DPDK git baseline: Repo:dpdk Branch: master CommitID:9fe9c0b231c8da5435bfccb1963121b4277f961c 155146-155158 --> testing issues Upstream job id: Generic-Unit-Test-DPDK#354626 Test environment and result as below: +-------------------------------+----------------+ | Environment | dpdk_unit_test | +===============================+================+ | Fedora Linux 40 | FAIL | +-------------------------------+----------------+ | CentOS Stream 10 | FAIL | +-------------------------------+----------------+ | CentOS Stream 9 | FAIL | +-------------------------------+----------------+ | Debian GNU/Linux 12 | FAIL | +-------------------------------+----------------+ | Red Hat Enterprise Linux 9.5 | FAIL | +-------------------------------+----------------+ | Fedora Linux 41 | FAIL | +-------------------------------+----------------+ | Red Hat Enterprise Linux 8.10 | FAIL | +-------------------------------+----------------+ | Ubuntu 22.04 | FAIL | +-------------------------------+----------------+ | Ubuntu 20.04 | PASS | +-------------------------------+----------------+ | Ubuntu 24.04 | FAIL | +-------------------------------+----------------+ | Windows Server 2022 | FAIL | +-------------------------------+----------------+ ==== Unit test summary for Windows Server 2022 (dpdk_unit_test): ==== Failed to get the unit test results. Displaying the unit test results is not supported for some environments, such as our aarch32 testing, where meson is not used to run the tests. Download the logs available on our CI site. ==== End log output ==== Fedora Linux 40 Kernel: 5.15 Compiler: clang gcc (GCC) 14.2.1 20240912 (Red Hat 14.2.1-3) CentOS Stream 10 Kernel: 5.15 Compiler: gcc gcc (GCC) 14.2.1 20250110 (Red Hat 14.2.1-8) CentOS Stream 9 Kernel: 5.15 Compiler: gcc gcc (GCC) 11.5.0 20240719 (Red Hat 11.5.0-7) Debian GNU/Linux 12 Kernel: 5.15 Compiler: gcc gcc (Debian 12.2.0-14+deb12u1) 12.2.0 Red Hat Enterprise Linux 9.5 Kernel: 5.15 Compiler: gcc gcc (GCC) 11.5.0 20240719 (Red Hat 11.5.0-2) Fedora Linux 41 Kernel: 5.15 Compiler: gcc gcc (GCC) 14.3.1 20250523 (Red Hat 14.3.1-1) Red Hat Enterprise Linux 8.10 Kernel: 5.15 Compiler: gcc gcc (GCC) 8.5.0 20210514 (Red Hat 8.5.0-22) Ubuntu 22.04 Kernel: 5.15 Compiler: gcc gcc (Ubuntu 11.4.0-1ubuntu1~22.04) 11.4.0 Ubuntu 20.04 Kernel: 5.15 Compiler: gcc gcc (Ubuntu 9.4.0-1ubuntu1~20.04.2) 9.4.0 Ubuntu 24.04 Kernel: 5.15 Compiler: gcc gcc (Ubuntu 13.3.0-6ubuntu2~24.04) 13.3.0 Windows Server 2022 Kernel: 10.0.20348.2031 Compiler: clang 15.0.7, gcc 14.1.0 (MinGW), and MSVC VS 19.39.33521 To view detailed results, visit: https://lab.dpdk.org/results/dashboard/patchsets/33635/ UNH-IOL DPDK Community Lab To manage your email subscriptions, visit: https://lab.dpdk.org/results/dashboard/preferences/subscriptions/