From mboxrd@z Thu Jan 1 00:00:00 1970 Return-Path: Received: from mails.dpdk.org (mails.dpdk.org [217.70.189.124]) by inbox.dpdk.org (Postfix) with ESMTP id 6A11446B3C for ; Thu, 10 Jul 2025 21:05:00 +0200 (CEST) Received: from mails.dpdk.org (localhost [127.0.0.1]) by mails.dpdk.org (Postfix) with ESMTP id 496064028B; Thu, 10 Jul 2025 21:05:00 +0200 (CEST) Received: from mail-pl1-f226.google.com (mail-pl1-f226.google.com [209.85.214.226]) by mails.dpdk.org (Postfix) with ESMTP id 571554028B for ; Thu, 10 Jul 2025 21:04:59 +0200 (CEST) Received: by mail-pl1-f226.google.com with SMTP id d9443c01a7336-235ef62066eso20955355ad.3 for ; Thu, 10 Jul 2025 12:04:59 -0700 (PDT) DKIM-Signature: v=1; a=rsa-sha256; c=relaxed/relaxed; d=iol.unh.edu; s=unh-iol; t=1752174298; x=1752779098; darn=dpdk.org; h=references:in-reply-to:cc:to:from:subject:message-id:date:from:to :cc:subject:date:message-id:reply-to; bh=mLr5l+OhB2qTraTa73jrdkNuhSgHrjSVydZIsXOHZxU=; b=cMbjXD/5cMA4peOaur6vRC4I2JWfbAyoHZqfwChIMza6ILS+WSENckmrI9FTQv12Nc A+E7XA2asF9opEhWCNWAKtN4u0dcL6vfJP6koMaor+va+y8U9GHv1IZxSOAVfSQC/xnd ihtxAbDnKF5/D3+2HY7O9xIpH3dOlQny7pCpc= X-Google-DKIM-Signature: v=1; a=rsa-sha256; c=relaxed/relaxed; d=1e100.net; s=20230601; t=1752174298; x=1752779098; h=references:in-reply-to:cc:to:from:subject:message-id:date :x-gm-message-state:from:to:cc:subject:date:message-id:reply-to; bh=mLr5l+OhB2qTraTa73jrdkNuhSgHrjSVydZIsXOHZxU=; b=myYfMNKVMUgGB786/dVRb5gBh66qk2twkzIZ74yeb27v86EmAJx2ab8gGork6kvo+s XXnqc3AqTn5iQB2ANjXbL7rYXM+xBuZV7Zi1EjsA4EYmbCuAfQ7mqq/WZr5m/kIZgmOv 3M+rrCosR3g3SvmFISoI6SJtivLaApkHbMoGVUAUWJ2/d6Ux/706BJx0oaYeBqaPauVa wjAXtk9vgRZoFrmaIduEV8KhEXK+j5PEpk9xGUhMeu0oUWNpfAE7Yyv2SboyldOzYQXF HeSuie00yQ9U+h5OOFUsYLQ2cCCWvJxd64cVDqXZu6IYwAQNCtocVINfetJmIikZSA/9 A4Dw== X-Gm-Message-State: AOJu0Ywm6t1QMQZ/IqOg4imF1GT2n4LsjDJdsKlq1wb2EO4ZWPgXrmtO ydiRkHZM7kS6DtIhBS5zdXjJ8rNI+HM46C8nOyhvNBZTVNOStrFXbSWiBB7z+KgygvZokIJT5BT kfeyhOiTz3CNQHP3PNsnJQacoF+A9MW7ftoa1TtEgknXgrLjXhnH7hrLB67Ld X-Gm-Gg: ASbGncvinYrZQLz6xJtOhE9/risafR5QTsYifKjwD+E4+fmsY9HDeiu5431UDkg/I40 j+B15hgsM9JgD9uoKfSrEY3/2QxHzvts/xK5x0suBcKvFfCULF0I9gS5gwOizBLYetj7dpuLf9M qNM11FpvyJdQb4EYb2B4vLqw1nADzZ7LxjxEV+11hs1BjBVgTqlZv1YtkOBckKqSApGQcDmKAwz vRTZBTFLHidJIkUZzegpDNVxtLm1hdfAI2jpb2nmzo9Hvs/MoeSMTX08pwZbuywWlGhOx5BIqn6 c+71gWsY6FxaisTIthrElmfXUuAwv5v3u3jZDEB5hhObZT4= X-Google-Smtp-Source: AGHT+IEEe5LgEbD+zO4npDrpysl1x8QEfGhHPTNpIkqd3cRgerMklp8plZl/FMWg4pjNb4UvM2D86DnLaZVB X-Received: by 2002:a17:902:d4c2:b0:235:f77b:4b0e with SMTP id d9443c01a7336-23dede8f48amr5032875ad.41.1752174298117; Thu, 10 Jul 2025 12:04:58 -0700 (PDT) Received: from postal.iol.unh.edu (postal.iol.unh.edu. [2606:4100:3880:1234::84]) by smtp-relay.gmail.com with ESMTPS id d9443c01a7336-23de432f366sm1129035ad.90.2025.07.10.12.04.57 (version=TLS1_2 cipher=ECDHE-ECDSA-AES128-GCM-SHA256 bits=128/128); Thu, 10 Jul 2025 12:04:58 -0700 (PDT) X-Relaying-Domain: iol.unh.edu Date: Thu, 10 Jul 2025 12:04:58 -0700 (PDT) Message-ID: <68700eda.170a0220.18506b.5f5bSMTPIN_ADDED_MISSING@mx.google.com> Received: from [172.21.0.6] (unknown [172.18.0.240]) by postal.iol.unh.edu (Postfix) with ESMTP id 4DAC0604D420; Thu, 10 Jul 2025 15:04:57 -0400 (EDT) Subject: |FAILURE| pw155146-155158 [PATCH] [v3,13/13] pdump: mark API and app From: dpdklab@iol.unh.edu To: Test Report Cc: dpdk-test-reports@iol.unh.edu, Stephen Hemminger In-Reply-To: <20250710164237.8630-14-stephen@networkplumber.org> References: <20250710164237.8630-14-stephen@networkplumber.org> Content-Type: text/plain X-BeenThere: test-report@dpdk.org X-Mailman-Version: 2.1.29 Precedence: list List-Id: automatic DPDK test reports List-Unsubscribe: , List-Archive: List-Post: List-Help: List-Subscribe: , Errors-To: test-report-bounces@dpdk.org Test-Label: iol-abi-testing Test-Status: FAILURE http://dpdk.org/patch/155158 _Testing issues_ Submitter: Stephen Hemminger Date: Thursday, July 10 2025 16:16:54 DPDK git baseline: Repo:dpdk Branch: master CommitID:9fe9c0b231c8da5435bfccb1963121b4277f961c 155146-155158 --> testing issues Upstream job id: Generic-DPDK-Compile-ABI#133984 Test environment and result as below: +-------------------------------+----------+ | Environment | abi_test | +===============================+==========+ | openSUSE Leap 15.6 | FAIL | +-------------------------------+----------+ | Fedora Linux 41 | FAIL | +-------------------------------+----------+ | CentOS Stream 9 | FAIL | +-------------------------------+----------+ | Fedora Linux 40 | FAIL | +-------------------------------+----------+ | Debian GNU/Linux 12 | FAIL | +-------------------------------+----------+ | CentOS Stream 10 | FAIL | +-------------------------------+----------+ | Red Hat Enterprise Linux 9.5 | FAIL | +-------------------------------+----------+ | Ubuntu 22.04 | FAIL | +-------------------------------+----------+ | Red Hat Enterprise Linux 8.10 | FAIL | +-------------------------------+----------+ | Ubuntu 24.04 | FAIL | +-------------------------------+----------+ ==== 20 line log output for Ubuntu 24.04 (abi_test): ==== Variables changes summary: 0 Removed, 0 Changed, 0 Added variable Functions changes summary: 0 Removed, 0 Changed (1 filtered out), 0 Added function Variables changes summary: 0 Removed, 0 Changed, 0 Added variable Functions changes summary: 0 Removed, 0 Changed (2 filtered out), 0 Added functions Variables changes summary: 0 Removed, 0 Changed, 0 Added variable Functions changes summary: 0 Removed, 0 Changed (5 filtered out), 0 Added functions Variables changes summary: 0 Removed, 0 Changed, 0 Added variable Functions changes summary: 0 Removed, 0 Changed, 0 Added (5 filtered out) functions Variables changes summary: 0 Removed, 0 Changed, 0 Added variable Functions changes summary: 0 Removed, 0 Changed (4 filtered out), 0 Added (12 filtered out) functions Variables changes summary: 0 Removed, 0 Changed (1 filtered out), 0 Added variable Functions changes summary: 0 Removed, 0 Changed (215 filtered out), 0 Added (2 filtered out) functions Variables changes summary: 0 Removed, 0 Changed, 0 Added variable ==== End log output ==== openSUSE Leap 15.6 Kernel: 5.15 Compiler: gcc gcc (SUSE Linux) 7.5.0 Fedora Linux 41 Kernel: 5.15 Compiler: gcc gcc (GCC) 14.3.1 20250523 (Red Hat 14.3.1-1) CentOS Stream 9 Kernel: 5.15 Compiler: gcc gcc (GCC) 11.5.0 20240719 (Red Hat 11.5.0-7) Fedora Linux 40 Kernel: 5.15 Compiler: gcc gcc (GCC) 14.2.1 20240912 (Red Hat 14.2.1-3) Debian GNU/Linux 12 Kernel: 5.15 Compiler: gcc gcc (Debian 12.2.0-14+deb12u1) 12.2.0 CentOS Stream 10 Kernel: 5.15 Compiler: gcc gcc (GCC) 14.2.1 20250110 (Red Hat 14.2.1-8) Red Hat Enterprise Linux 9.5 Kernel: 5.15 Compiler: gcc gcc (GCC) 11.5.0 20240719 (Red Hat 11.5.0-2) Ubuntu 22.04 Kernel: 5.15 Compiler: gcc gcc (Ubuntu 11.4.0-1ubuntu1~22.04) 11.4.0 Red Hat Enterprise Linux 8.10 Kernel: 5.15 Compiler: gcc gcc (GCC) 8.5.0 20210514 (Red Hat 8.5.0-22) Ubuntu 24.04 Kernel: 5.15 Compiler: gcc gcc (Ubuntu 13.3.0-6ubuntu2~24.04) 13.3.0 To view detailed results, visit: https://lab.dpdk.org/results/dashboard/patchsets/33635/ UNH-IOL DPDK Community Lab To manage your email subscriptions, visit: https://lab.dpdk.org/results/dashboard/preferences/subscriptions/