From mboxrd@z Thu Jan 1 00:00:00 1970 Return-Path: Received: from mails.dpdk.org (mails.dpdk.org [217.70.189.124]) by inbox.dpdk.org (Postfix) with ESMTP id 5FAE246B3C for ; Thu, 10 Jul 2025 21:05:09 +0200 (CEST) Received: from mails.dpdk.org (localhost [127.0.0.1]) by mails.dpdk.org (Postfix) with ESMTP id 5AFE64028B; Thu, 10 Jul 2025 21:05:09 +0200 (CEST) Received: from mail-oa1-f100.google.com (mail-oa1-f100.google.com [209.85.160.100]) by mails.dpdk.org (Postfix) with ESMTP id EEDE74028B for ; Thu, 10 Jul 2025 21:05:07 +0200 (CEST) Received: by mail-oa1-f100.google.com with SMTP id 586e51a60fabf-2f3dab2a2a9so770168fac.2 for ; Thu, 10 Jul 2025 12:05:07 -0700 (PDT) DKIM-Signature: v=1; a=rsa-sha256; c=relaxed/relaxed; d=iol.unh.edu; s=unh-iol; t=1752174307; x=1752779107; darn=dpdk.org; h=references:in-reply-to:cc:to:from:subject:message-id:date:from:to :cc:subject:date:message-id:reply-to; bh=QNpHA6/Q7RylbfdZsXhg5PfXw0M+eUgnchiQ2fazmJM=; b=eEN1JdHjtDmP3FJDN3G7ZfHNw8CUkdPLyqe3F2J3JETmJ/Mrfr29dYnDOd72s82lC7 wuCPTmShqKz79g2NvQduBFTPjHRn2TNAZ2dGBuICo/DC+Kkop26dMrG5jEJB2GiG+Hzd FSS+tMeMcvg/tgTpg9bMueQCeW/cdObDIg4Pg= X-Google-DKIM-Signature: v=1; a=rsa-sha256; c=relaxed/relaxed; d=1e100.net; s=20230601; t=1752174307; x=1752779107; h=references:in-reply-to:cc:to:from:subject:message-id:date :x-gm-message-state:from:to:cc:subject:date:message-id:reply-to; bh=QNpHA6/Q7RylbfdZsXhg5PfXw0M+eUgnchiQ2fazmJM=; b=E2A6gxNzbMlORpwKbNbBCtuuBR/t/kF9gObKkPsHmtwV1xyZyyQbCEZG1xg5h4Egbu PurcXYox7skGzjgv4CKAhiV8lS/7xsONX8SNVMO0q3k2kq9uP7UgNjT6BbLcEhEZCbO8 3L5kJy5YPWot7Dzws67WTTiBppOKgBxWBCiZytClWKdAqBcG6N5AOWS4YfP7LQbYeeWa NyfuubQ1/Zz+RCALosUV2FWqKGb6HA2j9bTswndPD+rjxIszDUofrndWHL+iTy00O4c0 htiLukrxW27Y8vPQMDitZuYN3tnbXkE++/xZBxn104UbGBm7hmKYBjdtIonVKQV27R6U uiYQ== X-Gm-Message-State: AOJu0YxcIFs7uVW3L0m9b2Y1uda+M5C+Y2IdC7V492j2Uzsrl1rNPGs4 TLHxE14GnU83oJ+NBBJY4Yaosg5wTYYhYzREPO261e4z7atrcaluOqmE1G1I0ELp+n4EFDoKzy/ ty161FieoeoHKCuv0K5uLsfWUQRyRBZmL1X6fapxZDb1XnA7H9SQ3goIdqioE X-Gm-Gg: ASbGncso2JMtNpEBu6NSWm6XmygMJIkz6yrxoPFIk9ehRid72RZeM1pgUn8upZNofQL /F1hoCAVGxwS3ak5cxTU/w456i3I8LmNKxK6v557gkq7AzPf2yP6rn5m0tIa3kmWGAnTcByYsCx ld42JHFngoJpvjZVWR2Libr1/GI2MmiUczGhGM7+Cd3/ROQt2ZPbpljQFyTug6PPJEyGwQfK1Fn 4V7ZW8zWSpJFLqeIKw9k6xe+9EQ97GuZ6jl4w6yOkjb2eHyLdg+Pm0jgTLcjveBG6TjtBDOt4aQ QPoLzzAypAaUcsjJttOM7SPf62f1WJgSo8WWP73LyoVy94c= X-Google-Smtp-Source: AGHT+IE6YWQH8ObtHFNgWwxF/TC0/w10ZU7Bu80kQDoeY9KgKXfzQOe0e/oH4Jr5YwXZyqXzXd4VsmHvd8u9 X-Received: by 2002:a05:6870:5d88:b0:2d6:49df:a649 with SMTP id 586e51a60fabf-2ff2697da48mr319120fac.31.1752174307043; Thu, 10 Jul 2025 12:05:07 -0700 (PDT) Received: from postal.iol.unh.edu (postal.iol.unh.edu. [2606:4100:3880:1234::84]) by smtp-relay.gmail.com with ESMTPS id 586e51a60fabf-2ff11791c55sm138414fac.35.2025.07.10.12.05.06 (version=TLS1_2 cipher=ECDHE-ECDSA-AES128-GCM-SHA256 bits=128/128); Thu, 10 Jul 2025 12:05:07 -0700 (PDT) X-Relaying-Domain: iol.unh.edu Date: Thu, 10 Jul 2025 12:05:07 -0700 (PDT) Message-ID: <68700ee3.050a0220.20d208.76a0SMTPIN_ADDED_MISSING@mx.google.com> Received: from [172.21.0.7] (unknown [172.18.0.240]) by postal.iol.unh.edu (Postfix) with ESMTP id 866B8604D420; Thu, 10 Jul 2025 15:05:06 -0400 (EDT) Subject: |FAILURE| pw155146-155158 [PATCH] [v3,13/13] pdump: mark API and app From: dpdklab@iol.unh.edu To: Test Report Cc: dpdk-test-reports@iol.unh.edu, Stephen Hemminger In-Reply-To: <20250710164237.8630-14-stephen@networkplumber.org> References: <20250710164237.8630-14-stephen@networkplumber.org> Content-Type: text/plain X-BeenThere: test-report@dpdk.org X-Mailman-Version: 2.1.29 Precedence: list List-Id: automatic DPDK test reports List-Unsubscribe: , List-Archive: List-Post: List-Help: List-Subscribe: , Errors-To: test-report-bounces@dpdk.org Test-Label: iol-abi-testing Test-Status: FAILURE http://dpdk.org/patch/155158 _Testing issues_ Submitter: Stephen Hemminger Date: Thursday, July 10 2025 16:16:54 DPDK git baseline: Repo:dpdk Branch: master CommitID:9fe9c0b231c8da5435bfccb1963121b4277f961c 155146-155158 --> testing issues Upstream job id: Generic-DPDK-Compile-ABI#133982 Test environment and result as below: +-------------------------------+----------+ | Environment | abi_test | +===============================+==========+ | openSUSE Leap 15.6 | FAIL | +-------------------------------+----------+ | Fedora Linux 41 | FAIL | +-------------------------------+----------+ | CentOS Stream 9 | FAIL | +-------------------------------+----------+ | Fedora Linux 40 | FAIL | +-------------------------------+----------+ | Debian GNU/Linux 12 | FAIL | +-------------------------------+----------+ | CentOS Stream 10 | FAIL | +-------------------------------+----------+ | Red Hat Enterprise Linux 9.5 | FAIL | +-------------------------------+----------+ | Ubuntu 22.04 | FAIL | +-------------------------------+----------+ | Red Hat Enterprise Linux 8.10 | FAIL | +-------------------------------+----------+ | Ubuntu 24.04 | FAIL | +-------------------------------+----------+ ==== 20 line log output for Ubuntu 24.04 (abi_test): ==== Variables changes summary: 0 Removed, 0 Changed, 0 Added variable Functions changes summary: 0 Removed, 0 Changed (1 filtered out), 0 Added function Variables changes summary: 0 Removed, 0 Changed, 0 Added variable Functions changes summary: 0 Removed, 0 Changed (2 filtered out), 0 Added functions Variables changes summary: 0 Removed, 0 Changed, 0 Added variable Functions changes summary: 0 Removed, 0 Changed (5 filtered out), 0 Added functions Variables changes summary: 0 Removed, 0 Changed, 0 Added variable Functions changes summary: 0 Removed, 0 Changed, 0 Added (5 filtered out) functions Variables changes summary: 0 Removed, 0 Changed, 0 Added variable Functions changes summary: 0 Removed, 0 Changed (4 filtered out), 0 Added (12 filtered out) functions Variables changes summary: 0 Removed, 0 Changed (1 filtered out), 0 Added variable Functions changes summary: 0 Removed, 0 Changed (215 filtered out), 0 Added (2 filtered out) functions Variables changes summary: 0 Removed, 0 Changed, 0 Added variable ==== End log output ==== openSUSE Leap 15.6 Kernel: 5.15 Compiler: gcc gcc (SUSE Linux) 7.5.0 Fedora Linux 41 Kernel: 5.15 Compiler: gcc gcc (GCC) 14.3.1 20250523 (Red Hat 14.3.1-1) CentOS Stream 9 Kernel: 5.15 Compiler: gcc gcc (GCC) 11.5.0 20240719 (Red Hat 11.5.0-7) Fedora Linux 40 Kernel: 5.15 Compiler: gcc gcc (GCC) 14.2.1 20240912 (Red Hat 14.2.1-3) Debian GNU/Linux 12 Kernel: 5.15 Compiler: gcc gcc (Debian 12.2.0-14+deb12u1) 12.2.0 CentOS Stream 10 Kernel: 5.15 Compiler: gcc gcc (GCC) 14.2.1 20250110 (Red Hat 14.2.1-8) Red Hat Enterprise Linux 9.5 Kernel: 5.15 Compiler: gcc gcc (GCC) 11.5.0 20240719 (Red Hat 11.5.0-2) Ubuntu 22.04 Kernel: 5.15 Compiler: gcc gcc (Ubuntu 11.4.0-1ubuntu1~22.04) 11.4.0 Red Hat Enterprise Linux 8.10 Kernel: 5.15 Compiler: gcc gcc (GCC) 8.5.0 20210514 (Red Hat 8.5.0-22) Ubuntu 24.04 Kernel: 5.15 Compiler: gcc gcc (Ubuntu 13.3.0-6ubuntu2~24.04) 13.3.0 To view detailed results, visit: https://lab.dpdk.org/results/dashboard/patchsets/33635/ UNH-IOL DPDK Community Lab To manage your email subscriptions, visit: https://lab.dpdk.org/results/dashboard/preferences/subscriptions/