automatic DPDK test reports
 help / color / mirror / Atom feed
From: dpdklab@iol.unh.edu
To: Test Report <test-report@dpdk.org>
Cc: dpdk-test-reports@iol.unh.edu
Subject: |PENDING| pw155109 [PATCH] [v2] test_bbdev: enable to be compiled on
Date: Thu, 10 Jul 2025 12:22:47 -0700 (PDT)	[thread overview]
Message-ID: <68701307.050a0220.31c978.4697SMTPIN_ADDED_MISSING@mx.google.com> (raw)
In-Reply-To: <1752074012-14869-1-git-send-email-andremue@linux.microsoft.com>

Test-Label: iol-compile-amd64-testing
Test-Status: PENDING
http://dpdk.org/patch/155109

_Testing pending_

Submitter: Andre Muezerie <andremue@linux.microsoft.com>
Date: Wednesday, July 09 2025 15:13:32 
DPDK git baseline: Repo:dpdk
  Branch: master
  CommitID:9fe9c0b231c8da5435bfccb1963121b4277f961c

155109 --> testing pending

Upstream job id: Generic-VM-DPDK-Compile-Meson#37093

Test environment and result as below:

+-------------------------------+--------------------+-------------------+------------------+-------------------------+-------------------+
|          Environment          | dpdk_meson_compile | dpdk_compile_spdk | dpdk_compile_ovs | dpdk_llvm_clang_compile | dpdk_msvc_compile |
+===============================+====================+===================+==================+=========================+===================+
| CentOS Stream 9               | PEND               | PEND              | SKIPPED          | SKIPPED                 | SKIPPED           |
+-------------------------------+--------------------+-------------------+------------------+-------------------------+-------------------+
| Debian GNU/Linux 12           | PEND               | PEND              | SKIPPED          | SKIPPED                 | SKIPPED           |
+-------------------------------+--------------------+-------------------+------------------+-------------------------+-------------------+
| CentOS Stream 10              | PEND               | SKIPPED           | SKIPPED          | SKIPPED                 | SKIPPED           |
+-------------------------------+--------------------+-------------------+------------------+-------------------------+-------------------+
| Fedora Linux 40               | PEND               | PEND              | SKIPPED          | SKIPPED                 | SKIPPED           |
+-------------------------------+--------------------+-------------------+------------------+-------------------------+-------------------+
| Fedora Linux 41               | PEND               | PEND              | PEND             | SKIPPED                 | SKIPPED           |
+-------------------------------+--------------------+-------------------+------------------+-------------------------+-------------------+
| openSUSE Leap 15.6            | PEND               | SKIPPED           | SKIPPED          | SKIPPED                 | SKIPPED           |
+-------------------------------+--------------------+-------------------+------------------+-------------------------+-------------------+
| Red Hat Enterprise Linux 8.10 | PEND               | SKIPPED           | SKIPPED          | SKIPPED                 | SKIPPED           |
+-------------------------------+--------------------+-------------------+------------------+-------------------------+-------------------+
| Ubuntu 20.04                  | PASS               | SKIPPED           | SKIPPED          | SKIPPED                 | SKIPPED           |
+-------------------------------+--------------------+-------------------+------------------+-------------------------+-------------------+
| Red Hat Enterprise Linux 9.5  | PEND               | SKIPPED           | SKIPPED          | SKIPPED                 | SKIPPED           |
+-------------------------------+--------------------+-------------------+------------------+-------------------------+-------------------+
| Ubuntu 22.04                  | PEND               | PEND              | SKIPPED          | SKIPPED                 | SKIPPED           |
+-------------------------------+--------------------+-------------------+------------------+-------------------------+-------------------+
| Ubuntu 24.04                  | PEND               | PEND              | PEND             | SKIPPED                 | SKIPPED           |
+-------------------------------+--------------------+-------------------+------------------+-------------------------+-------------------+
| Alpine Linux 3.22.0           | PEND               | SKIPPED           | SKIPPED          | SKIPPED                 | SKIPPED           |
+-------------------------------+--------------------+-------------------+------------------+-------------------------+-------------------+
| FreeBSD 14.2                  | PEND               | SKIPPED           | SKIPPED          | SKIPPED                 | SKIPPED           |
+-------------------------------+--------------------+-------------------+------------------+-------------------------+-------------------+
| Windows Server 2022           | SKIPPED            | SKIPPED           | SKIPPED          | PEND                    | PEND              |
+-------------------------------+--------------------+-------------------+------------------+-------------------------+-------------------+


CentOS Stream 9
	Kernel: 5.15
	Compiler: gcc gcc (GCC) 11.5.0 20240719 (Red Hat 11.5.0-7)

Debian GNU/Linux 12
	Kernel: 5.15
	Compiler: gcc gcc (Debian 12.2.0-14+deb12u1) 12.2.0

CentOS Stream 10
	Kernel: 5.15
	Compiler: gcc gcc (GCC) 14.2.1 20250110 (Red Hat 14.2.1-8)

Fedora Linux 40
	Kernel: 5.15
	Compiler: clang gcc (GCC) 14.2.1 20240912 (Red Hat 14.2.1-3)

Fedora Linux 41
	Kernel: 5.15
	Compiler: clang gcc (GCC) 14.3.1 20250523 (Red Hat 14.3.1-1)

openSUSE Leap 15.6
	Kernel: 5.15
	Compiler: gcc gcc (SUSE Linux) 7.5.0

Red Hat Enterprise Linux 8.10
	Kernel: 5.15
	Compiler: gcc gcc (GCC) 8.5.0 20210514 (Red Hat 8.5.0-22)

Ubuntu 20.04
	Kernel: 5.15
	Compiler: gcc gcc (Ubuntu 9.4.0-1ubuntu1~20.04.2) 9.4.0

Red Hat Enterprise Linux 9.5
	Kernel: 5.15
	Compiler: gcc gcc (GCC) 11.5.0 20240719 (Red Hat 11.5.0-2)

Ubuntu 22.04
	Kernel: 5.15
	Compiler: gcc gcc (Ubuntu 11.4.0-1ubuntu1~22.04) 11.4.0

Ubuntu 24.04
	Kernel: 5.15
	Compiler: gcc gcc (Ubuntu 13.3.0-6ubuntu2~24.04) 13.3.0

Alpine Linux 3.22.0
	Kernel: 5.15
	Compiler: gcc gcc (Alpine 14.2.0) 14.2.0

FreeBSD 14.2
	Kernel: 14.2-RELEASE
	Compiler: clang 18.1.6

Windows Server 2022
	Kernel: 10.0.20348.2031
	Compiler: clang 15.0.7, gcc 14.1.0 (MinGW), and MSVC VS 19.39.33521

To view detailed results, visit:
https://lab.dpdk.org/results/dashboard/patchsets/33628/

UNH-IOL DPDK Community Lab

To manage your email subscriptions, visit: 
https://lab.dpdk.org/results/dashboard/preferences/subscriptions/

  parent reply	other threads:[~2025-07-10 19:22 UTC|newest]

Thread overview: 66+ messages / expand[flat|nested]  mbox.gz  Atom feed  top
     [not found] <1752074012-14869-1-git-send-email-andremue@linux.microsoft.com>
2025-07-09 14:39 ` |SUCCESS| pw155109 [PATCH v2] test_bbdev: enable to be compiled on Windows qemudev
2025-07-09 14:44 ` qemudev
2025-07-09 15:12 ` checkpatch
2025-07-09 16:23 ` 0-day Robot
2025-07-09 17:10 ` |FAILURE| pw155109 [PATCH] [v2] " dpdklab
2025-07-09 19:26 ` |SUCCESS| pw155109 [PATCH] [v2] test_bbdev: enable to be compiled on dpdklab
2025-07-09 19:29 ` dpdklab
2025-07-09 19:36 ` dpdklab
2025-07-09 19:42 ` |PENDING| " dpdklab
2025-07-09 19:49 ` dpdklab
2025-07-09 19:53 ` |SUCCESS| " dpdklab
2025-07-09 19:55 ` dpdklab
2025-07-09 20:08 ` |WARNING| " dpdklab
2025-07-09 20:09 ` dpdklab
2025-07-09 20:12 ` |SUCCESS| " dpdklab
2025-07-09 20:12 ` dpdklab
2025-07-09 20:34 ` dpdklab
2025-07-09 21:04 ` |WARNING| " dpdklab
2025-07-09 23:34 ` |SUCCESS| " dpdklab
2025-07-10  3:32 ` |WARNING| " dpdklab
2025-07-10  3:38 ` dpdklab
2025-07-10  8:28 ` |SUCCESS| " dpdklab
2025-07-10  8:36 ` dpdklab
2025-07-10 13:46 ` dpdklab
2025-07-10 15:15 ` |PENDING| " dpdklab
2025-07-10 15:34 ` |SUCCESS| " dpdklab
2025-07-10 15:36 ` |PENDING| " dpdklab
2025-07-10 15:39 ` |SUCCESS| " dpdklab
2025-07-10 15:57 ` dpdklab
2025-07-10 16:04 ` |PENDING| " dpdklab
2025-07-10 16:05 ` |SUCCESS| " dpdklab
2025-07-10 16:10 ` dpdklab
2025-07-10 16:19 ` dpdklab
2025-07-10 16:38 ` dpdklab
2025-07-10 17:27 ` |WARNING| " dpdklab
2025-07-10 17:29 ` dpdklab
2025-07-10 19:13 ` |SUCCESS| " dpdklab
2025-07-10 19:20 ` |PENDING| " dpdklab
2025-07-10 19:22 ` dpdklab [this message]
2025-07-10 19:30 ` |SUCCESS| " dpdklab
2025-07-10 19:53 ` dpdklab
2025-07-10 19:53 ` dpdklab
2025-07-10 19:53 ` dpdklab
2025-07-10 19:53 ` dpdklab
2025-07-10 19:54 ` |PENDING| " dpdklab
2025-07-10 19:54 ` |SUCCESS| " dpdklab
2025-07-10 20:08 ` dpdklab
2025-07-10 20:11 ` dpdklab
2025-07-10 20:11 ` |PENDING| " dpdklab
2025-07-10 20:48 ` |WARNING| " dpdklab
2025-07-10 21:05 ` |PENDING| " dpdklab
2025-07-10 21:07 ` |SUCCESS| " dpdklab
2025-07-10 21:07 ` dpdklab
2025-07-10 21:09 ` |PENDING| " dpdklab
2025-07-10 21:17 ` |SUCCESS| " dpdklab
2025-07-10 21:44 ` dpdklab
2025-07-10 21:44 ` |PENDING| " dpdklab
2025-07-10 21:44 ` dpdklab
2025-07-10 21:55 ` |WARNING| " dpdklab
2025-07-10 21:59 ` |SUCCESS| " dpdklab
2025-07-10 22:11 ` dpdklab
2025-07-10 22:36 ` dpdklab
2025-07-10 22:44 ` dpdklab
2025-07-10 23:56 ` dpdklab
2025-07-11  0:20 ` dpdklab
2025-07-11  0:44 ` dpdklab

Reply instructions:

You may reply publicly to this message via plain-text email
using any one of the following methods:

* Save the following mbox file, import it into your mail client,
  and reply-to-all from there: mbox

  Avoid top-posting and favor interleaved quoting:
  https://en.wikipedia.org/wiki/Posting_style#Interleaved_style

* Reply using the --to, --cc, and --in-reply-to
  switches of git-send-email(1):

  git send-email \
    --in-reply-to=68701307.050a0220.31c978.4697SMTPIN_ADDED_MISSING@mx.google.com \
    --to=dpdklab@iol.unh.edu \
    --cc=dpdk-test-reports@iol.unh.edu \
    --cc=test-report@dpdk.org \
    /path/to/YOUR_REPLY

  https://kernel.org/pub/software/scm/git/docs/git-send-email.html

* If your mail client supports setting the In-Reply-To header
  via mailto: links, try the mailto: link
Be sure your reply has a Subject: header at the top and a blank line before the message body.
This is a public inbox, see mirroring instructions
for how to clone and mirror all data and code used for this inbox;
as well as URLs for NNTP newsgroup(s).