From: dpdklab@iol.unh.edu
To: Test Report <test-report@dpdk.org>
Cc: dpdk-test-reports@iol.unh.edu, Ivan Malov <ivan.malov@arknetworks.am>
Subject: |FAILURE| pw155161-155163 [PATCH] [3/3] common/sfc_efx/base: fix com
Date: Fri, 11 Jul 2025 09:24:03 -0700 (PDT) [thread overview]
Message-ID: <68713aa3.920a0220.ab12c.d6bbSMTPIN_ADDED_MISSING@mx.google.com> (raw)
In-Reply-To: <20250711144349.9236-4-ivan.malov@arknetworks.am>
Test-Label: iol-unit-amd64-testing
Test-Status: FAILURE
http://dpdk.org/patch/155163
_Testing issues_
Submitter: Ivan Malov <ivan.malov@arknetworks.am>
Date: Friday, July 11 2025 14:43:49
DPDK git baseline: Repo:dpdk
Branch: master
CommitID:9fe9c0b231c8da5435bfccb1963121b4277f961c
155161-155163 --> testing issues
Upstream job id: Generic-Unit-Test-DPDK#354814
Test environment and result as below:
+-------------------------------+----------------+
| Environment | dpdk_unit_test |
+===============================+================+
| CentOS Stream 9 | FAIL |
+-------------------------------+----------------+
| CentOS Stream 10 | PASS |
+-------------------------------+----------------+
| Debian GNU/Linux 12 | PASS |
+-------------------------------+----------------+
| Fedora Linux 40 | PASS |
+-------------------------------+----------------+
| Red Hat Enterprise Linux 9.5 | PASS |
+-------------------------------+----------------+
| Fedora Linux 41 | PASS |
+-------------------------------+----------------+
| Ubuntu 24.04 | PASS |
+-------------------------------+----------------+
| Red Hat Enterprise Linux 8.10 | PASS |
+-------------------------------+----------------+
| Ubuntu 22.04 | PASS |
+-------------------------------+----------------+
| Ubuntu 20.04 | PASS |
+-------------------------------+----------------+
| Windows Server 2022 | PASS |
+-------------------------------+----------------+
==== Unit test summary for CentOS Stream 9 (dpdk_unit_test): ====
ninja: Entering directory `/root/workspace/Generic-Unit-Test-DPDK@2/dpdk/build'
ninja: no work to do.
1/120 DPDK:fast-tests / acl_autotest OK 44.71s
2/120 DPDK:fast-tests / alarm_autotest OK 2.19s
3/120 DPDK:fast-tests / argparse_autotest OK 1.07s
4/120 DPDK:fast-tests / atomic_autotest OK 3.57s
5/120 DPDK:fast-tests / bitcount_autotest OK 0.87s
6/120 DPDK:fast-tests / bitmap_autotest OK 0.76s
7/120 DPDK:fast-tests / bitops_autotest OK 3.12s
8/120 DPDK:fast-tests / bitratestats_autotest OK 0.75s
9/120 DPDK:fast-tests / bitset_autotest OK 10.91s
10/120 DPDK:fast-tests / bpf_autotest OK 0.73s
11/120 DPDK:fast-tests / bpf_convert_autotest OK 0.43s
12/120 DPDK:fast-tests / byteorder_autotest OK 1.11s
13/120 DPDK:fast-tests / cfgfile_autotest OK 1.04s
14/120 DPDK:fast-tests / cksum_autotest OK 0.89s
15/120 DPDK:fast-tests / cmdline_autotest OK 1.57s
16/120 DPDK:fast-tests / common_autotest OK 2.85s
17/120 DPDK:fast-tests / compressdev_autotest SKIP 1.13s exit status 77
18/120 DPDK:fast-tests / cpuflags_autotest OK 0.93s
19/120 DPDK:fast-tests / crc_autotest OK 1.80s
20/120 DPDK:fast-tests / user_delay_us OK 0.49s
21/120 DPDK:fast-tests / debug_autotest OK 3.33s
22/120 DPDK:fast-tests / devargs_autotest OK 1.39s
23/120 DPDK:fast-tests / dispatcher_autotest SKIP 0.75s exit status 77
24/120 DPDK:fast-tests / distributor_autotest OK 6.56s
25/120 DPDK:fast-tests / eal_flags_c_opt_autotest OK 6.01s
26/120 DPDK:fast-tests / eal_flags_main_opt_autotest OK 2.26s
27/120 DPDK:fast-tests / eal_flags_n_opt_autotest OK 2.34s
28/120 DPDK:fast-tests / eal_flags_hpet_autotest OK 1.41s
29/120 DPDK:fast-tests / eal_flags_no_huge_autotest OK 2.32s
30/120 DPDK:fast-tests / eal_flags_a_opt_autotest OK 2.70s
31/120 DPDK:fast-tests / eal_flags_b_opt_autotest OK 3.95s
32/120 DPDK:fast-tests / eal_flags_vdev_opt_autotest OK 2.74s
33/120 DPDK:fast-tests / eal_flags_r_opt_autotest OK 3.25s
34/120 DPDK:fast-tests / eal_flags_mem_autotest OK 4.26s
35/120 DPDK:fast-tests / eal_flags_file_prefix_autotest OK 30.81s
36/120 DPDK:fast-tests / eal_flags_misc_autotest OK 15.92s
37/120 DPDK:fast-tests / eal_fs_autotest OK 0.54s
38/120 DPDK:fast-tests / errno_autotest OK 1.84s
39/120 DPDK:fast-tests / ethdev_link_status OK 0.66s
40/120 DPDK:fast-tests / event_eth_tx_adapter_autotest OK 4.91s
41/120 DPDK:fast-tests / event_ring_autotest OK 0.99s
42/120 DPDK:fast-tests / eventdev_common_autotest OK 0.55s
43/120 DPDK:fast-tests / eventdev_selftest_sw OK 0.84s
44/120 DPDK:fast-tests / fbarray_autotest OK 0.65s
45/120 DPDK:fast-tests / fib_autotest OK 8.21s
46/120 DPDK:fast-tests / fib6_autotest OK 7.45s
47/120 DPDK:fast-tests / func_reentrancy_autotest OK 8.83s
48/120 DPDK:fast-tests / graph_autotest OK 1.99s
49/120 DPDK:fast-tests / node_list_dump OK 1.48s
50/120 DPDK:fast-tests / graph_feature_arc_autotest OK 0.71s
51/120 DPDK:fast-tests / hash_autotest OK 2.36s
52/120 DPDK:fast-tests / hash_readwrite_func_autotest SKIP 0.31s exit status 77
53/120 DPDK:fast-tests / interrupt_autotest OK 4.99s
54/120 DPDK:fast-tests / ipfrag_autotest OK 0.52s
55/120 DPDK:fast-tests / ipsec_autotest SKIP 0.95s exit status 77
56/120 DPDK:fast-tests / kvargs_autotest OK 1.17s
57/120 DPDK:fast-tests / latencystats_autotest OK 1.04s
58/120 DPDK:fast-tests / lcore_var_autotest OK 1.67s
59/120 DPDK:fast-tests / lcores_autotest OK 20.98s
60/120 DPDK:fast-tests / logs_autotest OK 1.51s
61/120 DPDK:fast-tests / lpm_autotest OK 11.84s
62/120 DPDK:fast-tests / lpm6_autotest OK 93.60s
63/120 DPDK:fast-tests / malloc_autotest OK 8.44s
64/120 DPDK:fast-tests / mbuf_autotest OK 2.96s
65/120 DPDK:fast-tests / mcslock_autotest OK 2.90s
66/120 DPDK:fast-tests / member_autotest OK 4.20s
67/120 DPDK:fast-tests / memcpy_autotest OK 19.93s
68/120 DPDK:fast-tests / memory_autotest OK 2.89s
69/120 DPDK:fast-tests / mempool_autotest OK 2.33s
70/120 DPDK:fast-tests / memzone_autotest OK 1.46s
71/120 DPDK:fast-tests / meter_autotest OK 2.14s
72/120 DPDK:fast-tests / metrics_autotest OK 0.61s
73/120 DPDK:fast-tests / multiprocess_autotest OK 2.50s
74/120 DPDK:fast-tests / net_ether_autotest OK 5.69s
75/120 DPDK:fast-tests / net_ipv6_autotest OK 1.98s
76/120 DPDK:fast-tests / pcapng_autotest OK 20.42s
77/120 DPDK:fast-tests / pdcp_autotest SKIP 1.07s exit status 77
78/120 DPDK:fast-tests / pdump_autotest OK 3.54s
79/120 DPDK:fast-tests / per_lcore_autotest OK 1.59s
80/120 DPDK:fast-tests / pflock_autotest OK 1.68s
81/120 DPDK:fast-tests / pie_autotest OK 0.55s
82/120 DPDK:fast-tests / ring_pmd_autotest OK 0.63s
83/120 DPDK:fast-tests / power_autotest OK 1.10s
84/120 DPDK:fast-tests / power_cpufreq_autotest SKIP 0.65s exit status 77
85/120 DPDK:fast-tests / power_intel_uncore_autotest SKIP 0.79s exit status 77
86/120 DPDK:fast-tests / power_kvm_vm_autotest SKIP 0.48s exit status 77
87/120 DPDK:fast-tests / prefetch_autotest OK 1.59s
88/120 DPDK:fast-tests / ptr_compress_autotest OK 1.84s
89/120 DPDK:fast-tests / rawdev_autotest OK 1.64s
90/120 DPDK:fast-tests / rcu_qsbr_autotest OK 2.72s
91/120 DPDK:fast-tests / reorder_autotest OK 2.97s
92/120 DPDK:fast-tests / rib_autotest OK 84.05s
93/120 DPDK:fast-tests / rib6_autotest OK 41.47s
94/120 DPDK:fast-tests / ring_autotest OK 1.74s
95/120 DPDK:fast-tests / rwlock_test1_autotest OK 2.53s
96/120 DPDK:fast-tests / rwlock_rda_autotest OK 6.78s
97/120 DPDK:fast-tests / rwlock_rds_wrm_autotest OK 6.89s
98/120 DPDK:fast-tests / rwlock_rde_wro_autotest OK 6.24s
99/120 DPDK:fast-tests / sched_autotest OK 0.60s
100/120 DPDK:fast-tests / security_autotest OK 1.12s
101/120 DPDK:fast-tests / seqlock_autotest SKIP 0.82s exit status 77
102/120 DPDK:fast-tests / service_autotest OK 1.61s
103/120 DPDK:fast-tests / soring_autotest OK 0.91s
104/120 DPDK:fast-tests / spinlock_autotest OK 2.54s
105/120 DPDK:fast-tests / stack_autotest OK 1.40s
106/120 DPDK:fast-tests / stack_lf_autotest OK 1.33s
107/120 DPDK:fast-tests / string_autotest OK 1.32s
108/120 DPDK:fast-tests / table_autotest OK 90.72s
109/120 DPDK:fast-tests / tailq_autotest OK 1.65s
110/120 DPDK:fast-tests / telemetry_data_autotest OK 0.90s
111/120 DPDK:fast-tests / telemetry_json_autotest OK 1.11s
112/120 DPDK:fast-tests / thash_autotest OK 1.86s
113/120 DPDK:fast-tests / threads_autotest OK 1.42s
114/120 DPDK:fast-tests / ticketlock_autotest OK 1.22s
115/120 DPDK:fast-tests / timer_autotest TIMEOUT 600.14s killed by signal 15 SIGTERM
>>> MALLOC_PERTURB_=72 DPDK_TEST=timer_autotest /root/workspace/Generic-Unit-Test-DPDK@2/dpdk/build/app/dpdk-test
116/120 DPDK:fast-tests / trace_autotest OK 1.62s
117/120 DPDK:fast-tests / trace_autotest_with_traces OK 1.78s
118/120 DPDK:fast-tests / vdev_autotest OK 0.59s
119/120 DPDK:fast-tests / version_autotest OK 1.55s
120/120 DPDK:fast-tests / telemetry_all SKIP 0.18s exit status 77
Ok: 109
Expected Fail: 0
Fail: 0
Unexpected Pass: 0
Skipped: 10
Timeout: 1
Full log written to /root/workspace/Generic-Unit-Test-DPDK@2/dpdk/build/meson-logs/testlog.txt
==== End log output ====
CentOS Stream 9
Kernel: 5.15
Compiler: gcc gcc (GCC) 11.5.0 20240719 (Red Hat 11.5.0-7)
CentOS Stream 10
Kernel: 5.15
Compiler: gcc gcc (GCC) 14.2.1 20250110 (Red Hat 14.2.1-8)
Debian GNU/Linux 12
Kernel: 5.15
Compiler: gcc gcc (Debian 12.2.0-14+deb12u1) 12.2.0
Fedora Linux 40
Kernel: 5.15
Compiler: gcc gcc (GCC) 14.2.1 20240912 (Red Hat 14.2.1-3)
Red Hat Enterprise Linux 9.5
Kernel: 5.15
Compiler: gcc gcc (GCC) 11.5.0 20240719 (Red Hat 11.5.0-2)
Fedora Linux 41
Kernel: 5.15
Compiler: gcc gcc (GCC) 14.3.1 20250523 (Red Hat 14.3.1-1)
Ubuntu 24.04
Kernel: 5.15
Compiler: gcc gcc (Ubuntu 13.3.0-6ubuntu2~24.04) 13.3.0
Red Hat Enterprise Linux 8.10
Kernel: 5.15
Compiler: gcc gcc (GCC) 8.5.0 20210514 (Red Hat 8.5.0-22)
Ubuntu 22.04
Kernel: 5.15
Compiler: gcc gcc (Ubuntu 11.4.0-1ubuntu1~22.04) 11.4.0
Ubuntu 20.04
Kernel: 5.15
Compiler: gcc gcc (Ubuntu 9.4.0-1ubuntu1~20.04.2) 9.4.0
Windows Server 2022
Kernel: 10.0.20348.2031
Compiler: clang 15.0.7, gcc 14.1.0 (MinGW), and MSVC VS 19.39.33521
To view detailed results, visit:
https://lab.dpdk.org/results/dashboard/patchsets/33638/
UNH-IOL DPDK Community Lab
To manage your email subscriptions, visit:
https://lab.dpdk.org/results/dashboard/preferences/subscriptions/
next prev parent reply other threads:[~2025-07-11 16:24 UTC|newest]
Thread overview: 18+ messages / expand[flat|nested] mbox.gz Atom feed top
[not found] <20250711144349.9236-4-ivan.malov@arknetworks.am>
2025-07-11 14:09 ` |SUCCESS| pw155161-155163 [PATCH 3/3] common/sfc_efx/base: fix compiler warning in PHY link getter qemudev
2025-07-11 14:14 ` qemudev
2025-07-11 14:43 ` |SUCCESS| pw155163 " checkpatch
2025-07-11 15:32 ` |PENDING| pw155161-155163 [PATCH] [3/3] common/sfc_efx/base: fix com dpdklab
2025-07-11 15:34 ` dpdklab
2025-07-11 15:36 ` dpdklab
2025-07-11 15:37 ` |SUCCESS| " dpdklab
2025-07-11 15:40 ` dpdklab
2025-07-11 15:45 ` dpdklab
2025-07-11 16:02 ` |FAILURE| " dpdklab
2025-07-11 16:03 ` |SUCCESS| pw155163 [PATCH 3/3] common/sfc_efx/base: fix compiler warning in PHY link getter 0-day Robot
2025-07-11 16:04 ` |SUCCESS| pw155161-155163 [PATCH] [3/3] common/sfc_efx/base: fix com dpdklab
2025-07-11 16:24 ` dpdklab [this message]
2025-07-11 17:17 ` dpdklab
2025-07-11 17:37 ` dpdklab
2025-07-11 18:47 ` dpdklab
2025-07-11 19:37 ` dpdklab
2025-07-11 19:53 ` dpdklab
Reply instructions:
You may reply publicly to this message via plain-text email
using any one of the following methods:
* Save the following mbox file, import it into your mail client,
and reply-to-all from there: mbox
Avoid top-posting and favor interleaved quoting:
https://en.wikipedia.org/wiki/Posting_style#Interleaved_style
* Reply using the --to, --cc, and --in-reply-to
switches of git-send-email(1):
git send-email \
--in-reply-to=68713aa3.920a0220.ab12c.d6bbSMTPIN_ADDED_MISSING@mx.google.com \
--to=dpdklab@iol.unh.edu \
--cc=dpdk-test-reports@iol.unh.edu \
--cc=ivan.malov@arknetworks.am \
--cc=test-report@dpdk.org \
/path/to/YOUR_REPLY
https://kernel.org/pub/software/scm/git/docs/git-send-email.html
* If your mail client supports setting the In-Reply-To header
via mailto: links, try the mailto: link
Be sure your reply has a Subject: header at the top and a blank line
before the message body.
This is a public inbox, see mirroring instructions
for how to clone and mirror all data and code used for this inbox;
as well as URLs for NNTP newsgroup(s).