* |FAILURE| pw155167-155180 [PATCH v6 14/14] net/sxe: add Solve compilation problems. [not found] <20250712061846.305072-14-liujie5@linkdatatechnology.com> @ 2025-07-12 5:48 ` qemudev 2025-07-12 6:20 ` |WARNING| pw155180 " checkpatch ` (2 subsequent siblings) 3 siblings, 0 replies; 4+ messages in thread From: qemudev @ 2025-07-12 5:48 UTC (permalink / raw) To: test-report; +Cc: Jie Liu, zhoumin Test-Label: loongarch-compilation Test-Status: FAILURE http://dpdk.org/patch/155180 _ninja build failure_ Submitter: Jie Liu <liujie5@linkdatatechnology.com> Date: Sat, 12 Jul 2025 02:18:33 -0400 DPDK git baseline: Repo:dpdk Branch: main CommitID: 9fe9c0b231c8da5435bfccb1963121b4277f961c 155167-155180 --> ninja build failed Test environment and result as below: +---------------------+----------------+ | Environment | compilation | +---------------------+----------------+ | Loongnix-Server 8.3 | FAIL | +---------------------+----------------+ Loongnix-Server 8.3 Kernel: 4.19.190+ Compiler: gcc 8.3 Ninja build logs: -------------------------------BEGIN LOGS---------------------------- FAILED: drivers/libtmp_rte_net_sxe.a.p/net_sxe_pf_sxe_rx.c.o cc -Idrivers/libtmp_rte_net_sxe.a.p -Idrivers -I../drivers -Idrivers/net/sxe -I../drivers/net/sxe -I../drivers/net/sxe/base -I../drivers/net/sxe/pf -I../drivers/net/sxe/vf -I../drivers/net/sxe/include/sxe -I../drivers/net/sxe/include -Ilib/ethdev -I../lib/ethdev -Ilib/eal/common -I../lib/eal/common -I. -I.. -Iconfig -I../config -Ilib/eal/include -I../lib/eal/include -Ilib/eal/linux/include -I../lib/eal/linux/include -Ilib/eal/loongarch/include -I../lib/eal/loongarch/include -I../kernel/linux -Ilib/eal -I../lib/eal -Ilib/kvargs -I../lib/kvargs -Ilib/log -I../lib/log -Ilib/metrics -I../lib/metrics -Ilib/telemetry -I../lib/telemetry -Ilib/net -I../lib/net -Ilib/mbuf -I../lib/mbuf -Ilib/mempool -I../lib/mempool -Ilib/ring -I../lib/ring -Ilib/meter -I../lib/meter -Idrivers/bus/pci -I../drivers/bus/pci -I../drivers/bus/pci/linux -Ilib/pci -I../lib/pci -Idrivers/bus/vdev -I../drivers/bus/vdev -Ilib/hash -I../lib/hash -Ilib/rcu -I../lib/rcu -fdiagnostics-color=always -D_FILE_OFFSET_BITS=64 - Wall -Winvalid-pch -Wextra -std=c11 -O3 -include rte_config.h -Wvla -Wcast-qual -Wdeprecated -Wformat -Wformat-nonliteral -Wformat-security -Wmissing-declarations -Wmissing-prototypes -Wnested-externs -Wold-style-definition -Wpointer-arith -Wsign-compare -Wstrict-prototypes -Wundef -Wwrite-strings -Wno-packed-not-aligned -Wno-missing-field-initializers -D_GNU_SOURCE -fPIC -march=loongarch64 -DALLOW_EXPERIMENTAL_API -DALLOW_INTERNAL_API -Wno-format-truncation -DSXE_DPDK -DSXE_HOST_DRIVER -DSXE_DPDK_L4_FEATURES -DSXE_DPDK_SRIOV -DSXE_DPDK_SIMD -DRTE_LOG_DEFAULT_LOGTYPE=pmd.net.sxe -MD -MQ drivers/libtmp_rte_net_sxe.a.p/net_sxe_pf_sxe_rx.c.o -MF drivers/libtmp_rte_net_sxe.a.p/net_sxe_pf_sxe_rx.c.o.d -o drivers/libtmp_rte_net_sxe.a.p/net_sxe_pf_sxe_rx.c.o -c ../drivers/net/sxe/pf/sxe_rx.c In file included from ../drivers/net/sxe/pf/sxe_rx.c:26: ./drivers/net/sxe/pf/sxe_vec_common.h: In function ‘sxe_rx_vec_mbufs_release’: ./drivers/net/sxe/pf/sxe_vec_common.h:146:37: error: ‘sxe_rx_queue_s’ {aka ‘struct sxe_rx_queue’} has no member named ‘realloc_num’ if (rxq->buffer_ring == NULL || rxq->realloc_num >= rxq->ring_depth) ^~ ./drivers/net/sxe/pf/sxe_vec_common.h:149:9: error: ‘sxe_rx_queue_s’ {aka ‘struct sxe_rx_queue’} has no member named ‘realloc_num’ if (rxq->realloc_num == 0) { ^~ ./drivers/net/sxe/pf/sxe_vec_common.h:156:15: error: ‘sxe_rx_queue_s’ {aka ‘struct sxe_rx_queue’} has no member named ‘realloc_start’; did you mean ‘deferred_start’? i != rxq->realloc_start; ^~~~~~~~~~~~~ deferred_start ./drivers/net/sxe/pf/sxe_vec_common.h:163:5: error: ‘sxe_rx_queue_s’ {aka ‘struct sxe_rx_queue’} has no member named ‘realloc_num’ rxq->realloc_num = rxq->ring_depth; ^~ [1996/3024] Linking target drivers/librte_net_ixgbe.so.25.2 [1997/3024] Compiling C object drivers/libtmp_rte_net_vhost.a.p/net_vhost_rte_eth_vhost.c.o [1998/3024] Compiling C object drivers/libtmp_rte_net_sxe.a.p/net_sxe_pf_sxe_queue.c.o FAILED: drivers/libtmp_rte_net_sxe.a.p/net_sxe_pf_sxe_queue.c.o cc -Idrivers/libtmp_rte_net_sxe.a.p -Idrivers -I../drivers -Idrivers/net/sxe -I../drivers/net/sxe -I../drivers/net/sxe/base -I../drivers/net/sxe/pf -I../drivers/net/sxe/vf -I../drivers/net/sxe/include/sxe -I../drivers/net/sxe/include -Ilib/ethdev -I../lib/ethdev -Ilib/eal/common -I../lib/eal/common -I. -I.. -Iconfig -I../config -Ilib/eal/include -I../lib/eal/include -Ilib/eal/linux/include -I../lib/eal/linux/include -Ilib/eal/loongarch/include -I../lib/eal/loongarch/include -I../kernel/linux -Ilib/eal -I../lib/eal -Ilib/kvargs -I../lib/kvargs -Ilib/log -I../lib/log -Ilib/metrics -I../lib/metrics -Ilib/telemetry -I../lib/telemetry -Ilib/net -I../lib/net -Ilib/mbuf -I../lib/mbuf -Ilib/mempool -I../lib/mempool -Ilib/ring -I../lib/ring -Ilib/meter -I../lib/meter -Idrivers/bus/pci -I../drivers/bus/pci -I../drivers/bus/pci/linux -Ilib/pci -I../lib/pci -Idrivers/bus/vdev -I../drivers/bus/vdev -Ilib/hash -I../lib/hash -Ilib/rcu -I../lib/rcu -fdiagnostics-color=always -D_FILE_OFFSET_BITS=64 - Wall -Winvalid-pch -Wextra -std=c11 -O3 -include rte_config.h -Wvla -Wcast-qual -Wdeprecated -Wformat -Wformat-nonliteral -Wformat-security -Wmissing-declarations -Wmissing-prototypes -Wnested-externs -Wold-style-definition -Wpointer-arith -Wsign-compare -Wstrict-prototypes -Wundef -Wwrite-strings -Wno-packed-not-aligned -Wno-missing-field-initializers -D_GNU_SOURCE -fPIC -march=loongarch64 -DALLOW_EXPERIMENTAL_API -DALLOW_INTERNAL_API -Wno-format-truncation -DSXE_DPDK -DSXE_HOST_DRIVER -DSXE_DPDK_L4_FEATURES -DSXE_DPDK_SRIOV -DSXE_DPDK_SIMD -DRTE_LOG_DEFAULT_LOGTYPE=pmd.net.sxe -MD -MQ drivers/libtmp_rte_net_sxe.a.p/net_sxe_pf_sxe_queue.c.o -MF drivers/libtmp_rte_net_sxe.a.p/net_sxe_pf_sxe_queue.c.o.d -o drivers/libtmp_rte_net_sxe.a.p/net_sxe_pf_sxe_queue.c.o -c ../drivers/net/sxe/pf/sxe_queue.c In file included from ../drivers/net/sxe/pf/sxe_queue.c:15: ./drivers/net/sxe/pf/sxe_vec_common.h: In function ‘sxe_rx_vec_mbufs_release’: ./drivers/net/sxe/pf/sxe_vec_common.h:146:37: error: ‘sxe_rx_queue_s’ {aka ‘struct sxe_rx_queue’} has no member named ‘realloc_num’ if (rxq->buffer_ring == NULL || rxq->realloc_num >= rxq->ring_depth) ^~ ./drivers/net/sxe/pf/sxe_vec_common.h:149:9: error: ‘sxe_rx_queue_s’ {aka ‘struct sxe_rx_queue’} has no member named ‘realloc_num’ if (rxq->realloc_num == 0) { ^~ ./drivers/net/sxe/pf/sxe_vec_common.h:156:15: error: ‘sxe_rx_queue_s’ {aka ‘struct sxe_rx_queue’} has no member named ‘realloc_start’; did you mean ‘deferred_start’? i != rxq->realloc_start; ^~~~~~~~~~~~~ deferred_start ./drivers/net/sxe/pf/sxe_vec_common.h:163:5: error: ‘sxe_rx_queue_s’ {aka ‘struct sxe_rx_queue’} has no member named ‘realloc_num’ rxq->realloc_num = rxq->ring_depth; ^~ [1999/3024] Generating rte_net_vdev_netvsc.pmd.c with a custom command [2000/3024] Compiling C object drivers/libtmp_rte_net_sxe.a.p/net_sxe_pf_sxe_tx.c.o FAILED: drivers/libtmp_rte_net_sxe.a.p/net_sxe_pf_sxe_tx.c.o cc -Idrivers/libtmp_rte_net_sxe.a.p -Idrivers -I../drivers -Idrivers/net/sxe -I../drivers/net/sxe -I../drivers/net/sxe/base -I../drivers/net/sxe/pf -I../drivers/net/sxe/vf -I../drivers/net/sxe/include/sxe -I../drivers/net/sxe/include -Ilib/ethdev -I../lib/ethdev -Ilib/eal/common -I../lib/eal/common -I. -I.. -Iconfig -I../config -Ilib/eal/include -I../lib/eal/include -Ilib/eal/linux/include -I../lib/eal/linux/include -Ilib/eal/loongarch/include -I../lib/eal/loongarch/include -I../kernel/linux -Ilib/eal -I../lib/eal -Ilib/kvargs -I../lib/kvargs -Ilib/log -I../lib/log -Ilib/metrics -I../lib/metrics -Ilib/telemetry -I../lib/telemetry -Ilib/net -I../lib/net -Ilib/mbuf -I../lib/mbuf -Ilib/mempool -I../lib/mempool -Ilib/ring -I../lib/ring -Ilib/meter -I../lib/meter -Idrivers/bus/pci -I../drivers/bus/pci -I../drivers/bus/pci/linux -Ilib/pci -I../lib/pci -Idrivers/bus/vdev -I../drivers/bus/vdev -Ilib/hash -I../lib/hash -Ilib/rcu -I../lib/rcu -fdiagnostics-color=always -D_FILE_OFFSET_BITS=64 - Wall -Winvalid-pch -Wextra -std=c11 -O3 -include rte_config.h -Wvla -Wcast-qual -Wdeprecated -Wformat -Wformat-nonliteral -Wformat-security -Wmissing-declarations -Wmissing-prototypes -Wnested-externs -Wold-style-definition -Wpointer-arith -Wsign-compare -Wstrict-prototypes -Wundef -Wwrite-strings -Wno-packed-not-aligned -Wno-missing-field-initializers -D_GNU_SOURCE -fPIC -march=loongarch64 -DALLOW_EXPERIMENTAL_API -DALLOW_INTERNAL_API -Wno-format-truncation -DSXE_DPDK -DSXE_HOST_DRIVER -DSXE_DPDK_L4_FEATURES -DSXE_DPDK_SRIOV -DSXE_DPDK_SIMD -DRTE_LOG_DEFAULT_LOGTYPE=pmd.net.sxe -MD -MQ drivers/libtmp_rte_net_sxe.a.p/net_sxe_pf_sxe_tx.c.o -MF drivers/libtmp_rte_net_sxe.a.p/net_sxe_pf_sxe_tx.c.o.d -o drivers/libtmp_rte_net_sxe.a.p/net_sxe_pf_sxe_tx.c.o -c ../drivers/net/sxe/pf/sxe_tx.c In file included from ../drivers/net/sxe/pf/sxe_tx.c:15: ./drivers/net/sxe/pf/sxe_vec_common.h: In function ‘sxe_rx_vec_mbufs_release’: ./drivers/net/sxe/pf/sxe_vec_common.h:146:37: error: ‘sxe_rx_queue_s’ {aka ‘struct sxe_rx_queue’} has no member named ‘realloc_num’ if (rxq->buffer_ring == NULL || rxq->realloc_num >= rxq->ring_depth) ^~ ./drivers/net/sxe/pf/sxe_vec_common.h:149:9: error: ‘sxe_rx_queue_s’ {aka ‘struct sxe_rx_queue’} has no member named ‘realloc_num’ if (rxq->realloc_num == 0) { ^~ ./drivers/net/sxe/pf/sxe_vec_common.h:156:15: error: ‘sxe_rx_queue_s’ {aka ‘struct sxe_rx_queue’} has no member named ‘realloc_start’; did you mean ‘deferred_start’? i != rxq->realloc_start; ^~~~~~~~~~~~~ deferred_start ./drivers/net/sxe/pf/sxe_vec_common.h:163:5: error: ‘sxe_rx_queue_s’ {aka ‘struct sxe_rx_queue’} has no member named ‘realloc_num’ rxq->realloc_num = rxq->ring_depth; ^~ [2001/3024] Compiling C object drivers/libtmp_rte_net_xsc.a.p/net_xsc_xsc_rx.c.o [2002/3024] Compiling C object drivers/libtmp_rte_net_txgbe.a.p/net_txgbe_txgbe_flow.c.o [2003/3024] Compiling C object drivers/libtmp_rte_net_sxe.a.p/net_sxe_pf_sxe_filter.c.o [2004/3024] Compiling C object drivers/libtmp_rte_net_vmxnet3.a.p/net_vmxnet3_vmxnet3_ethdev.c.o [2005/3024] Compiling C object drivers/libtmp_rte_net_qede.a.p/net_qede_qede_debug.c.o [2006/3024] Generating rte_net_ring.sym_chk with a custom command (wrapped by meson to capture output) [2007/3024] Compiling C object drivers/libtmp_rte_net_sxe.a.p/net_sxe_pf_sxe_ethdev.c.o [2008/3024] Compiling C object drivers/libtmp_rte_net_sxe.a.p/net_sxe_pf_sxe_irq.c.o [2009/3024] Compiling C object drivers/libtmp_rte_net_sxe.a.p/net_sxe_vf_sxevf_main.c.o [2010/3024] Compiling C object drivers/libtmp_rte_net_sxe.a.p/net_sxe_pf_sxe_ptp.c.o [2011/3024] Compiling C object drivers/libtmp_rte_net_virtio.a.p/net_virtio_virtio_ethdev.c.o [2012/3024] Compiling C object drivers/libtmp_rte_net_sxe.a.p/net_sxe_pf_sxe_pmd_hdc.c.o [2013/3024] Compiling C object drivers/libtmp_rte_net_sxe.a.p/net_sxe_pf_sxe_phy.c.o [2014/3024] Compiling C object drivers/libtmp_rte_net_sxe.a.p/net_sxe_pf_sxe_stats.c.o [2015/3024] Generating rte_net_r8169.sym_chk with a custom command (wrapped by meson to capture output) [2016/3024] Generating rte_net_softnic.pmd.c with a custom command [2017/3024] Generating rte_net_tap.pmd.c with a custom command [2018/3024] Compiling C object drivers/libtmp_rte_net_sxe.a.p/net_sxe_pf_sxe_vf.c.o [2019/3024] Generating rte_net_nfp.pmd.c with a custom command [2020/3024] Compiling C object drivers/libtmp_rte_net_sxe.a.p/net_sxe_pf_sxe_dcb.c.o [2021/3024] Compiling C object drivers/libtmp_rte_net_thunderx.a.p/net_thunderx_nicvf_ethdev.c.o [2022/3024] Generating rte_net_ngbe.pmd.c with a custom command [2023/3024] Compiling C object drivers/libtmp_rte_net_rnp.a.p/net_rnp_rnp_rxtx.c.o [2024/3024] Compiling C object drivers/libtmp_rte_net_vmxnet3.a.p/net_vmxnet3_vmxnet3_rxtx.c.o [2025/3024] Compiling C object drivers/libtmp_rte_net_txgbe.a.p/net_txgbe_txgbe_ethdev.c.o [2026/3024] Generating rte_common_cnxk.sym_chk with a custom command (wrapped by meson to capture output) [2027/3024] Compiling C object drivers/libtmp_rte_net_virtio.a.p/net_virtio_virtio_rxtx.c.o [2028/3024] Compiling C object drivers/libtmp_rte_net_txgbe.a.p/net_txgbe_txgbe_rxtx.c.o ninja: build stopped: subcommand failed. -------------------------------END LOGS------------------------------ ^ permalink raw reply [flat|nested] 4+ messages in thread
* |WARNING| pw155180 [PATCH v6 14/14] net/sxe: add Solve compilation problems. [not found] <20250712061846.305072-14-liujie5@linkdatatechnology.com> 2025-07-12 5:48 ` |FAILURE| pw155167-155180 [PATCH v6 14/14] net/sxe: add Solve compilation problems qemudev @ 2025-07-12 6:20 ` checkpatch 2025-07-12 6:43 ` |FAILURE| pw155167-155180 [PATCH] [v6, " dpdklab 2025-07-12 7:43 ` |FAILURE| pw155180 [PATCH v6 " 0-day Robot 3 siblings, 0 replies; 4+ messages in thread From: checkpatch @ 2025-07-12 6:20 UTC (permalink / raw) To: test-report; +Cc: Jie Liu Test-Label: checkpatch Test-Status: WARNING http://dpdk.org/patch/155180 _coding style issues_ WARNING:TYPO_SPELLING: 'VERION' may be misspelled - perhaps 'VERSION'? #374: FILE: drivers/net/sxe/include/sxe/sxe_cli.h:12: +#define SXE_VERION_LEN (32) WARNING:TYPO_SPELLING: 'VERION' may be misspelled - perhaps 'VERSION'? #384: FILE: drivers/net/sxe/include/sxe/sxe_cli.h:50: + S8 fw_ver[SXE_VERION_LEN]; WARNING:TYPO_SPELLING: 'VERION' may be misspelled - perhaps 'VERSION'? #385: FILE: drivers/net/sxe/include/sxe/sxe_cli.h:51: + S8 opt_ver[SXE_VERION_LEN]; total: 0 errors, 3 warnings, 0 checks, 799 lines checked ^ permalink raw reply [flat|nested] 4+ messages in thread
* |FAILURE| pw155167-155180 [PATCH] [v6, 14/14] net/sxe: add Solve compilation problems. [not found] <20250712061846.305072-14-liujie5@linkdatatechnology.com> 2025-07-12 5:48 ` |FAILURE| pw155167-155180 [PATCH v6 14/14] net/sxe: add Solve compilation problems qemudev 2025-07-12 6:20 ` |WARNING| pw155180 " checkpatch @ 2025-07-12 6:43 ` dpdklab 2025-07-12 7:43 ` |FAILURE| pw155180 [PATCH v6 " 0-day Robot 3 siblings, 0 replies; 4+ messages in thread From: dpdklab @ 2025-07-12 6:43 UTC (permalink / raw) To: test-report; +Cc: dpdk-test-reports Test-Label: iol-testing Test-Status: FAILURE http://dpdk.org/patch/155180 _build patch failure_ Submitter: Jie Liu <liujie5@linkdatatechnology.com> Date: Saturday, July 12 2025 06:18:46 Applied on: CommitID:9fe9c0b231c8da5435bfccb1963121b4277f961c Apply patch set 155167-155180 failed: Cloning the DPDK mirror at: https://github.com/DPDK/dpdk.git (Attempt 1 of 3) Trying to checkout branch: origin/main Checked out to main (9fe9c0b231c8da5435bfccb1963121b4277f961c) Done: main commit 9fe9c0b231c8da5435bfccb1963121b4277f961c Trying to checkout branch: origin/main Checked out to main (9fe9c0b231c8da5435bfccb1963121b4277f961c) Applying patch... Applying: net/sxe: add base driver directory and doc Applying: net/sxe: add ethdev probe and remove Applying: net/sxe: add tx rx setup and data path Applying: net/sxe: add link, flow ctrl, mac ops, mtu ops function Applying: net/sxe: support vlan filter Applying: net/sxe: add filter function Applying: net/sxe: support rss offload Applying: net/sxe: add dcb function Applying: net/sxe: support ptp Applying: net/sxe: add xstats function Applying: net/sxe: add custom cmd led ctrl Applying: net/sxe: add simd function Applying: net/sxe: add virtual function Applying: net/sxe: add Solve compilation problems. Running Check Meson Processing meson.build Processing buildtools/meson.build Processing buildtools/chkincs/meson.build Processing buildtools/pkg-config/meson.build Processing buildtools/subproject/meson.build Processing usertools/meson.build Processing lib/meson.build Processing lib/fib/meson.build Processing lib/mbuf/meson.build Processing lib/pcapng/meson.build Processing lib/graph/meson.build Processing lib/pci/meson.build Processing lib/reorder/meson.build Processing lib/power/meson.build Processing lib/pdump/meson.build Processing lib/stack/meson.build Processing lib/pmu/meson.build Processing lib/eventdev/meson.build Processing lib/rib/meson.build Processing lib/net/meson.build Processing lib/dmadev/meson.build Processing lib/distributor/meson.build Processing lib/rcu/meson.build Processing lib/table/meson.build Processing lib/member/meson.build Processing lib/latencystats/meson.build Processing lib/ring/meson.build Processing lib/ethdev/meson.build Processing lib/gro/meson.build Processing lib/kvargs/meson.build Processing lib/hash/meson.build Processing lib/sched/meson.build Processing lib/argparse/meson.build Processing lib/compressdev/meson.build Processing lib/rawdev/meson.build Processing lib/vhost/meson.build Processing lib/acl/meson.build Processing lib/ip_frag/meson.build Processing lib/cryptodev/meson.build Processing lib/lpm/meson.build Processing lib/cmdline/meson.build Processing lib/dispatcher/meson.build Processing lib/efd/meson.build Processing lib/metrics/meson.build Processing lib/pipeline/meson.build Processing lib/ptr_compress/meson.build Processing lib/regexdev/meson.build Processing lib/bitratestats/meson.build Processing lib/timer/meson.build Processing lib/bbdev/meson.build Processing lib/meter/meson.build Processing lib/ipsec/meson.build Processing lib/mldev/meson.build Processing lib/gso/meson.build Processing lib/pdcp/meson.build Processing lib/jobstats/meson.build Processing lib/cfgfile/meson.build Processing lib/mempool/meson.build Processing lib/port/meson.build Processing lib/gpudev/meson.build Processing lib/log/meson.build Processing lib/telemetry/meson.build Processing lib/security/meson.build Processing lib/eal/meson.build Processing lib/eal/riscv/meson.build Processing lib/eal/riscv/include/meson.build Processing lib/eal/x86/meson.build Processing lib/eal/x86/include/meson.build Processing lib/eal/ppc/meson.build Processing lib/eal/ppc/include/meson.build Processing lib/eal/arm/meson.build Processing lib/eal/arm/include/meson.build Processing lib/eal/loongarch/meson.build Processing lib/eal/loongarch/include/meson.build Processing lib/eal/freebsd/meson.build Processing lib/eal/freebsd/include/meson.build Processing lib/eal/windows/meson.build Processing lib/eal/windows/include/meson.build Processing lib/eal/linux/meson.build Processing lib/eal/linux/include/meson.build Processing lib/eal/common/meson.build Processing lib/eal/unix/meson.build Processing lib/eal/include/meson.build Processing lib/node/meson.build Processing lib/bpf/meson.build Processing app/meson.build Processing app/graph/meson.build Processing app/test-regex/meson.build Processing app/pdump/meson.build Processing app/test-flow-perf/meson.build Processing app/test-crypto-perf/meson.build Processing app/test-sad/meson.build Processing app/test-cmdline/meson.build Processing app/test-fib/meson.build Processing app/test-acl/meson.build Processing app/test-bbdev/meson.build Processing app/test-eventdev/meson.build Processing app/test-security-perf/meson.build Processing app/test-gpudev/meson.build Processing app/test/meson.build Processing app/test/suites/meson.build Processing app/test/test_cfgfiles/meson.build Processing app/test-compress-perf/meson.build Processing app/test-mldev/meson.build Processing app/proc-info/meson.build Processing app/test-pmd/meson.build Processing app/dumpcap/meson.build Processing app/test-dma-perf/meson.build Processing app/test-pipeline/meson.build Processing drivers/meson.build Processing drivers/power/meson.build Processing drivers/power/amd_uncore/meson.build Processing drivers/power/intel_uncore/meson.build Processing drivers/power/kvm_vm/meson.build Processing drivers/power/intel_pstate/meson.build Processing drivers/power/amd_pstate/meson.build Processing drivers/power/acpi/meson.build Processing drivers/power/cppc/meson.build Processing drivers/net/meson.build Error parsing drivers/net/meson.build:67, got some tabulation Error: Incorrect indent at drivers/net/meson.build:68 Processing drivers/net/hinic/meson.build Processing drivers/net/hinic/base/meson.build Processing drivers/net/hns3/meson.build Processing drivers/net/ark/meson.build Processing drivers/net/avp/meson.build Processing drivers/net/bnxt/meson.build Processing drivers/net/bnxt/tf_ulp/meson.build Processing drivers/net/bnxt/tf_ulp/generic_templates/meson.build Processing drivers/net/bnxt/tf_core/meson.build Processing drivers/net/bnxt/tf_core/v3/meson.build Processing drivers/net/bnxt/hcapi/cfa/meson.build Processing drivers/net/bnxt/hcapi/cfa_v3/meson.build Processing drivers/net/ntnic/meson.build Processing drivers/net/cxgbe/meson.build Processing drivers/net/bonding/meson.build Processing drivers/net/dpaa/meson.build Processing drivers/net/octeon_ep/meson.build Processing drivers/net/mlx5/meson.build Processing drivers/net/mlx5/hws/meson.build Processing drivers/net/mlx5/windows/meson.build Processing drivers/net/mlx5/linux/meson.build Processing drivers/net/vdev_netvsc/meson.build Processing drivers/net/null/meson.build Processing drivers/net/netvsc/meson.build Processing drivers/net/ring/meson.build Processing drivers/net/ena/meson.build Processing drivers/net/enic/meson.build Processing drivers/net/xsc/meson.build Processing drivers/net/softnic/meson.build Processing drivers/net/mana/meson.build Processing drivers/net/thunderx/meson.build Processing drivers/net/thunderx/base/meson.build Processing drivers/net/sxe/meson.build Error: Incorrect indent at drivers/net/sxe/meson.build:14 Error: Incorrect indent at drivers/net/sxe/meson.build:15 Error: Incorrect indent at drivers/net/sxe/meson.build:16 Error: Incorrect indent at drivers/net/sxe/meson.build:17 Error: Incorrect indent at drivers/net/sxe/meson.build:18 Error: Incorrect indent at drivers/net/sxe/meson.build:19 Error: Incorrect indent at drivers/net/sxe/meson.build:20 Error: Incorrect indent at drivers/net/sxe/meson.build:21 Error: Incorrect indent at drivers/net/sxe/meson.build:22 Error: Incorrect indent at drivers/net/sxe/meson.build:23 Error: Incorrect indent at drivers/net/sxe/meson.build:24 Error: Incorrect indent at drivers/net/sxe/meson.build:25 Error: Incorrect indent at drivers/net/sxe/meson.build:26 Error: Incorrect indent at drivers/net/sxe/meson.build:27 Error: Incorrect indent at drivers/net/sxe/meson.build:28 Error: Incorrect indent at drivers/net/sxe/meson.build:29 Error: Incorrect indent at drivers/net/sxe/meson.build:30 Error: Incorrect indent at drivers/net/sxe/meson.build:31 Error: Incorrect indent at drivers/net/sxe/meson.build:32 Error: Incorrect indent at drivers/net/sxe/meson.build:33 Error: Incorrect indent at drivers/net/sxe/meson.build:34 Error: Incorrect indent at drivers/net/sxe/meson.build:35 Error: Incorrect indent at drivers/net/sxe/meson.build:36 Error: Incorrect indent at drivers/net/sxe/meson.build:37 Error: Incorrect indent at drivers/net/sxe/meson.build:38 Error: Incorrect indent at drivers/net/sxe/meson.build:39 Error: Incorrect indent at drivers/net/sxe/meson.build:40 Error: Incorrect indent at drivers/net/sxe/meson.build:41 Error: Incorrect indent at drivers/net/sxe/meson.build:42 Error: Incorrect indent at drivers/net/sxe/meson.build:43 Error: Incorrect indent at drivers/net/sxe/meson.build:44 Error: Incorrect indent at drivers/net/sxe/meson.build:45 Processing drivers/net/failsafe/meson.build Processing drivers/net/vhost/meson.build Processing drivers/net/rnp/meson.build Processing drivers/net/rnp/base/meson.build Processing drivers/net/atlantic/meson.build Processing drivers/net/vmxnet3/meson.build Processing drivers/net/ionic/meson.build Processing drivers/net/intel/i40e/meson.build Processing drivers/net/intel/i40e/base/meson.build Processing drivers/net/intel/idpf/meson.build Processing drivers/net/intel/idpf/base/meson.build Processing drivers/net/intel/ixgbe/meson.build Processing drivers/net/intel/ixgbe/base/meson.build Processing drivers/net/intel/e1000/meson.build Processing drivers/net/intel/e1000/base/meson.build Processing drivers/net/intel/iavf/meson.build Processing drivers/net/intel/fm10k/meson.build Processing drivers/net/intel/fm10k/base/meson.build Processing drivers/net/intel/ipn3ke/meson.build Processing drivers/net/intel/ice/meson.build Processing drivers/net/intel/ice/base/meson.build Processing drivers/net/intel/cpfl/meson.build Processing drivers/net/bnx2x/meson.build Processing drivers/net/af_packet/meson.build Processing drivers/net/octeontx/meson.build Processing drivers/net/octeontx/base/meson.build Processing drivers/net/mvneta/meson.build Processing drivers/net/r8169/meson.build Processing drivers/net/txgbe/meson.build Processing drivers/net/txgbe/base/meson.build Processing drivers/net/tap/meson.build Processing drivers/net/tap/bpf/meson.build Processing drivers/net/nfb/meson.build Processing drivers/net/sfc/meson.build Processing drivers/net/enetc/meson.build Processing drivers/net/pcap/meson.build Processing drivers/net/mlx4/meson.build Processing drivers/net/memif/meson.build Processing drivers/net/nfp/meson.build Processing drivers/net/enetfec/meson.build Processing drivers/net/zxdh/meson.build Processing drivers/net/ngbe/meson.build Processing drivers/net/ngbe/base/meson.build Processing drivers/net/dpaa2/meson.build Processing drivers/net/cnxk/meson.build Processing drivers/net/qede/meson.build Processing drivers/net/qede/base/meson.build Processing drivers/net/virtio/meson.build Processing drivers/net/gve/meson.build Processing drivers/net/af_xdp/meson.build Processing drivers/net/axgbe/meson.build Processing drivers/net/mvpp2/meson.build Processing drivers/net/pfe/meson.build Processing drivers/bus/meson.build Processing drivers/bus/auxiliary/meson.build Processing drivers/bus/pci/meson.build Processing drivers/bus/vmbus/meson.build Processing drivers/bus/dpaa/meson.build Processing drivers/bus/cdx/meson.build Processing drivers/bus/vdev/meson.build Processing drivers/bus/uacce/meson.build Processing drivers/bus/platform/meson.build Processing drivers/bus/fslmc/meson.build Processing drivers/bus/ifpga/meson.build Processing drivers/vdpa/meson.build Processing drivers/vdpa/mlx5/meson.build Processing drivers/vdpa/sfc/meson.build Processing drivers/vdpa/nfp/meson.build Processing drivers/vdpa/ifc/meson.build Processing drivers/gpu/meson.build Processing drivers/gpu/cuda/meson.build Processing drivers/regex/meson.build Processing drivers/regex/mlx5/meson.build Processing drivers/regex/cn9k/meson.build Processing drivers/common/meson.build Processing drivers/common/dpaax/meson.build Processing drivers/common/zsda/meson.build Processing drivers/common/nitrox/meson.build Processing drivers/common/mlx5/meson.build Processing drivers/common/mlx5/windows/meson.build Processing drivers/common/mlx5/linux/meson.build Processing drivers/common/sfc_efx/meson.build Processing drivers/common/sfc_efx/base/meson.build Processing drivers/common/cpt/meson.build Processing drivers/common/qat/meson.build Processing drivers/common/ionic/meson.build Processing drivers/common/mvep/meson.build Processing drivers/common/octeontx/meson.build Processing drivers/common/nfp/meson.build Processing drivers/common/cnxk/meson.build Processing drivers/crypto/meson.build Processing drivers/crypto/nitrox/meson.build Processing drivers/crypto/mlx5/meson.build Processing drivers/crypto/dpaa_sec/meson.build Processing drivers/crypto/bcmfs/meson.build Processing drivers/crypto/null/meson.build Processing drivers/crypto/dpaa2_sec/meson.build Processing drivers/crypto/ipsec_mb/meson.build Processing drivers/crypto/caam_jr/meson.build Processing drivers/crypto/openssl/meson.build Processing drivers/crypto/ionic/meson.build Processing drivers/crypto/octeontx/meson.build Processing drivers/crypto/ccp/meson.build Processing drivers/crypto/uadk/meson.build Processing drivers/crypto/cnxk/meson.build Processing drivers/crypto/scheduler/meson.build Processing drivers/crypto/virtio/meson.build Processing drivers/crypto/armv8/meson.build Processing drivers/crypto/mvsam/meson.build Processing drivers/baseband/meson.build Processing drivers/baseband/la12xx/meson.build Processing drivers/baseband/null/meson.build Processing drivers/baseband/fpga_5gnr_fec/meson.build Processing drivers/baseband/acc/meson.build Processing drivers/baseband/turbo_sw/meson.build Processing drivers/baseband/fpga_lte_fec/meson.build Processing drivers/event/meson.build Processing drivers/event/dlb2/meson.build Processing drivers/event/dpaa/meson.build Processing drivers/event/skeleton/meson.build Processing drivers/event/sw/meson.build Processing drivers/event/octeontx/meson.build Processing drivers/event/dpaa2/meson.build Processing drivers/event/cnxk/meson.build Processing drivers/event/dsw/meson.build Processing drivers/event/opdl/meson.build Processing drivers/dma/meson.build Processing drivers/dma/dpaa/meson.build Processing drivers/dma/skeleton/meson.build Processing drivers/dma/odm/meson.build Processing drivers/dma/ioat/meson.build Processing drivers/dma/idxd/meson.build Processing drivers/dma/hisilicon/meson.build Processing drivers/dma/dpaa2/meson.build Processing drivers/dma/cnxk/meson.build Processing drivers/raw/meson.build Processing drivers/raw/cnxk_rvu_lf/meson.build Processing drivers/raw/skeleton/meson.build Processing drivers/raw/ntb/meson.build Processing drivers/raw/cnxk_gpio/meson.build Processing drivers/raw/cnxk_bphy/meson.build Processing drivers/raw/ifpga/meson.build Processing drivers/raw/ifpga/base/meson.build Processing drivers/raw/gdtc/meson.build Processing drivers/raw/dpaa2_cmdif/meson.build Processing drivers/ml/meson.build Processing drivers/ml/cnxk/meson.build Processing drivers/compress/meson.build Processing drivers/compress/nitrox/meson.build Processing drivers/compress/mlx5/meson.build Processing drivers/compress/zlib/meson.build Processing drivers/compress/octeontx/meson.build Processing drivers/compress/uadk/meson.build Processing drivers/compress/isal/meson.build Processing drivers/mempool/meson.build Processing drivers/mempool/stack/meson.build Processing drivers/mempool/dpaa/meson.build Processing drivers/mempool/ring/meson.build Processing drivers/mempool/bucket/meson.build Processing drivers/mempool/octeontx/meson.build Processing drivers/mempool/dpaa2/meson.build Processing drivers/mempool/cnxk/meson.build Processing kernel/meson.build Processing kernel/freebsd/meson.build Processing kernel/freebsd/contigmem/meson.build Processing kernel/freebsd/nic_uio/meson.build Processing doc/meson.build Processing doc/guides/meson.build Processing doc/api/meson.build Processing doc/api/dts/meson.build Processing config/meson.build Processing config/riscv/meson.build Processing config/x86/meson.build Processing config/ppc/meson.build Processing config/arm/meson.build Processing config/loongarch/meson.build Processing examples/meson.build Processing examples/l2fwd-crypto/meson.build Processing examples/bbdev_app/meson.build Processing examples/l2fwd/meson.build Processing examples/vmdq/meson.build Processing examples/qos_meter/meson.build Processing examples/distributor/meson.build Processing examples/skeleton/meson.build Processing examples/link_status_interrupt/meson.build Processing examples/l2fwd-cat/meson.build Processing examples/l2fwd-keepalive/meson.build Processing examples/ipv4_multicast/meson.build Processing examples/l2fwd-jobstats/meson.build Processing examples/vdpa/meson.build Processing examples/vm_power_manager/meson.build Processing examples/vm_power_manager/guest_cli/meson.build Processing examples/helloworld/meson.build Processing examples/flow_filtering/meson.build Processing examples/eventdev_pipeline/meson.build Processing examples/fips_validation/meson.build Processing examples/l3fwd-graph/meson.build Processing examples/ntb/meson.build Processing examples/vhost/meson.build Processing examples/ipsec-secgw/meson.build Processing examples/ethtool/meson.build Processing examples/vhost_blk/meson.build Processing examples/vmdq_dcb/meson.build Processing examples/l2fwd-macsec/meson.build Processing examples/cmdline/meson.build Processing examples/l2fwd-event/meson.build Processing examples/server_node_efd/efd_server/meson.build Processing examples/server_node_efd/efd_node/meson.build Processing examples/bond/meson.build Processing examples/l3fwd/meson.build Processing examples/ptpclient/meson.build Processing examples/ip_pipeline/meson.build Processing examples/service_cores/meson.build Processing examples/pipeline/meson.build Processing examples/ip_fragmentation/meson.build Processing examples/dma/meson.build Processing examples/l3fwd-power/meson.build Processing examples/qos_sched/meson.build Processing examples/rxtx_callbacks/meson.build Processing examples/timer/meson.build Processing examples/multi_process/symmetric_mp/meson.build Processing examples/multi_process/simple_mp/meson.build Processing examples/multi_process/hotplug_mp/meson.build Processing examples/multi_process/client_server_mp/mp_client/meson.build Processing examples/multi_process/client_server_mp/mp_server/meson.build Processing examples/packet_ordering/meson.build Processing examples/ip_reassembly/meson.build Processing examples/vhost_crypto/meson.build https://lab.dpdk.org/results/dashboard/patchsets/33640/ UNH-IOL DPDK Community Lab ^ permalink raw reply [flat|nested] 4+ messages in thread
* |FAILURE| pw155180 [PATCH v6 14/14] net/sxe: add Solve compilation problems. [not found] <20250712061846.305072-14-liujie5@linkdatatechnology.com> ` (2 preceding siblings ...) 2025-07-12 6:43 ` |FAILURE| pw155167-155180 [PATCH] [v6, " dpdklab @ 2025-07-12 7:43 ` 0-day Robot 3 siblings, 0 replies; 4+ messages in thread From: 0-day Robot @ 2025-07-12 7:43 UTC (permalink / raw) To: test-report; +Cc: liujie5, robot From: robot@bytheb.org Test-Label: github-robot: build Test-Status: FAILURE http://patchwork.dpdk.org/patch/155180/ _github build: failed_ Build URL: https://github.com/ovsrobot/dpdk/actions/runs/16235400921 Build Logs: -----------------------Summary of failed steps----------------------- "Check patches" failed at step Check patches "ubuntu-22.04-gcc-static-i386" failed at step Build and test "ubuntu-22.04-gcc-static-mingw" failed at step Build and test "ubuntu-22.04-gcc-riscv64" failed at step Build and test "ubuntu-22.04-gcc-ppc64le" failed at step Build and test ----------------------End summary of failed steps-------------------- -------------------------------BEGIN LOGS---------------------------- #################################################################################### #### [Begin job log] "Check patches" at step Check patches #################################################################################### Error: Incorrect indent at drivers/net/sxe/meson.build:27 Error: Incorrect indent at drivers/net/sxe/meson.build:28 Error: Incorrect indent at drivers/net/sxe/meson.build:29 Error: Incorrect indent at drivers/net/sxe/meson.build:30 Error: Incorrect indent at drivers/net/sxe/meson.build:31 Error: Incorrect indent at drivers/net/sxe/meson.build:32 Error: Incorrect indent at drivers/net/sxe/meson.build:33 Error: Incorrect indent at drivers/net/sxe/meson.build:34 Error: Incorrect indent at drivers/net/sxe/meson.build:35 Error: Incorrect indent at drivers/net/sxe/meson.build:36 Error: Incorrect indent at drivers/net/sxe/meson.build:37 Error: Incorrect indent at drivers/net/sxe/meson.build:38 Error: Incorrect indent at drivers/net/sxe/meson.build:39 Error: Incorrect indent at drivers/net/sxe/meson.build:40 Error: Incorrect indent at drivers/net/sxe/meson.build:41 Error: Incorrect indent at drivers/net/sxe/meson.build:42 Error: Incorrect indent at drivers/net/sxe/meson.build:43 Error: Incorrect indent at drivers/net/sxe/meson.build:44 Error: Incorrect indent at drivers/net/sxe/meson.build:45 + devtools/check-spdx-tag.sh drivers/net/sxe/rte_pmd_sxe_version.map total: 1 missing SPDX, 0 license errors, 0 warnings + failed=true + '[' -z true ']' ##[error]Process completed with exit code 1. #################################################################################### #### [End job log] "Check patches" at step Check patches #################################################################################### #################################################################################### #### [Begin job log] "ubuntu-22.04-gcc-static-i386" at step Build and test #################################################################################### from ../lib/eal/include/rte_bitops.h:23, from ../lib/ethdev/rte_cman.h:8, from ../lib/ethdev/rte_ethdev.h:159, from ../drivers/net/sxe/vf/sxevf_stats.c:7: ../drivers/net/sxe/vf/sxevf_stats.c: In function ‘sxevf_xstats_get’: ../drivers/net/sxe/vf/sxevf_stats.c:100:42: error: format ‘%llu’ expects argument of type ‘long long unsigned int’, but argument 6 has type ‘unsigned int’ [-Werror=format=] 100 | SXE_HW_XSTATS_CNT); | ^ ../lib/log/rte_log.h:334:39: note: in definition of macro ‘RTE_LOG’ 334 | RTE_LOGTYPE_ ## t, # t ": " __VA_ARGS__) | ^ ../drivers/net/sxe/base/sxe_logs.h:144:17: note: in expansion of macro ‘RTE_LOG_LINE_PREFIX’ 144 | RTE_LOG_LINE_PREFIX(INFO, logtype, "%s(): ",\ | ^~~~~~~~~~~~~~~~~~~ ../drivers/net/sxe/vf/sxevf_stats.c:98:9: note: in expansion of macro ‘PMD_LOG_INFO’ 98 | PMD_LOG_INFO(DRV, "xstat size:%u. hw xstat field cnt:%" SXE_PRIU64, | ^~~~~~~~~~~~ cc1: all warnings being treated as errors [1028/6023] Compiling C object drivers/libtmp_rte_net_sxe.a.p/net_sxe_vf_sxevf_ethdev.c.o [1029/6023] Compiling C object drivers/libtmp_rte_net_sxe.a.p/net_sxe_vf_sxevf_msg.c.o [1030/6023] Compiling C object drivers/libtmp_rte_net_sxe.a.p/net_sxe_vf_sxevf_rx.c.o [1031/6023] Compiling C object drivers/libtmp_rte_net_sxe.a.p/net_sxe_vf_sxevf_tx.c.o [1032/6023] Compiling C object drivers/libtmp_rte_net_sxe.a.p/net_sxe_vf_sxevf_queue.c.o ninja: build stopped: subcommand failed. ##[error]Process completed with exit code 1. #################################################################################### #### [End job log] "ubuntu-22.04-gcc-static-i386" at step Build and test #################################################################################### #################################################################################### #### [Begin job log] "ubuntu-22.04-gcc-static-mingw" at step Build and test #################################################################################### from ../drivers/net/sxe/pf/sxe_irq.c:4: /usr/share/mingw-w64/include/minwindef.h:177: note: this is the location of the previous definition 177 | #define min(a, b) (((a) < (b)) ? (a) : (b)) | In file included from ../drivers/net/sxe/base/sxe_hw.h:16, from ../drivers/net/sxe/pf/sxe_irq.c:16: ../drivers/net/sxe/sxe_drv_type.h:17:14: error: conflicting types for ‘BOOL’ 17 | typedef bool BOOL; | ^~~~ In file included from /usr/share/mingw-w64/include/windef.h:9, from /usr/share/mingw-w64/include/windows.h:69, from /usr/share/mingw-w64/include/winsock2.h:23, from /usr/share/mingw-w64/include/ws2tcpip.h:17, from ../lib/net/rte_ip4.h:21, from ../lib/net/rte_ip.h:9, from ../lib/ethdev/rte_flow.h:25, from ../lib/ethdev/rte_eth_ctrl.h:11, from ../lib/ethdev/rte_ethdev.h:1475, from ../drivers/net/sxe/pf/sxe_irq.c:4: /usr/share/mingw-w64/include/minwindef.h:131:15: note: previous declaration of ‘BOOL’ was here 131 | typedef int BOOL; | ^~~~ cc1: all warnings being treated as errors ninja: build stopped: subcommand failed. ##[error]Process completed with exit code 1. #################################################################################### #### [End job log] "ubuntu-22.04-gcc-static-mingw" at step Build and test #################################################################################### #################################################################################### #### [Begin job log] "ubuntu-22.04-gcc-riscv64" at step Build and test #################################################################################### ../drivers/net/sxe/pf/sxe_vec_common.h:163:12: error: ‘sxe_rx_queue_s’ {aka ‘struct sxe_rx_queue’} has no member named ‘realloc_num’ 163 | rxq->realloc_num = rxq->ring_depth; | ^~ [1244/6316] Compiling C object drivers/libtmp_rte_net_sxe.a.p/net_sxe_pf_sxe_offload.c.o [1245/6316] Compiling C object drivers/libtmp_rte_net_sxe.a.p/net_sxe_pf_sxe_ethdev.c.o [1246/6316] Compiling C object drivers/libtmp_rte_net_sxe.a.p/net_sxe_pf_sxe_tx.c.o FAILED: [code=1] drivers/libtmp_rte_net_sxe.a.p/net_sxe_pf_sxe_tx.c.o ccache riscv64-linux-gnu-gcc -Idrivers/libtmp_rte_net_sxe.a.p -Idrivers -I../drivers -Idrivers/net/sxe -I../drivers/net/sxe -I../drivers/net/sxe/base -I../drivers/net/sxe/pf -I../drivers/net/sxe/vf -I../drivers/net/sxe/include/sxe -I../drivers/net/sxe/include -Ilib/ethdev -I../lib/ethdev -Ilib/eal/common -I../lib/eal/common -I. -I.. -Iconfig -I../config -Ilib/eal/include -I../lib/eal/include -Ilib/eal/linux/include -I../lib/eal/linux/include -Ilib/eal/riscv/include -I../lib/eal/riscv/include -I../kernel/linux -Ilib/eal -I../lib/eal -Ilib/kvargs -I../lib/kvargs -Ilib/log -I../lib/log -Ilib/metrics -I../lib/metrics -Ilib/telemetry -I../lib/telemetry -Ilib/net -I../lib/net -Ilib/mbuf -I../lib/mbuf -Ilib/mempool -I../lib/mempool -Ilib/ring -I../lib/ring -Ilib/meter -I../lib/meter -Idrivers/bus/pci -I../drivers/bus/pci -I../drivers/bus/pci/linux -Ilib/pci -I../lib/pci -Idrivers/bus/vdev -I../drivers/bus/vdev -Ilib/hash -I../lib/hash -Ilib/rcu -I../lib/rcu -fdiagnostics-color=always -pipe -D_FILE_OFFSET_BITS=64 -Wall -Winvalid-pch -Wextra -Werror -std=c11 -O2 -g -include rte_config.h -Wvla -Wcast-qual -Wdeprecated -Wformat -Wformat-nonliteral -Wformat-security -Wmissing-declarations -Wmissing-prototypes -Wnested-externs -Wold-style-definition -Wpointer-arith -Wsign-compare -Wstrict-prototypes -Wundef -Wwrite-strings -Wno-packed-not-aligned -Wno-missing-field-initializers -D_GNU_SOURCE -fPIC -march=rv64gc -DALLOW_EXPERIMENTAL_API -DALLOW_INTERNAL_API -Wno-format-truncation -Wno-address-of-packed-member -DSXE_DPDK -DSXE_HOST_DRIVER -DSXE_DPDK_L4_FEATURES -DSXE_DPDK_SRIOV -DSXE_DPDK_SIMD -DRTE_LOG_DEFAULT_LOGTYPE=pmd.net.sxe -MD -MQ drivers/libtmp_rte_net_sxe.a.p/net_sxe_pf_sxe_tx.c.o -MF drivers/libtmp_rte_net_sxe.a.p/net_sxe_pf_sxe_tx.c.o.d -o drivers/libtmp_rte_net_sxe.a.p/net_sxe_pf_sxe_tx.c.o -c ../drivers/net/sxe/pf/sxe_tx.c In file included from ../drivers/net/sxe/pf/sxe_tx.c:15: ../drivers/net/sxe/pf/sxe_vec_common.h: In function ‘sxe_rx_vec_mbufs_release’: ../drivers/net/sxe/pf/sxe_vec_common.h:146:44: error: ‘sxe_rx_queue_s’ {aka ‘struct sxe_rx_queue’} has no member named ‘realloc_num’ 146 | if (rxq->buffer_ring == NULL || rxq->realloc_num >= rxq->ring_depth) | ^~ ../drivers/net/sxe/pf/sxe_vec_common.h:149:16: error: ‘sxe_rx_queue_s’ {aka ‘struct sxe_rx_queue’} has no member named ‘realloc_num’ 149 | if (rxq->realloc_num == 0) { | ^~ ../drivers/net/sxe/pf/sxe_vec_common.h:156:34: error: ‘sxe_rx_queue_s’ {aka ‘struct sxe_rx_queue’} has no member named ‘realloc_start’ 156 | i != rxq->realloc_start; | ^~ ../drivers/net/sxe/pf/sxe_vec_common.h:163:12: error: ‘sxe_rx_queue_s’ {aka ‘struct sxe_rx_queue’} has no member named ‘realloc_num’ 163 | rxq->realloc_num = rxq->ring_depth; | ^~ [1247/6316] Compiling C object drivers/libtmp_rte_net_sxe.a.p/net_sxe_pf_sxe_stats.c.o ninja: build stopped: subcommand failed. ##[error]Process completed with exit code 1. #################################################################################### #### [End job log] "ubuntu-22.04-gcc-riscv64" at step Build and test #################################################################################### #################################################################################### #### [Begin job log] "ubuntu-22.04-gcc-ppc64le" at step Build and test #################################################################################### ../drivers/net/sxe/pf/sxe_vec_common.h:163:12: error: ‘sxe_rx_queue_s’ {aka ‘struct sxe_rx_queue’} has no member named ‘realloc_num’ 163 | rxq->realloc_num = rxq->ring_depth; | ^~ [1270/6365] Compiling C object drivers/libtmp_rte_net_sxe.a.p/net_sxe_pf_sxe_rx.c.o FAILED: [code=1] drivers/libtmp_rte_net_sxe.a.p/net_sxe_pf_sxe_rx.c.o ccache powerpc64le-linux-gnu-gcc -Idrivers/libtmp_rte_net_sxe.a.p -Idrivers -I../drivers -Idrivers/net/sxe -I../drivers/net/sxe -I../drivers/net/sxe/base -I../drivers/net/sxe/pf -I../drivers/net/sxe/vf -I../drivers/net/sxe/include/sxe -I../drivers/net/sxe/include -Ilib/ethdev -I../lib/ethdev -Ilib/eal/common -I../lib/eal/common -I. -I.. -Iconfig -I../config -Ilib/eal/include -I../lib/eal/include -Ilib/eal/linux/include -I../lib/eal/linux/include -Ilib/eal/ppc/include -I../lib/eal/ppc/include -I../kernel/linux -Ilib/eal -I../lib/eal -Ilib/kvargs -I../lib/kvargs -Ilib/log -I../lib/log -Ilib/metrics -I../lib/metrics -Ilib/telemetry -I../lib/telemetry -Ilib/net -I../lib/net -Ilib/mbuf -I../lib/mbuf -Ilib/mempool -I../lib/mempool -Ilib/ring -I../lib/ring -Ilib/meter -I../lib/meter -Idrivers/bus/pci -I../drivers/bus/pci -I../drivers/bus/pci/linux -Ilib/pci -I../lib/pci -Idrivers/bus/vdev -I../drivers/bus/vdev -Ilib/hash -I../lib/hash -Ilib/rcu -I../lib/rcu -fdiagnostics-color=always -pipe -D_FILE_OFFSET_BITS=64 -Wall -Winvalid-pch -Wextra -Werror -std=c11 -O2 -g -include rte_config.h -Wvla -Wcast-qual -Wdeprecated -Wformat -Wformat-nonliteral -Wformat-security -Wmissing-declarations -Wmissing-prototypes -Wnested-externs -Wold-style-definition -Wpointer-arith -Wsign-compare -Wstrict-prototypes -Wundef -Wwrite-strings -Wno-packed-not-aligned -Wno-missing-field-initializers -Wno-psabi -D_GNU_SOURCE -fPIC -mcpu=power8 -mtune=power8 -DALLOW_EXPERIMENTAL_API -DALLOW_INTERNAL_API -Wno-format-truncation -Wno-address-of-packed-member -DSXE_DPDK -DSXE_HOST_DRIVER -DSXE_DPDK_L4_FEATURES -DSXE_DPDK_SRIOV -DSXE_DPDK_SIMD -DRTE_LOG_DEFAULT_LOGTYPE=pmd.net.sxe -MD -MQ drivers/libtmp_rte_net_sxe.a.p/net_sxe_pf_sxe_rx.c.o -MF drivers/libtmp_rte_net_sxe.a.p/net_sxe_pf_sxe_rx.c.o.d -o drivers/libtmp_rte_net_sxe.a.p/net_sxe_pf_sxe_rx.c.o -c ../drivers/net/sxe/pf/sxe_rx.c In file included from ../drivers/net/sxe/pf/sxe_rx.c:26: ../drivers/net/sxe/pf/sxe_vec_common.h: In function ‘sxe_rx_vec_mbufs_release’: ../drivers/net/sxe/pf/sxe_vec_common.h:146:44: error: ‘sxe_rx_queue_s’ {aka ‘struct sxe_rx_queue’} has no member named ‘realloc_num’ 146 | if (rxq->buffer_ring == NULL || rxq->realloc_num >= rxq->ring_depth) | ^~ ../drivers/net/sxe/pf/sxe_vec_common.h:149:16: error: ‘sxe_rx_queue_s’ {aka ‘struct sxe_rx_queue’} has no member named ‘realloc_num’ 149 | if (rxq->realloc_num == 0) { | ^~ ../drivers/net/sxe/pf/sxe_vec_common.h:156:34: error: ‘sxe_rx_queue_s’ {aka ‘struct sxe_rx_queue’} has no member named ‘realloc_start’ 156 | i != rxq->realloc_start; | ^~ ../drivers/net/sxe/pf/sxe_vec_common.h:163:12: error: ‘sxe_rx_queue_s’ {aka ‘struct sxe_rx_queue’} has no member named ‘realloc_num’ 163 | rxq->realloc_num = rxq->ring_depth; | ^~ [1271/6365] Compiling C object drivers/libtmp_rte_net_sxe.a.p/net_sxe_pf_sxe_stats.c.o [1272/6365] Compiling C object drivers/libtmp_rte_net_sxe.a.p/net_sxe_pf_sxe_pmd_hdc.c.o [1273/6365] Compiling C object drivers/libtmp_rte_net_sxe.a.p/net_sxe_pf_sxe_phy.c.o ninja: build stopped: subcommand failed. ##[error]Process completed with exit code 1. #################################################################################### #### [End job log] "ubuntu-22.04-gcc-ppc64le" at step Build and test #################################################################################### --------------------------------END LOGS----------------------------- ^ permalink raw reply [flat|nested] 4+ messages in thread
end of thread, other threads:[~2025-07-12 7:43 UTC | newest] Thread overview: 4+ messages (download: mbox.gz / follow: Atom feed) -- links below jump to the message on this page -- [not found] <20250712061846.305072-14-liujie5@linkdatatechnology.com> 2025-07-12 5:48 ` |FAILURE| pw155167-155180 [PATCH v6 14/14] net/sxe: add Solve compilation problems qemudev 2025-07-12 6:20 ` |WARNING| pw155180 " checkpatch 2025-07-12 6:43 ` |FAILURE| pw155167-155180 [PATCH] [v6, " dpdklab 2025-07-12 7:43 ` |FAILURE| pw155180 [PATCH v6 " 0-day Robot
This is a public inbox, see mirroring instructions for how to clone and mirror all data and code used for this inbox; as well as URLs for NNTP newsgroup(s).