From: dpdklab@iol.unh.edu
To: Test Report <test-report@dpdk.org>
Cc: dpdk-test-reports@iol.unh.edu,
Stephen Hemminger <stephen@networkplumber.org>
Subject: |FAILURE| pw155228-155240 [PATCH] [v4,13/13] pdump: mark API and app
Date: Tue, 15 Jul 2025 10:17:06 -0700 (PDT) [thread overview]
Message-ID: <68768d12.050a0220.2a277f.c021SMTPIN_ADDED_MISSING@mx.google.com> (raw)
In-Reply-To: <20250715161700.103209-14-stephen@networkplumber.org>
Test-Label: iol-unit-arm64-testing
Test-Status: FAILURE
http://dpdk.org/patch/155240
_Testing issues_
Submitter: Stephen Hemminger <stephen@networkplumber.org>
Date: Tuesday, July 15 2025 16:15:51
DPDK git baseline: Repo:dpdk
Branch: master
CommitID:9fe9c0b231c8da5435bfccb1963121b4277f961c
155228-155240 --> testing issues
Upstream job id: Generic-Unit-Test-DPDK#355546
Test environment and result as below:
+------------------------------+--------------+------------------------------+---------------------------+----------------+
| Environment | lpm_autotest | cryptodev_sw_snow3g_autotest | cryptodev_sw_zuc_autotest | dpdk_unit_test |
+==============================+==============+==============================+===========================+================+
| Ubuntu 20.04 | PASS | SKIPPED | SKIPPED | PEND |
+------------------------------+--------------+------------------------------+---------------------------+----------------+
| Debian 12 (arm) | SKIPPED | PEND | PEND | SKIPPED |
+------------------------------+--------------+------------------------------+---------------------------+----------------+
| Fedora Linux 40 | SKIPPED | SKIPPED | SKIPPED | PEND |
+------------------------------+--------------+------------------------------+---------------------------+----------------+
| CentOS Stream 10 | SKIPPED | SKIPPED | SKIPPED | PEND |
+------------------------------+--------------+------------------------------+---------------------------+----------------+
| Debian GNU/Linux 12 | SKIPPED | SKIPPED | SKIPPED | FAIL |
+------------------------------+--------------+------------------------------+---------------------------+----------------+
| Fedora Linux 41 | SKIPPED | SKIPPED | SKIPPED | PEND |
+------------------------------+--------------+------------------------------+---------------------------+----------------+
| CentOS Stream 9 | SKIPPED | SKIPPED | SKIPPED | PEND |
+------------------------------+--------------+------------------------------+---------------------------+----------------+
| Ubuntu 22.04 | SKIPPED | SKIPPED | SKIPPED | PEND |
+------------------------------+--------------+------------------------------+---------------------------+----------------+
| Red Hat Enterprise Linux 9.5 | SKIPPED | SKIPPED | SKIPPED | PEND |
+------------------------------+--------------+------------------------------+---------------------------+----------------+
| Ubuntu 24.04 | SKIPPED | SKIPPED | SKIPPED | PEND |
+------------------------------+--------------+------------------------------+---------------------------+----------------+
==== Unit test summary for Debian GNU/Linux 12 (dpdk_unit_test): ====
ninja: Entering directory `/home-local/jenkins-local/jenkins-agent/workspace/Generic-Unit-Test-DPDK@5/dpdk/build'
ninja: no work to do.
1/121 DPDK:fast-tests / acl_autotest OK 9.30s
2/121 DPDK:fast-tests / alarm_autotest OK 1.33s
3/121 DPDK:fast-tests / argparse_autotest OK 0.40s
4/121 DPDK:fast-tests / atomic_autotest OK 10.76s
5/121 DPDK:fast-tests / bitcount_autotest OK 0.37s
6/121 DPDK:fast-tests / bitmap_autotest OK 0.33s
7/121 DPDK:fast-tests / bitops_autotest OK 1.88s
8/121 DPDK:fast-tests / bitratestats_autotest OK 0.35s
9/121 DPDK:fast-tests / bitset_autotest OK 5.56s
10/121 DPDK:fast-tests / bpf_autotest OK 0.33s
11/121 DPDK:fast-tests / bpf_convert_autotest OK 0.35s
12/121 DPDK:fast-tests / byteorder_autotest OK 0.33s
13/121 DPDK:fast-tests / cfgfile_autotest OK 0.36s
14/121 DPDK:fast-tests / cksum_autotest OK 0.35s
15/121 DPDK:fast-tests / cmdline_autotest OK 0.35s
16/121 DPDK:fast-tests / common_autotest OK 2.18s
17/121 DPDK:fast-tests / compressdev_autotest SKIP 0.20s exit status 77
18/121 DPDK:fast-tests / cpuflags_autotest OK 0.38s
19/121 DPDK:fast-tests / crc_autotest OK 0.33s
20/121 DPDK:fast-tests / user_delay_us OK 0.34s
21/121 DPDK:fast-tests / debug_autotest OK 1.81s
22/121 DPDK:fast-tests / devargs_autotest OK 0.36s
23/121 DPDK:fast-tests / dispatcher_autotest OK 5.03s
24/121 DPDK:fast-tests / distributor_autotest OK 1.20s
25/121 DPDK:fast-tests / eal_flags_c_opt_autotest OK 3.99s
26/121 DPDK:fast-tests / eal_flags_main_opt_autotest OK 1.04s
27/121 DPDK:fast-tests / eal_flags_n_opt_autotest OK 0.84s
28/121 DPDK:fast-tests / eal_flags_hpet_autotest OK 0.49s
29/121 DPDK:fast-tests / eal_flags_no_huge_autotest OK 1.03s
30/121 DPDK:fast-tests / eal_flags_a_opt_autotest OK 1.40s
31/121 DPDK:fast-tests / eal_flags_b_opt_autotest OK 1.09s
32/121 DPDK:fast-tests / eal_flags_vdev_opt_autotest OK 0.85s
33/121 DPDK:fast-tests / eal_flags_r_opt_autotest OK 0.86s
34/121 DPDK:fast-tests / eal_flags_mem_autotest OK 1.29s
35/121 DPDK:fast-tests / eal_flags_file_prefix_autotest OK 3.35s
36/121 DPDK:fast-tests / eal_flags_misc_autotest OK 4.45s
37/121 DPDK:fast-tests / eal_fs_autotest OK 0.37s
38/121 DPDK:fast-tests / errno_autotest OK 0.34s
39/121 DPDK:fast-tests / ethdev_link_status OK 0.33s
40/121 DPDK:fast-tests / ethdev_mirror FAIL 0.36s (exit status 255 or signal 127 SIGinvalid)
>>> MALLOC_PERTURB_=138 DPDK_TEST=ethdev_mirror /home-local/jenkins-local/jenkins-agent/workspace/Generic-Unit-Test-DPDK@5/dpdk/build/app/dpdk-test --no-huge -m 2048
41/121 DPDK:fast-tests / event_eth_tx_adapter_autotest OK 2.15s
42/121 DPDK:fast-tests / event_ring_autotest OK 0.37s
43/121 DPDK:fast-tests / eventdev_common_autotest OK 0.34s
44/121 DPDK:fast-tests / eventdev_selftest_sw OK 22.08s
45/121 DPDK:fast-tests / fbarray_autotest OK 0.36s
46/121 DPDK:fast-tests / fib_autotest OK 2.19s
47/121 DPDK:fast-tests / fib6_autotest OK 2.03s
48/121 DPDK:fast-tests / func_reentrancy_autotest OK 1.55s
49/121 DPDK:fast-tests / graph_autotest OK 0.47s
50/121 DPDK:fast-tests / node_list_dump OK 0.33s
51/121 DPDK:fast-tests / graph_feature_arc_autotest OK 0.33s
52/121 DPDK:fast-tests / hash_autotest OK 1.11s
53/121 DPDK:fast-tests / hash_readwrite_func_autotest OK 15.56s
54/121 DPDK:fast-tests / interrupt_autotest OK 1.39s
55/121 DPDK:fast-tests / ipfrag_autotest OK 0.20s
56/121 DPDK:fast-tests / ipsec_autotest SKIP 0.37s exit status 77
57/121 DPDK:fast-tests / kvargs_autotest OK 0.33s
58/121 DPDK:fast-tests / latencystats_autotest OK 0.34s
59/121 DPDK:fast-tests / lcore_var_autotest OK 1.44s
60/121 DPDK:fast-tests / lcores_autotest OK 6.17s
61/121 DPDK:fast-tests / logs_autotest OK 0.33s
62/121 DPDK:fast-tests / lpm_autotest OK 3.40s
63/121 DPDK:fast-tests / lpm6_autotest OK 9.85s
64/121 DPDK:fast-tests / malloc_autotest OK 0.99s
65/121 DPDK:fast-tests / mbuf_autotest OK 4.52s
66/121 DPDK:fast-tests / mcslock_autotest OK 1.70s
67/121 DPDK:fast-tests / member_autotest OK 2.85s
68/121 DPDK:fast-tests / memcpy_autotest OK 13.50s
69/121 DPDK:fast-tests / memory_autotest OK 0.20s
70/121 DPDK:fast-tests / mempool_autotest OK 0.69s
71/121 DPDK:fast-tests / memzone_autotest OK 0.22s
72/121 DPDK:fast-tests / meter_autotest OK 0.37s
73/121 DPDK:fast-tests / metrics_autotest OK 0.33s
74/121 DPDK:fast-tests / multiprocess_autotest OK 1.12s
75/121 DPDK:fast-tests / net_ether_autotest OK 1.90s
76/121 DPDK:fast-tests / net_ipv6_autotest OK 0.33s
77/121 DPDK:fast-tests / pcapng_autotest OK 6.65s
78/121 DPDK:fast-tests / pdcp_autotest SKIP 0.19s exit status 77
79/121 DPDK:fast-tests / pdump_autotest OK 0.94s
80/121 DPDK:fast-tests / per_lcore_autotest OK 0.43s
81/121 DPDK:fast-tests / pflock_autotest OK 0.69s
82/121 DPDK:fast-tests / pie_autotest OK 0.33s
83/121 DPDK:fast-tests / ring_pmd_autotest OK 0.37s
84/121 DPDK:fast-tests / power_autotest OK 0.33s
85/121 DPDK:fast-tests / power_cpufreq_autotest SKIP 0.20s exit status 77
86/121 DPDK:fast-tests / power_intel_uncore_autotest SKIP 0.38s exit status 77
87/121 DPDK:fast-tests / power_kvm_vm_autotest SKIP 0.20s exit status 77
88/121 DPDK:fast-tests / prefetch_autotest OK 0.37s
89/121 DPDK:fast-tests / ptr_compress_autotest OK 0.35s
90/121 DPDK:fast-tests / rawdev_autotest OK 0.35s
91/121 DPDK:fast-tests / rcu_qsbr_autotest OK 1.32s
92/121 DPDK:fast-tests / reorder_autotest OK 0.86s
93/121 DPDK:fast-tests / rib_autotest OK 8.30s
94/121 DPDK:fast-tests / rib6_autotest OK 8.32s
95/121 DPDK:fast-tests / ring_autotest OK 0.40s
96/121 DPDK:fast-tests / rwlock_test1_autotest OK 0.68s
97/121 DPDK:fast-tests / rwlock_rda_autotest OK 5.33s
98/121 DPDK:fast-tests / rwlock_rds_wrm_autotest OK 5.43s
99/121 DPDK:fast-tests / rwlock_rde_wro_autotest OK 5.34s
100/121 DPDK:fast-tests / sched_autotest OK 0.37s
101/121 DPDK:fast-tests / security_autotest OK 0.20s
102/121 DPDK:fast-tests / seqlock_autotest OK 2.38s
103/121 DPDK:fast-tests / service_autotest OK 3.04s
104/121 DPDK:fast-tests / soring_autotest OK 0.34s
105/121 DPDK:fast-tests / spinlock_autotest OK 0.37s
106/121 DPDK:fast-tests / stack_autotest OK 0.75s
107/121 DPDK:fast-tests / stack_lf_autotest OK 0.67s
108/121 DPDK:fast-tests / string_autotest OK 0.47s
109/121 DPDK:fast-tests / table_autotest OK 14.45s
110/121 DPDK:fast-tests / tailq_autotest OK 0.33s
111/121 DPDK:fast-tests / telemetry_data_autotest OK 0.34s
112/121 DPDK:fast-tests / telemetry_json_autotest OK 0.33s
113/121 DPDK:fast-tests / thash_autotest OK 0.37s
114/121 DPDK:fast-tests / threads_autotest OK 0.50s
115/121 DPDK:fast-tests / ticketlock_autotest OK 0.38s
116/121 DPDK:fast-tests / timer_autotest OK 3.46s
117/121 DPDK:fast-tests / trace_autotest OK 0.38s
118/121 DPDK:fast-tests / trace_autotest_with_traces OK 0.35s
119/121 DPDK:fast-tests / vdev_autotest OK 0.33s
120/121 DPDK:fast-tests / version_autotest OK 0.33s
121/121 DPDK:fast-tests / telemetry_all SKIP 0.02s exit status 77
Ok: 113
Expected Fail: 0
Fail: 1
Unexpected Pass: 0
Skipped: 7
Timeout: 0
Full log written to /home-local/jenkins-local/jenkins-agent/workspace/Generic-Unit-Test-DPDK@5/dpdk/build/meson-logs/testlog.txt
Test log output from the failed test ethdev_mirror:
Sorry, we were not able to find the logs for this test.
Download the log output from the CI site for this test run.
==== End log output ====
Ubuntu 20.04
Kernel: 5.4
Compiler: gcc gcc (Ubuntu 9.4.0-1ubuntu1~20.04.2) 9.4.0
Debian 12 (arm)
Kernel: Depends on container host
Compiler: gcc (Debian 12.2.0-14) 12.2.0
Fedora Linux 40
Kernel: 5.4
Compiler: gcc gcc (GCC) 14.2.1 20240912 (Red Hat 14.2.1-3)
CentOS Stream 10
Kernel: 5.4
Compiler: gcc gcc (GCC) 14.2.1 20250110 (Red Hat 14.2.1-8)
Debian GNU/Linux 12
Kernel: 5.4
Compiler: gcc gcc (Debian 12.2.0-14+deb12u1) 12.2.0
Fedora Linux 41
Kernel: 5.4
Compiler: clang gcc (GCC) 14.3.1 20250523 (Red Hat 14.3.1-1)
CentOS Stream 9
Kernel: 5.4
Compiler: gcc gcc (GCC) 11.5.0 20240719 (Red Hat 11.5.0-7)
Ubuntu 22.04
Kernel: 5.4
Compiler: gcc gcc (Ubuntu 11.4.0-1ubuntu1~22.04) 11.4.0
Red Hat Enterprise Linux 9.5
Kernel: 5.4
Compiler: gcc gcc (GCC) 11.5.0 20240719 (Red Hat 11.5.0-2)
Ubuntu 24.04
Kernel: 5.4
Compiler: gcc gcc (Ubuntu 13.3.0-6ubuntu2~24.04) 13.3.0
To view detailed results, visit:
https://lab.dpdk.org/results/dashboard/patchsets/33660/
UNH-IOL DPDK Community Lab
To manage your email subscriptions, visit:
https://lab.dpdk.org/results/dashboard/preferences/subscriptions/
next prev parent reply other threads:[~2025-07-15 17:17 UTC|newest]
Thread overview: 33+ messages / expand[flat|nested] mbox.gz Atom feed top
[not found] <20250715161700.103209-14-stephen@networkplumber.org>
2025-07-15 15:45 ` |SUCCESS| pw155228-155240 [PATCH v4 13/13] pdump: mark API and application as deprecated qemudev
2025-07-15 15:50 ` |FAILURE| " qemudev
2025-07-15 16:17 ` |SUCCESS| pw155240 " checkpatch
2025-07-15 17:04 ` |FAILURE| " 0-day Robot
2025-07-15 17:08 ` |SUCCESS| pw155228-155240 [PATCH] [v4,13/13] pdump: mark API and app dpdklab
2025-07-15 17:10 ` |FAILURE| " dpdklab
2025-07-15 17:12 ` |PENDING| " dpdklab
2025-07-15 17:15 ` |SUCCESS| " dpdklab
2025-07-15 17:17 ` dpdklab [this message]
2025-07-15 17:22 ` dpdklab
2025-07-15 17:25 ` dpdklab
2025-07-15 17:25 ` dpdklab
2025-07-15 17:26 ` |FAILURE| " dpdklab
2025-07-15 17:28 ` dpdklab
2025-07-15 17:30 ` |SUCCESS| " dpdklab
2025-07-15 17:39 ` |FAILURE| " dpdklab
2025-07-15 17:45 ` dpdklab
2025-07-15 17:49 ` |SUCCESS| " dpdklab
2025-07-15 17:50 ` |FAILURE| " dpdklab
2025-07-15 17:56 ` dpdklab
2025-07-15 17:59 ` dpdklab
2025-07-15 18:03 ` dpdklab
2025-07-15 18:07 ` dpdklab
2025-07-15 18:12 ` dpdklab
2025-07-15 18:12 ` dpdklab
2025-07-15 18:13 ` dpdklab
2025-07-15 18:15 ` dpdklab
2025-07-15 18:18 ` dpdklab
2025-07-15 18:22 ` dpdklab
2025-07-15 18:37 ` |SUCCESS| " dpdklab
2025-07-15 18:47 ` |FAILURE| " dpdklab
2025-07-15 19:27 ` dpdklab
2025-07-15 20:47 ` |SUCCESS| " dpdklab
Reply instructions:
You may reply publicly to this message via plain-text email
using any one of the following methods:
* Save the following mbox file, import it into your mail client,
and reply-to-all from there: mbox
Avoid top-posting and favor interleaved quoting:
https://en.wikipedia.org/wiki/Posting_style#Interleaved_style
* Reply using the --to, --cc, and --in-reply-to
switches of git-send-email(1):
git send-email \
--in-reply-to=68768d12.050a0220.2a277f.c021SMTPIN_ADDED_MISSING@mx.google.com \
--to=dpdklab@iol.unh.edu \
--cc=dpdk-test-reports@iol.unh.edu \
--cc=stephen@networkplumber.org \
--cc=test-report@dpdk.org \
/path/to/YOUR_REPLY
https://kernel.org/pub/software/scm/git/docs/git-send-email.html
* If your mail client supports setting the In-Reply-To header
via mailto: links, try the mailto: link
Be sure your reply has a Subject: header at the top and a blank line
before the message body.
This is a public inbox, see mirroring instructions
for how to clone and mirror all data and code used for this inbox;
as well as URLs for NNTP newsgroup(s).