From mboxrd@z Thu Jan 1 00:00:00 1970 Return-Path: Received: from mails.dpdk.org (mails.dpdk.org [217.70.189.124]) by inbox.dpdk.org (Postfix) with ESMTP id 1A2C546B81 for ; Tue, 15 Jul 2025 19:59:18 +0200 (CEST) Received: from mails.dpdk.org (localhost [127.0.0.1]) by mails.dpdk.org (Postfix) with ESMTP id 0596A4028C; Tue, 15 Jul 2025 19:59:18 +0200 (CEST) Received: from mail-pl1-f225.google.com (mail-pl1-f225.google.com [209.85.214.225]) by mails.dpdk.org (Postfix) with ESMTP id A1E044028C for ; Tue, 15 Jul 2025 19:59:16 +0200 (CEST) Received: by mail-pl1-f225.google.com with SMTP id d9443c01a7336-236470b2dceso51040925ad.0 for ; Tue, 15 Jul 2025 10:59:16 -0700 (PDT) DKIM-Signature: v=1; a=rsa-sha256; c=relaxed/relaxed; d=iol.unh.edu; s=unh-iol; t=1752602356; x=1753207156; darn=dpdk.org; h=references:in-reply-to:cc:to:from:subject:message-id:date:from:to :cc:subject:date:message-id:reply-to; bh=FHTSF53by5c3dIOOPUgTdCwpZ+ZVnHHM9Cqmw2GRzdk=; b=ZlP4UR+yXQPnEeym1oI6QsxvRFmb7f+QGILY9e2KFE7vUIwIOHvC0M+n/hTnXuiuot enyvtSYqRICpbVxhJ9OP5yarvlraaLqDecIrgwL90+r6HUICZJc7beQa7gjJsUVZ2UR5 0+2AQNjTXqHUOB/fLbSxbWQK8PX9VMaLJJ81s= X-Google-DKIM-Signature: v=1; a=rsa-sha256; c=relaxed/relaxed; d=1e100.net; s=20230601; t=1752602356; x=1753207156; h=references:in-reply-to:cc:to:from:subject:message-id:date :x-gm-message-state:from:to:cc:subject:date:message-id:reply-to; bh=FHTSF53by5c3dIOOPUgTdCwpZ+ZVnHHM9Cqmw2GRzdk=; b=AhW/VUrIdXcsRBwBxNcqea4elBECsWjUaaB2bpczn3Dea0iDCDoHth7DL+S81OAIX2 zqZBH3r86sssiZ9rYxOf4LHcwwLTYv8vJd7vmcZ2KuCIxYN9mKPtopif5jj4h9CEUv+Y p5RdKCzLuANGXT1rTQ7Cb6HufFeY7lYTy+4qpvONCCXKWK7KgcANsqYUBkQM3Hd2MaKW oEYKoXgzUm0IqFHCOtZpSvckWfYZ5e/x93+9gwHuk61N7lv1UDflZHfQJIMgqCwGQOmn Li7LLEcwMtBtSs1zDTKs4jrCROBgJJ1TOn0ia9/KtOoA6McUELZJPCrnI/Cv92a35qrf GO4Q== X-Gm-Message-State: AOJu0Yyf5oq6KKZeN0XmALuzJhAKznS+6rrJhfoESPSeH96DFuo5XyjD p4H4tQW6oCaIdH37C17T+ZaA3N/CDkddqJlbNnV2pPKvpqVuE9ocbEwvgCe/TTYJnI9uHkDtMbb cSGtXQe5f1djEuH8fTxtX1wGb1eYI2qhpmczBLbicNMl+ X-Gm-Gg: ASbGncsFMxcLGfhm0VUJKBzKqXZqH37eQ/OWPwjivHspCM5QUGuisQO3NOPvTKqhx9b WzbplhSadciJqZ1Yl3hxRYODxHFoqhfsTyUc0FsiDXRrUKmeA5e0HovcNmU5dam3IeJGqwioHYH rcO23uidk7pBJBOiBsqvwpakJS4DN8kFBivUDKmqXqTItODFYp5UltGSEl+FOZzCyvCogqEfI8B OanGCvAdKgJgcxx7sHWtKZM2Dj74emp5bUQmGOm2v9pylMq+nNy4NGAoSm5jGO3GOGeR+Po4qXW 9zzcvXtnSPSo66lSUm7CNRhTC8eOZkc2PEz+lIXyOGu8WJ4F20+1TQbHoagVdZj8QnCi+H+k X-Google-Smtp-Source: AGHT+IGptxa51D51FPC49tpfTfJe4smOm/g3Ra6u7arfXYpaExar+GdchNE+PNx++zluGN8zXqVDATe0dybZ X-Received: by 2002:a17:902:ec81:b0:231:c9bb:60fd with SMTP id d9443c01a7336-23dee26e24bmr256836995ad.33.1752602355515; Tue, 15 Jul 2025 10:59:15 -0700 (PDT) Received: from postal.iol.unh.edu (postal.iol.unh.edu. [132.177.123.84]) by smtp-relay.gmail.com with ESMTPS id d9443c01a7336-23de4330c53sm6714115ad.93.2025.07.15.10.59.15 (version=TLS1_2 cipher=ECDHE-ECDSA-AES128-GCM-SHA256 bits=128/128); Tue, 15 Jul 2025 10:59:15 -0700 (PDT) X-Relaying-Domain: iol.unh.edu Date: Tue, 15 Jul 2025 10:59:15 -0700 (PDT) Message-ID: <687696f3.170a0220.3a5e71.3865SMTPIN_ADDED_MISSING@mx.google.com> Received: from [172.21.0.5] (unknown [172.18.0.240]) by postal.iol.unh.edu (Postfix) with ESMTP id E5E3C604D420; Tue, 15 Jul 2025 13:59:14 -0400 (EDT) Subject: |FAILURE| pw155228-155240 [PATCH] [v4,13/13] pdump: mark API and app From: dpdklab@iol.unh.edu To: Test Report Cc: dpdk-test-reports@iol.unh.edu, Stephen Hemminger In-Reply-To: <20250715161700.103209-14-stephen@networkplumber.org> References: <20250715161700.103209-14-stephen@networkplumber.org> Content-Type: text/plain X-BeenThere: test-report@dpdk.org X-Mailman-Version: 2.1.29 Precedence: list List-Id: automatic DPDK test reports List-Unsubscribe: , List-Archive: List-Post: List-Help: List-Subscribe: , Errors-To: test-report-bounces@dpdk.org Test-Label: iol-unit-amd64-testing Test-Status: FAILURE http://dpdk.org/patch/155240 _Testing issues_ Submitter: Stephen Hemminger Date: Tuesday, July 15 2025 16:15:51 DPDK git baseline: Repo:dpdk Branch: master CommitID:9fe9c0b231c8da5435bfccb1963121b4277f961c 155228-155240 --> testing issues Upstream job id: Generic-Unit-Test-DPDK#355553 Test environment and result as below: +-------------------------------+----------------+ | Environment | dpdk_unit_test | +===============================+================+ | Windows Server 2022 | FAIL | +-------------------------------+----------------+ | CentOS Stream 9 | FAIL | +-------------------------------+----------------+ | CentOS Stream 10 | FAIL | +-------------------------------+----------------+ | Fedora Linux 40 | FAIL | +-------------------------------+----------------+ | Debian GNU/Linux 12 | FAIL | +-------------------------------+----------------+ | Fedora Linux 41 | PEND | +-------------------------------+----------------+ | Red Hat Enterprise Linux 8.10 | FAIL | +-------------------------------+----------------+ | Ubuntu 20.04 | PASS | +-------------------------------+----------------+ | Red Hat Enterprise Linux 9.5 | PEND | +-------------------------------+----------------+ | Ubuntu 24.04 | PEND | +-------------------------------+----------------+ | Ubuntu 22.04 | PEND | +-------------------------------+----------------+ ==== Unit test summary for Red Hat Enterprise Linux 8.10 (dpdk_unit_test): ==== ninja: Entering directory `/root/workspace/Generic-Unit-Test-DPDK/dpdk/build' ninja: no work to do. 1/121 DPDK:fast-tests / acl_autotest OK 5.99s 2/121 DPDK:fast-tests / alarm_autotest OK 1.38s 3/121 DPDK:fast-tests / argparse_autotest OK 0.36s 4/121 DPDK:fast-tests / atomic_autotest OK 0.79s 5/121 DPDK:fast-tests / bitcount_autotest OK 0.18s 6/121 DPDK:fast-tests / bitmap_autotest OK 0.36s 7/121 DPDK:fast-tests / bitops_autotest OK 2.19s 8/121 DPDK:fast-tests / bitratestats_autotest OK 0.19s 9/121 DPDK:fast-tests / bitset_autotest OK 3.17s 10/121 DPDK:fast-tests / bpf_autotest OK 0.28s 11/121 DPDK:fast-tests / bpf_convert_autotest OK 0.19s 12/121 DPDK:fast-tests / byteorder_autotest OK 0.40s 13/121 DPDK:fast-tests / cfgfile_autotest OK 0.37s 14/121 DPDK:fast-tests / cksum_autotest OK 0.37s 15/121 DPDK:fast-tests / cmdline_autotest OK 0.31s 16/121 DPDK:fast-tests / common_autotest OK 1.04s 17/121 DPDK:fast-tests / compressdev_autotest SKIP 0.22s exit status 77 18/121 DPDK:fast-tests / cpuflags_autotest OK 0.58s 19/121 DPDK:fast-tests / crc_autotest OK 0.29s 20/121 DPDK:fast-tests / user_delay_us OK 0.26s 21/121 DPDK:fast-tests / debug_autotest OK 1.10s 22/121 DPDK:fast-tests / devargs_autotest OK 0.31s 23/121 DPDK:fast-tests / dispatcher_autotest SKIP 0.31s exit status 77 24/121 DPDK:fast-tests / distributor_autotest OK 1.86s 25/121 DPDK:fast-tests / eal_flags_c_opt_autotest OK 2.03s 26/121 DPDK:fast-tests / eal_flags_main_opt_autotest OK 0.82s 27/121 DPDK:fast-tests / eal_flags_n_opt_autotest OK 0.81s 28/121 DPDK:fast-tests / eal_flags_hpet_autotest OK 0.49s 29/121 DPDK:fast-tests / eal_flags_no_huge_autotest OK 0.78s 30/121 DPDK:fast-tests / eal_flags_a_opt_autotest OK 0.84s 31/121 DPDK:fast-tests / eal_flags_b_opt_autotest OK 0.59s 32/121 DPDK:fast-tests / eal_flags_vdev_opt_autotest OK 0.98s 33/121 DPDK:fast-tests / eal_flags_r_opt_autotest OK 0.74s 34/121 DPDK:fast-tests / eal_flags_mem_autotest OK 1.34s 35/121 DPDK:fast-tests / eal_flags_file_prefix_autotest OK 8.77s 36/121 DPDK:fast-tests / eal_flags_misc_autotest OK 4.02s 37/121 DPDK:fast-tests / eal_fs_autotest OK 0.29s 38/121 DPDK:fast-tests / errno_autotest OK 0.38s 39/121 DPDK:fast-tests / ethdev_link_status OK 0.23s 40/121 DPDK:fast-tests / ethdev_mirror FAIL 0.40s (exit status 255 or signal 127 SIGinvalid) >>> DPDK_TEST=ethdev_mirror MALLOC_PERTURB_=196 /root/workspace/Generic-Unit-Test-DPDK/dpdk/build/app/dpdk-test --no-huge -m 2048 41/121 DPDK:fast-tests / event_eth_tx_adapter_autotest OK 1.13s 42/121 DPDK:fast-tests / event_ring_autotest OK 0.25s 43/121 DPDK:fast-tests / eventdev_common_autotest OK 0.27s 44/121 DPDK:fast-tests / eventdev_selftest_sw OK 0.39s 45/121 DPDK:fast-tests / fbarray_autotest OK 0.34s 46/121 DPDK:fast-tests / fib_autotest OK 1.73s 47/121 DPDK:fast-tests / fib6_autotest OK 1.61s 48/121 DPDK:fast-tests / func_reentrancy_autotest OK 1.13s 49/121 DPDK:fast-tests / graph_autotest OK 0.28s 50/121 DPDK:fast-tests / node_list_dump OK 0.37s 51/121 DPDK:fast-tests / graph_feature_arc_autotest OK 0.26s 52/121 DPDK:fast-tests / hash_autotest OK 0.60s 53/121 DPDK:fast-tests / hash_readwrite_func_autotest SKIP 0.16s exit status 77 54/121 DPDK:fast-tests / interrupt_autotest OK 1.67s 55/121 DPDK:fast-tests / ipfrag_autotest OK 0.30s 56/121 DPDK:fast-tests / ipsec_autotest SKIP 0.37s exit status 77 57/121 DPDK:fast-tests / kvargs_autotest OK 0.23s 58/121 DPDK:fast-tests / latencystats_autotest OK 0.37s 59/121 DPDK:fast-tests / lcore_var_autotest OK 0.30s 60/121 DPDK:fast-tests / lcores_autotest OK 29.91s 61/121 DPDK:fast-tests / logs_autotest OK 0.38s 62/121 DPDK:fast-tests / lpm_autotest OK 2.90s 63/121 DPDK:fast-tests / lpm6_autotest OK 4.70s 64/121 DPDK:fast-tests / malloc_autotest OK 0.84s 65/121 DPDK:fast-tests / mbuf_autotest OK 0.23s 66/121 DPDK:fast-tests / mcslock_autotest OK 0.78s 67/121 DPDK:fast-tests / member_autotest OK 1.50s 68/121 DPDK:fast-tests / memcpy_autotest OK 3.82s 69/121 DPDK:fast-tests / memory_autotest OK 0.27s 70/121 DPDK:fast-tests / mempool_autotest OK 0.42s 71/121 DPDK:fast-tests / memzone_autotest OK 0.25s 72/121 DPDK:fast-tests / meter_autotest OK 0.30s 73/121 DPDK:fast-tests / metrics_autotest OK 0.17s 74/121 DPDK:fast-tests / multiprocess_autotest OK 0.50s 75/121 DPDK:fast-tests / net_ether_autotest OK 0.85s 76/121 DPDK:fast-tests / net_ipv6_autotest OK 0.17s 77/121 DPDK:fast-tests / pcapng_autotest OK 9.57s 78/121 DPDK:fast-tests / pdcp_autotest SKIP 0.21s exit status 77 79/121 DPDK:fast-tests / pdump_autotest OK 0.85s 80/121 DPDK:fast-tests / per_lcore_autotest OK 0.42s 81/121 DPDK:fast-tests / pflock_autotest OK 0.59s 82/121 DPDK:fast-tests / pie_autotest OK 0.32s 83/121 DPDK:fast-tests / ring_pmd_autotest OK 0.28s 84/121 DPDK:fast-tests / power_autotest OK 0.17s 85/121 DPDK:fast-tests / power_cpufreq_autotest SKIP 0.14s exit status 77 86/121 DPDK:fast-tests / power_intel_uncore_autotest SKIP 0.36s exit status 77 87/121 DPDK:fast-tests / power_kvm_vm_autotest SKIP 0.20s exit status 77 88/121 DPDK:fast-tests / prefetch_autotest OK 0.25s 89/121 DPDK:fast-tests / ptr_compress_autotest OK 0.34s 90/121 DPDK:fast-tests / rawdev_autotest OK 0.16s 91/121 DPDK:fast-tests / rcu_qsbr_autotest OK 0.66s 92/121 DPDK:fast-tests / reorder_autotest OK 0.42s 93/121 DPDK:fast-tests / rib_autotest OK 6.96s 94/121 DPDK:fast-tests / rib6_autotest OK 6.34s 95/121 DPDK:fast-tests / ring_autotest OK 0.39s 96/121 DPDK:fast-tests / rwlock_test1_autotest OK 0.49s 97/121 DPDK:fast-tests / rwlock_rda_autotest OK 5.32s 98/121 DPDK:fast-tests / rwlock_rds_wrm_autotest OK 5.42s 99/121 DPDK:fast-tests / rwlock_rde_wro_autotest OK 5.29s 100/121 DPDK:fast-tests / sched_autotest OK 0.23s 101/121 DPDK:fast-tests / security_autotest OK 0.22s 102/121 DPDK:fast-tests / seqlock_autotest SKIP 0.18s exit status 77 103/121 DPDK:fast-tests / service_autotest OK 0.37s 104/121 DPDK:fast-tests / soring_autotest OK 0.31s 105/121 DPDK:fast-tests / spinlock_autotest OK 0.38s 106/121 DPDK:fast-tests / stack_autotest OK 0.16s 107/121 DPDK:fast-tests / stack_lf_autotest OK 0.53s 108/121 DPDK:fast-tests / string_autotest OK 0.18s 109/121 DPDK:fast-tests / table_autotest OK 9.88s 110/121 DPDK:fast-tests / tailq_autotest OK 0.38s 111/121 DPDK:fast-tests / telemetry_data_autotest OK 0.32s 112/121 DPDK:fast-tests / telemetry_json_autotest OK 0.39s 113/121 DPDK:fast-tests / thash_autotest OK 0.19s 114/121 DPDK:fast-tests / threads_autotest OK 1.04s 115/121 DPDK:fast-tests / ticketlock_autotest OK 0.26s 116/121 DPDK:fast-tests / timer_autotest OK 3.08s 117/121 DPDK:fast-tests / trace_autotest OK 0.18s 118/121 DPDK:fast-tests / trace_autotest_with_traces OK 0.42s 119/121 DPDK:fast-tests / vdev_autotest OK 0.19s 120/121 DPDK:fast-tests / version_autotest OK 0.57s 121/121 DPDK:fast-tests / telemetry_all SKIP 0.01s exit status 77 Ok: 110 Expected Fail: 0 Fail: 1 Unexpected Pass: 0 Skipped: 10 Timeout: 0 Full log written to /root/workspace/Generic-Unit-Test-DPDK/dpdk/build/meson-logs/testlog.txt Test log output from the failed test ethdev_mirror: Sorry, we were not able to find the logs for this test. Download the log output from the CI site for this test run. ==== End log output ==== Windows Server 2022 Kernel: 10.0.20348.2031 Compiler: clang 15.0.7, gcc 14.1.0 (MinGW), and MSVC VS 19.39.33521 CentOS Stream 9 Kernel: 5.15 Compiler: gcc gcc (GCC) 11.5.0 20240719 (Red Hat 11.5.0-7) CentOS Stream 10 Kernel: 5.15 Compiler: gcc gcc (GCC) 14.2.1 20250110 (Red Hat 14.2.1-8) Fedora Linux 40 Kernel: 5.15 Compiler: clang gcc (GCC) 14.2.1 20240912 (Red Hat 14.2.1-3) Debian GNU/Linux 12 Kernel: 5.15 Compiler: gcc gcc (Debian 12.2.0-14+deb12u1) 12.2.0 Fedora Linux 41 Kernel: 5.15 Compiler: clang gcc (GCC) 14.3.1 20250523 (Red Hat 14.3.1-1) Red Hat Enterprise Linux 8.10 Kernel: 5.15 Compiler: gcc gcc (GCC) 8.5.0 20210514 (Red Hat 8.5.0-22) Ubuntu 20.04 Kernel: 5.15 Compiler: gcc gcc (Ubuntu 9.4.0-1ubuntu1~20.04.2) 9.4.0 Red Hat Enterprise Linux 9.5 Kernel: 5.15 Compiler: gcc gcc (GCC) 11.5.0 20240719 (Red Hat 11.5.0-2) Ubuntu 24.04 Kernel: 5.15 Compiler: gcc gcc (Ubuntu 13.3.0-6ubuntu2~24.04) 13.3.0 Ubuntu 22.04 Kernel: 5.15 Compiler: gcc gcc (Ubuntu 11.4.0-1ubuntu1~22.04) 11.4.0 To view detailed results, visit: https://lab.dpdk.org/results/dashboard/patchsets/33660/ UNH-IOL DPDK Community Lab To manage your email subscriptions, visit: https://lab.dpdk.org/results/dashboard/preferences/subscriptions/