From mboxrd@z Thu Jan 1 00:00:00 1970 Return-Path: Received: from mails.dpdk.org (mails.dpdk.org [217.70.189.124]) by inbox.dpdk.org (Postfix) with ESMTP id 72B7346B81 for ; Tue, 15 Jul 2025 20:12:13 +0200 (CEST) Received: from mails.dpdk.org (localhost [127.0.0.1]) by mails.dpdk.org (Postfix) with ESMTP id 4042E4028C; Tue, 15 Jul 2025 20:12:13 +0200 (CEST) Received: from mail-ua1-f99.google.com (mail-ua1-f99.google.com [209.85.222.99]) by mails.dpdk.org (Postfix) with ESMTP id A37494028C for ; Tue, 15 Jul 2025 20:12:11 +0200 (CEST) Received: by mail-ua1-f99.google.com with SMTP id a1e0cc1a2514c-87f0efa51c0so2317851241.1 for ; Tue, 15 Jul 2025 11:12:11 -0700 (PDT) DKIM-Signature: v=1; a=rsa-sha256; c=relaxed/relaxed; d=iol.unh.edu; s=unh-iol; t=1752603131; x=1753207931; darn=dpdk.org; h=references:in-reply-to:cc:to:from:subject:message-id:date:from:to :cc:subject:date:message-id:reply-to; bh=LnLlC4Q4zXTp1RC8vvM6FQzJ7oTyXFcoK9U4l8M6LNg=; b=R0hQ0iXo58IVYd3PtsI4sjZMG64fmwb5IoADr/uNPLbhGOR4cVQ2uZg9Y/egzRkZsZ ZhrQnNx/ub3WoKhejkQvK3K/o9lWI+iBA1GXD0UJMLQqA+QQTubzYBrByGQLMltN9fQn Dn/RxZKihe5m/fTKXM6yaTO3tB7Az1q7TStlA= X-Google-DKIM-Signature: v=1; a=rsa-sha256; c=relaxed/relaxed; d=1e100.net; s=20230601; t=1752603131; x=1753207931; h=references:in-reply-to:cc:to:from:subject:message-id:date :x-gm-message-state:from:to:cc:subject:date:message-id:reply-to; bh=LnLlC4Q4zXTp1RC8vvM6FQzJ7oTyXFcoK9U4l8M6LNg=; b=jamzY8+OpX44O53gYWow4wPupRd7xglPCe1AcN9+mYVES7TB9APb9pTIl6gqvKOoc1 IzBQv6OrAv8HRNSTnOmniMKK3H36JL9+hSti6RFEJBK8Xgzf0+fbedhTk9lha2VUWOw4 drPdoRpT4Hh64iLOOzwMKOYcGuSEev60Qbt11koWwzoCoMCVIKKY5mjt7WTpnTDw0CZQ RIxZmslbd4+pzX1DEr+FjCA1k2v52UhQOCPbKMBt0ULsVYvABJAoZOAHr9DFSLs+70pH At2zjomn7f38/24pkQg7W+4sJfDa/VWAhZY1xdKmYawDOC2mOdBZgyHFSfS96ytXrS+M b/og== X-Gm-Message-State: AOJu0YwCXKnPJOMSrXfJI0KbnVdonecK8dNWKIR7VqdYUvKWsVkp6zN3 qKhwAt+wROwl2RR8fT31lqJs381wbTyDY+2C8PUCVk2cK16ev8AbPo5OWXPWfX7jBZHw7YvA9sM jiAKtlzYFWMy7aZvWSbFtuftYXxbMH1ksOFnklDtABC7R X-Gm-Gg: ASbGncuJJvy1YdDG9d01ZEQua5Mcyyi2MfIZJMN/SG13KODlSE0iFlAcCEoD3GSyO2G bb24qi+eZQhM9Njflfiliz+5y0rks7AkaeNpWKwL/vuVU+ug+Afng2zk71qpDSXMACZJLFrnflq QnbAmiynNQy9eErNNV649wUAb3PUfUoD6kWt9kxbPFcXxBlriSNUWQ0Gm4DsyhARXTX2CD+SYfx UHhEJKsAZBN3qzqLwX3RYhuqPEafFz1N7caReXHF8weRHJ++jMZ5u6U1hRW1uu3f1ojcrhLsvpg rtupXVFe5R4QEzeQ/RGTvr0ODIuJ2JlQh5w7wTwN5Fac6T0LvS+l0CapyLHYmwIBfMWqQmFq X-Google-Smtp-Source: AGHT+IEElINSsIGtOL3Fwof+OwfD+fXiDrUnu+v7/dDngHG+9ZTNovSlJs2+4ioqPMcoBnTClm0bI/Gx81rx X-Received: by 2002:a05:6102:5487:b0:4dd:b82d:e0de with SMTP id ada2fe7eead31-4f89993788emr133236137.17.1752603130968; Tue, 15 Jul 2025 11:12:10 -0700 (PDT) Received: from postal.iol.unh.edu (postal.iol.unh.edu. [132.177.123.84]) by smtp-relay.gmail.com with ESMTPS id a1e0cc1a2514c-888ec3ecfbcsm75927241.16.2025.07.15.11.12.10 (version=TLS1_2 cipher=ECDHE-ECDSA-AES128-GCM-SHA256 bits=128/128); Tue, 15 Jul 2025 11:12:10 -0700 (PDT) X-Relaying-Domain: iol.unh.edu Date: Tue, 15 Jul 2025 11:12:10 -0700 (PDT) Message-ID: <687699fa.050a0220.3c9d7f.39e6SMTPIN_ADDED_MISSING@mx.google.com> Received: from [172.21.0.6] (unknown [172.18.0.240]) by postal.iol.unh.edu (Postfix) with ESMTP id 926C7604D420; Tue, 15 Jul 2025 14:12:10 -0400 (EDT) Subject: |FAILURE| pw155228-155240 [PATCH] [v4,13/13] pdump: mark API and app From: dpdklab@iol.unh.edu To: Test Report Cc: dpdk-test-reports@iol.unh.edu, Stephen Hemminger In-Reply-To: <20250715161700.103209-14-stephen@networkplumber.org> References: <20250715161700.103209-14-stephen@networkplumber.org> Content-Type: text/plain X-BeenThere: test-report@dpdk.org X-Mailman-Version: 2.1.29 Precedence: list List-Id: automatic DPDK test reports List-Unsubscribe: , List-Archive: List-Post: List-Help: List-Subscribe: , Errors-To: test-report-bounces@dpdk.org Test-Label: iol-abi-testing Test-Status: FAILURE http://dpdk.org/patch/155240 _Testing issues_ Submitter: Stephen Hemminger Date: Tuesday, July 15 2025 16:15:51 DPDK git baseline: Repo:dpdk Branch: master CommitID:9fe9c0b231c8da5435bfccb1963121b4277f961c 155228-155240 --> testing issues Upstream job id: Generic-DPDK-Compile-ABI#134436 Test environment and result as below: +-------------------------------+----------+ | Environment | abi_test | +===============================+==========+ | CentOS Stream 9 | FAIL | +-------------------------------+----------+ | CentOS Stream 10 | FAIL | +-------------------------------+----------+ | Debian GNU/Linux 12 | FAIL | +-------------------------------+----------+ | Fedora Linux 40 | FAIL | +-------------------------------+----------+ | openSUSE Leap 15.6 | FAIL | +-------------------------------+----------+ | Fedora Linux 41 | FAIL | +-------------------------------+----------+ | Red Hat Enterprise Linux 8.10 | FAIL | +-------------------------------+----------+ | Ubuntu 22.04 | FAIL | +-------------------------------+----------+ | Red Hat Enterprise Linux 9.5 | FAIL | +-------------------------------+----------+ | Ubuntu 24.04 | FAIL | +-------------------------------+----------+ ==== 20 line log output for Ubuntu 24.04 (abi_test): ==== Variables changes summary: 0 Removed, 0 Changed, 0 Added variable Functions changes summary: 0 Removed, 0 Changed (296 filtered out), 0 Added (11 filtered out) functions Variables changes summary: 0 Removed, 0 Changed, 0 Added variable Functions changes summary: 0 Removed, 0 Changed (1 filtered out), 0 Added (5 filtered out) functions Variables changes summary: 0 Removed, 0 Changed, 0 Added variable Functions changes summary: 0 Removed, 0 Changed (7 filtered out), 0 Added functions Variables changes summary: 0 Removed, 0 Changed, 0 Added variable Functions changes summary: 0 Removed, 0 Changed, 0 Added (5 filtered out) functions Variables changes summary: 0 Removed, 0 Changed, 0 Added variable Functions changes summary: 0 Removed, 0 Changed (4 filtered out), 0 Added (12 filtered out) functions Variables changes summary: 0 Removed, 0 Changed (1 filtered out), 0 Added variable Functions changes summary: 0 Removed, 0 Changed (215 filtered out), 0 Added (2 filtered out) functions Variables changes summary: 0 Removed, 0 Changed, 0 Added variable ==== End log output ==== CentOS Stream 9 Kernel: 5.15 Compiler: gcc gcc (GCC) 11.5.0 20240719 (Red Hat 11.5.0-7) CentOS Stream 10 Kernel: 5.15 Compiler: gcc gcc (GCC) 14.2.1 20250110 (Red Hat 14.2.1-8) Debian GNU/Linux 12 Kernel: 5.15 Compiler: gcc gcc (Debian 12.2.0-14+deb12u1) 12.2.0 Fedora Linux 40 Kernel: 5.15 Compiler: clang gcc (GCC) 14.2.1 20240912 (Red Hat 14.2.1-3) openSUSE Leap 15.6 Kernel: 5.15 Compiler: gcc gcc (SUSE Linux) 7.5.0 Fedora Linux 41 Kernel: 5.15 Compiler: gcc gcc (GCC) 14.3.1 20250523 (Red Hat 14.3.1-1) Red Hat Enterprise Linux 8.10 Kernel: 5.15 Compiler: gcc gcc (GCC) 8.5.0 20210514 (Red Hat 8.5.0-22) Ubuntu 22.04 Kernel: 5.15 Compiler: gcc gcc (Ubuntu 11.4.0-1ubuntu1~22.04) 11.4.0 Red Hat Enterprise Linux 9.5 Kernel: 5.15 Compiler: gcc gcc (GCC) 11.5.0 20240719 (Red Hat 11.5.0-2) Ubuntu 24.04 Kernel: 5.15 Compiler: gcc gcc (Ubuntu 13.3.0-6ubuntu2~24.04) 13.3.0 To view detailed results, visit: https://lab.dpdk.org/results/dashboard/patchsets/33660/ UNH-IOL DPDK Community Lab To manage your email subscriptions, visit: https://lab.dpdk.org/results/dashboard/preferences/subscriptions/