From mboxrd@z Thu Jan 1 00:00:00 1970 Return-Path: Received: from mails.dpdk.org (mails.dpdk.org [217.70.189.124]) by inbox.dpdk.org (Postfix) with ESMTP id 55ED446B81 for ; Tue, 15 Jul 2025 20:12:27 +0200 (CEST) Received: from mails.dpdk.org (localhost [127.0.0.1]) by mails.dpdk.org (Postfix) with ESMTP id 510B44028C; Tue, 15 Jul 2025 20:12:27 +0200 (CEST) Received: from mail-pj1-f99.google.com (mail-pj1-f99.google.com [209.85.216.99]) by mails.dpdk.org (Postfix) with ESMTP id DE1D54028C for ; Tue, 15 Jul 2025 20:12:25 +0200 (CEST) Received: by mail-pj1-f99.google.com with SMTP id 98e67ed59e1d1-3138b2f0249so4734711a91.2 for ; Tue, 15 Jul 2025 11:12:25 -0700 (PDT) DKIM-Signature: v=1; a=rsa-sha256; c=relaxed/relaxed; d=iol.unh.edu; s=unh-iol; t=1752603145; x=1753207945; darn=dpdk.org; h=references:in-reply-to:cc:to:from:subject:message-id:date:from:to :cc:subject:date:message-id:reply-to; bh=qANgsAfdHTY3IQ3HigzaUMaz4BV+cNBrYeWkr5gzyJA=; b=E2mQHvkl2Ar2hhK33kti1pz1+pMxJkB0uRKOjRDlndrWKfEmJ03tq67ujjWFZiygO7 fE2F309GYpenegIU/EM0ShkCiOiPPxjFq72ApqB6DfhsT4+7jzH5lJB+l2Y6Xy1zBcss umGoUENzvKspaW06aDDVv6Hmi/ZMH64LNoif8= X-Google-DKIM-Signature: v=1; a=rsa-sha256; c=relaxed/relaxed; d=1e100.net; s=20230601; t=1752603145; x=1753207945; h=references:in-reply-to:cc:to:from:subject:message-id:date :x-gm-message-state:from:to:cc:subject:date:message-id:reply-to; bh=qANgsAfdHTY3IQ3HigzaUMaz4BV+cNBrYeWkr5gzyJA=; b=en5MjM0Cv85zwTvvzkFusI/m4MdkypRnole3SQGhAjUtuBBdxFOwQouJenRkrtmFpx 2z5tqm7pYZ3XHN54d+Fr1GZyw16sstCgUZD+4Ju7NGkZ59Q8alpxLBOCab0hojEzbEJf wrSDcLpCMIP6ztFUiXuh1irMpdJAvWZsqN4M0k9ZqEc3Dd8IIxSN4abdYb7O2oYFDtPO K1VqtlSh4xU2vaTunk7W7mptgomT8U8j9pa9SQZ3nWHHvlZUL4qzNhxg+EIdBozMLBJc 40Joui4unjaQs08FzdK8EthTlMxcKGmAWbmKps/Y5dYSzyjyO5k0uV2yUG+0O+gROJL+ LWWw== X-Gm-Message-State: AOJu0Yy0Soj4DQxfPbHr0Dj2qomCRVQ2XjtUG426B43l6CYkSGj5D0JT dEc9j2p3c5OzcMfd2ShfHEoLSVrA4lrx1xSvvO8kGAHWGXFvn3nbINidFMsM6oaT+5kgmoRzpDT 9vIsQVkjCVK6DXHc8rM57K9Epq0UIMHmnU3E4rBzS9kii X-Gm-Gg: ASbGncufgy28ZYM4XCUSUL0S5/qcNkm4X18fTuK6sTCzf53yeT821PGHUo2KyYCtu44 2/UHiUoqDF4npDJJdnKv7Au7qnaz+xo6+qZhTel4T5bNHnqeWowVsmOlLhppyD+BazFypr+xKQD 7T8PpXcdkzd6+LBWTn+ySXan2nWkMPXnOwTx1Cd0PbKsBbqzHghH/fNuMiYbp9R2A8L2XEynOhg aca5SfFwhox1mHdH8VLoVVM1dsRGjszxSlIKHJKQuQSegauqiW64eHbn3wcbLHZKhwYTIAAW3Xu bndRPxgltHhU3pixohVae8Vp4a/Sn82GqPXYfGAFJHll4bWIXdnIZCZazC6SGK6Pc98Jx8y9 X-Google-Smtp-Source: AGHT+IEoYGyqI20O/rGD3O2mRQ+xV2B2AkoI0R4l6etaXbIQ3ErVedfRUEpF2yOSFFjzQFbMqJvKntbeWz7h X-Received: by 2002:a17:90b:2e0b:b0:311:ed2:b758 with SMTP id 98e67ed59e1d1-31c9e6e95bfmr215023a91.3.1752603144823; Tue, 15 Jul 2025 11:12:24 -0700 (PDT) Received: from postal.iol.unh.edu (postal.iol.unh.edu. [132.177.123.84]) by smtp-relay.gmail.com with ESMTPS id 98e67ed59e1d1-31c3eb4d2dbsm967091a91.10.2025.07.15.11.12.24 (version=TLS1_2 cipher=ECDHE-ECDSA-AES128-GCM-SHA256 bits=128/128); Tue, 15 Jul 2025 11:12:24 -0700 (PDT) X-Relaying-Domain: iol.unh.edu Date: Tue, 15 Jul 2025 11:12:24 -0700 (PDT) Message-ID: <68769a08.170a0220.e562d.35e0SMTPIN_ADDED_MISSING@mx.google.com> Received: from [172.21.0.5] (unknown [172.18.0.240]) by postal.iol.unh.edu (Postfix) with ESMTP id 0CFC4604D420; Tue, 15 Jul 2025 14:12:24 -0400 (EDT) Subject: |FAILURE| pw155228-155240 [PATCH] [v4,13/13] pdump: mark API and app From: dpdklab@iol.unh.edu To: Test Report Cc: dpdk-test-reports@iol.unh.edu, Stephen Hemminger In-Reply-To: <20250715161700.103209-14-stephen@networkplumber.org> References: <20250715161700.103209-14-stephen@networkplumber.org> Content-Type: text/plain X-BeenThere: test-report@dpdk.org X-Mailman-Version: 2.1.29 Precedence: list List-Id: automatic DPDK test reports List-Unsubscribe: , List-Archive: List-Post: List-Help: List-Subscribe: , Errors-To: test-report-bounces@dpdk.org Test-Label: iol-abi-testing Test-Status: FAILURE http://dpdk.org/patch/155240 _Testing issues_ Submitter: Stephen Hemminger Date: Tuesday, July 15 2025 16:15:51 DPDK git baseline: Repo:dpdk Branch: master CommitID:9fe9c0b231c8da5435bfccb1963121b4277f961c 155228-155240 --> testing issues Upstream job id: Generic-DPDK-Compile-ABI#134429 Test environment and result as below: +-------------------------------+----------+ | Environment | abi_test | +===============================+==========+ | CentOS Stream 9 | FAIL | +-------------------------------+----------+ | CentOS Stream 10 | FAIL | +-------------------------------+----------+ | Debian GNU/Linux 12 | FAIL | +-------------------------------+----------+ | Fedora Linux 40 | FAIL | +-------------------------------+----------+ | openSUSE Leap 15.6 | FAIL | +-------------------------------+----------+ | Fedora Linux 41 | FAIL | +-------------------------------+----------+ | Red Hat Enterprise Linux 8.10 | FAIL | +-------------------------------+----------+ | Ubuntu 22.04 | FAIL | +-------------------------------+----------+ | Red Hat Enterprise Linux 9.5 | FAIL | +-------------------------------+----------+ | Ubuntu 24.04 | FAIL | +-------------------------------+----------+ ==== 20 line log output for Ubuntu 24.04 (abi_test): ==== Variables changes summary: 0 Removed, 0 Changed, 0 Added variable Functions changes summary: 0 Removed, 0 Changed (296 filtered out), 0 Added (11 filtered out) functions Variables changes summary: 0 Removed, 0 Changed, 0 Added variable Functions changes summary: 0 Removed, 0 Changed (1 filtered out), 0 Added (5 filtered out) functions Variables changes summary: 0 Removed, 0 Changed, 0 Added variable Functions changes summary: 0 Removed, 0 Changed (7 filtered out), 0 Added functions Variables changes summary: 0 Removed, 0 Changed, 0 Added variable Functions changes summary: 0 Removed, 0 Changed, 0 Added (5 filtered out) functions Variables changes summary: 0 Removed, 0 Changed, 0 Added variable Functions changes summary: 0 Removed, 0 Changed (4 filtered out), 0 Added (12 filtered out) functions Variables changes summary: 0 Removed, 0 Changed (1 filtered out), 0 Added variable Functions changes summary: 0 Removed, 0 Changed (215 filtered out), 0 Added (2 filtered out) functions Variables changes summary: 0 Removed, 0 Changed, 0 Added variable ==== End log output ==== CentOS Stream 9 Kernel: 5.15 Compiler: gcc gcc (GCC) 11.5.0 20240719 (Red Hat 11.5.0-7) CentOS Stream 10 Kernel: 5.15 Compiler: gcc gcc (GCC) 14.2.1 20250110 (Red Hat 14.2.1-8) Debian GNU/Linux 12 Kernel: 5.15 Compiler: gcc gcc (Debian 12.2.0-14+deb12u1) 12.2.0 Fedora Linux 40 Kernel: 5.15 Compiler: clang gcc (GCC) 14.2.1 20240912 (Red Hat 14.2.1-3) openSUSE Leap 15.6 Kernel: 5.15 Compiler: gcc gcc (SUSE Linux) 7.5.0 Fedora Linux 41 Kernel: 5.15 Compiler: gcc gcc (GCC) 14.3.1 20250523 (Red Hat 14.3.1-1) Red Hat Enterprise Linux 8.10 Kernel: 5.15 Compiler: gcc gcc (GCC) 8.5.0 20210514 (Red Hat 8.5.0-22) Ubuntu 22.04 Kernel: 5.15 Compiler: gcc gcc (Ubuntu 11.4.0-1ubuntu1~22.04) 11.4.0 Red Hat Enterprise Linux 9.5 Kernel: 5.15 Compiler: gcc gcc (GCC) 11.5.0 20240719 (Red Hat 11.5.0-2) Ubuntu 24.04 Kernel: 5.15 Compiler: gcc gcc (Ubuntu 13.3.0-6ubuntu2~24.04) 13.3.0 To view detailed results, visit: https://lab.dpdk.org/results/dashboard/patchsets/33660/ UNH-IOL DPDK Community Lab To manage your email subscriptions, visit: https://lab.dpdk.org/results/dashboard/preferences/subscriptions/