From mboxrd@z Thu Jan 1 00:00:00 1970 Return-Path: Received: from mails.dpdk.org (mails.dpdk.org [217.70.189.124]) by inbox.dpdk.org (Postfix) with ESMTP id 6A72946B81 for ; Tue, 15 Jul 2025 20:13:05 +0200 (CEST) Received: from mails.dpdk.org (localhost [127.0.0.1]) by mails.dpdk.org (Postfix) with ESMTP id 64ADE4028C; Tue, 15 Jul 2025 20:13:05 +0200 (CEST) Received: from mail-qv1-f98.google.com (mail-qv1-f98.google.com [209.85.219.98]) by mails.dpdk.org (Postfix) with ESMTP id 459864028C for ; Tue, 15 Jul 2025 20:13:04 +0200 (CEST) Received: by mail-qv1-f98.google.com with SMTP id 6a1803df08f44-6fd0a91ae98so37765946d6.1 for ; Tue, 15 Jul 2025 11:13:04 -0700 (PDT) DKIM-Signature: v=1; a=rsa-sha256; c=relaxed/relaxed; d=iol.unh.edu; s=unh-iol; t=1752603183; x=1753207983; darn=dpdk.org; h=references:in-reply-to:cc:to:from:subject:message-id:date:from:to :cc:subject:date:message-id:reply-to; bh=jfm3BFajOtsnQJP+npLETtTee7r0tY/g06CvRGWdpg4=; b=hISd7L2Unc8DihY1H+NKo/c2PywBpWLjG0BJxBfu/oqUu1tquRwKWUG/dF/sxRRzla uqfPKtGZyfAq3VghEClItf+3kgMdSixI50kiIqDDcGvb21hxjv0LNjCWmBf/PbNYocLg t7Xjit6/Sb2eepKjS4BkzKL/oaU7QAKouCTBc= X-Google-DKIM-Signature: v=1; a=rsa-sha256; c=relaxed/relaxed; d=1e100.net; s=20230601; t=1752603183; x=1753207983; h=references:in-reply-to:cc:to:from:subject:message-id:date :x-gm-message-state:from:to:cc:subject:date:message-id:reply-to; bh=jfm3BFajOtsnQJP+npLETtTee7r0tY/g06CvRGWdpg4=; b=YKqTWEILcjxdnuyiIg02DX+Ov+KeEvWHRd1pycC0oyI/qWMyXTkZRrRDiTBZf9FwqQ isaLCr9lUedcljtJmwuQnKQKKfniMuc0Ik3pgM1gmQS59ea4KQNx93Br09Dzpu1uLQMQ uKPPoi1pFEkSUvugy+AoiKAjBaj6jC+JJ91U/0SqinxBZWZNh92XEhNG5zyEFAiGYHeQ 2VmVrfdrsZOOcZWEeIW3+ZCSjPHMOF2T3BceY+YgYBRQdKKoFQnKdp/ZYRE9myrgyKcd a48rIDsEVwXIxvby4/SKp0pcnEyJXD1uUYw+Rp3Xr2jLoX8SafbrAHzRfiF/ag2CVp3h chDg== X-Gm-Message-State: AOJu0YydhKRvKaWXLdMxotJR6PbFF8BZAH0Ne2CwGMfOzwZyKSVpnUyD pkgKad3a83jUiaLrunVrWmRyB2XPl87G9IUE3tahkRE0LQFJ063AGOjxWCiYQoeI6UVgrnG9q5w LHuo5OxOzCqZFhCZ0olrIip/KxJFN/HuW3lUf/5sYmjq2zTo42boyUkPp8iz/ X-Gm-Gg: ASbGncsRLj8G5+7+AVEDMPoPaxq8PaEsyqG//INnkARlDhvi1yuPN0B96NiF4XAwFoh fNYbXbN+DXNs/+S1Fm7SUFxR2NYs9txE/rvy2Xv5Pzjwy3iMLlN94RmkGOqftZ4IZfbB6eSjYy4 B8BwEmuhk7MvqOjI1LukAz2t0j77rLTvJTDkulOaDtF70+GwLhJrByCkheEVPWSYInUNoMNW+au KuOxBD96FkhOpc7skWmNZCA/V+2TpwYBWEQw8EPTh7cUMlhH3S6Pt0MJ7SSAsxY/RmdUGdvUofQ 1+I2qj3qo1vnAkgtfUUAq11bsmReawxL8VMRtsEfn+46gqgLTg== X-Google-Smtp-Source: AGHT+IFuJxCjoeuodcUPTsUlVNH/9QORiCeVyzmco67aXyKpnGDAbUbA75I065R3eIPbDoYu7BxMKovxvPSi X-Received: by 2002:ad4:5fc9:0:b0:702:ca93:494 with SMTP id 6a1803df08f44-704f4b4d629mr6111856d6.41.1752603183438; Tue, 15 Jul 2025 11:13:03 -0700 (PDT) Received: from postal.iol.unh.edu (postal.iol.unh.edu. [2606:4100:3880:1234::84]) by smtp-relay.gmail.com with ESMTPS id 6a1803df08f44-7049798cf6bsm6559606d6.2.2025.07.15.11.13.03 (version=TLS1_2 cipher=ECDHE-ECDSA-AES128-GCM-SHA256 bits=128/128); Tue, 15 Jul 2025 11:13:03 -0700 (PDT) X-Relaying-Domain: iol.unh.edu Date: Tue, 15 Jul 2025 11:13:03 -0700 (PDT) Message-ID: <68769a2f.050a0220.12e5e6.2cc9SMTPIN_ADDED_MISSING@mx.google.com> Received: from [172.21.0.7] (unknown [172.18.0.240]) by postal.iol.unh.edu (Postfix) with ESMTP id 2245F604D420; Tue, 15 Jul 2025 14:13:03 -0400 (EDT) Subject: |FAILURE| pw155228-155240 [PATCH] [v4,13/13] pdump: mark API and app From: dpdklab@iol.unh.edu To: Test Report Cc: dpdk-test-reports@iol.unh.edu, Stephen Hemminger In-Reply-To: <20250715161700.103209-14-stephen@networkplumber.org> References: <20250715161700.103209-14-stephen@networkplumber.org> Content-Type: text/plain X-BeenThere: test-report@dpdk.org X-Mailman-Version: 2.1.29 Precedence: list List-Id: automatic DPDK test reports List-Unsubscribe: , List-Archive: List-Post: List-Help: List-Subscribe: , Errors-To: test-report-bounces@dpdk.org Test-Label: iol-abi-testing Test-Status: FAILURE http://dpdk.org/patch/155240 _Testing issues_ Submitter: Stephen Hemminger Date: Tuesday, July 15 2025 16:15:51 DPDK git baseline: Repo:dpdk Branch: master CommitID:9fe9c0b231c8da5435bfccb1963121b4277f961c 155228-155240 --> testing issues Upstream job id: Generic-DPDK-Compile-ABI#134426 Test environment and result as below: +-------------------------------+----------+ | Environment | abi_test | +===============================+==========+ | CentOS Stream 9 | FAIL | +-------------------------------+----------+ | CentOS Stream 10 | FAIL | +-------------------------------+----------+ | Debian GNU/Linux 12 | FAIL | +-------------------------------+----------+ | Fedora Linux 40 | FAIL | +-------------------------------+----------+ | openSUSE Leap 15.6 | FAIL | +-------------------------------+----------+ | Fedora Linux 41 | FAIL | +-------------------------------+----------+ | Red Hat Enterprise Linux 8.10 | FAIL | +-------------------------------+----------+ | Ubuntu 22.04 | FAIL | +-------------------------------+----------+ | Red Hat Enterprise Linux 9.5 | FAIL | +-------------------------------+----------+ | Ubuntu 24.04 | FAIL | +-------------------------------+----------+ ==== 20 line log output for Ubuntu 24.04 (abi_test): ==== Variables changes summary: 0 Removed, 0 Changed, 0 Added variable Functions changes summary: 0 Removed, 0 Changed (296 filtered out), 0 Added (11 filtered out) functions Variables changes summary: 0 Removed, 0 Changed, 0 Added variable Functions changes summary: 0 Removed, 0 Changed (1 filtered out), 0 Added (5 filtered out) functions Variables changes summary: 0 Removed, 0 Changed, 0 Added variable Functions changes summary: 0 Removed, 0 Changed (7 filtered out), 0 Added functions Variables changes summary: 0 Removed, 0 Changed, 0 Added variable Functions changes summary: 0 Removed, 0 Changed, 0 Added (5 filtered out) functions Variables changes summary: 0 Removed, 0 Changed, 0 Added variable Functions changes summary: 0 Removed, 0 Changed (4 filtered out), 0 Added (12 filtered out) functions Variables changes summary: 0 Removed, 0 Changed (1 filtered out), 0 Added variable Functions changes summary: 0 Removed, 0 Changed (215 filtered out), 0 Added (2 filtered out) functions Variables changes summary: 0 Removed, 0 Changed, 0 Added variable ==== End log output ==== CentOS Stream 9 Kernel: 5.15 Compiler: gcc gcc (GCC) 11.5.0 20240719 (Red Hat 11.5.0-7) CentOS Stream 10 Kernel: 5.15 Compiler: gcc gcc (GCC) 14.2.1 20250110 (Red Hat 14.2.1-8) Debian GNU/Linux 12 Kernel: 5.15 Compiler: gcc gcc (Debian 12.2.0-14+deb12u1) 12.2.0 Fedora Linux 40 Kernel: 5.15 Compiler: clang gcc (GCC) 14.2.1 20240912 (Red Hat 14.2.1-3) openSUSE Leap 15.6 Kernel: 5.15 Compiler: gcc gcc (SUSE Linux) 7.5.0 Fedora Linux 41 Kernel: 5.15 Compiler: gcc gcc (GCC) 14.3.1 20250523 (Red Hat 14.3.1-1) Red Hat Enterprise Linux 8.10 Kernel: 5.15 Compiler: gcc gcc (GCC) 8.5.0 20210514 (Red Hat 8.5.0-22) Ubuntu 22.04 Kernel: 5.15 Compiler: gcc gcc (Ubuntu 11.4.0-1ubuntu1~22.04) 11.4.0 Red Hat Enterprise Linux 9.5 Kernel: 5.15 Compiler: gcc gcc (GCC) 11.5.0 20240719 (Red Hat 11.5.0-2) Ubuntu 24.04 Kernel: 5.15 Compiler: gcc gcc (Ubuntu 13.3.0-6ubuntu2~24.04) 13.3.0 To view detailed results, visit: https://lab.dpdk.org/results/dashboard/patchsets/33660/ UNH-IOL DPDK Community Lab To manage your email subscriptions, visit: https://lab.dpdk.org/results/dashboard/preferences/subscriptions/