From mboxrd@z Thu Jan 1 00:00:00 1970 Return-Path: Received: from mails.dpdk.org (mails.dpdk.org [217.70.189.124]) by inbox.dpdk.org (Postfix) with ESMTP id C13DC46B81 for ; Tue, 15 Jul 2025 20:15:42 +0200 (CEST) Received: from mails.dpdk.org (localhost [127.0.0.1]) by mails.dpdk.org (Postfix) with ESMTP id A22BF4013F; Tue, 15 Jul 2025 20:15:42 +0200 (CEST) Received: from mail-pl1-f225.google.com (mail-pl1-f225.google.com [209.85.214.225]) by mails.dpdk.org (Postfix) with ESMTP id 59EFC4013F for ; Tue, 15 Jul 2025 20:15:41 +0200 (CEST) Received: by mail-pl1-f225.google.com with SMTP id d9443c01a7336-2352400344aso53093675ad.2 for ; Tue, 15 Jul 2025 11:15:41 -0700 (PDT) DKIM-Signature: v=1; a=rsa-sha256; c=relaxed/relaxed; d=iol.unh.edu; s=unh-iol; t=1752603340; x=1753208140; darn=dpdk.org; h=references:in-reply-to:cc:to:from:subject:message-id:date:from:to :cc:subject:date:message-id:reply-to; bh=cCaTRMb2knvYHaFM+nPWE8MzdDSaQzUpcEO6BSA810E=; b=hMYxBQ0240JgTZMEUMMKh+iGvT0Ga8iFtbATTXeXwpCWxq6rsdHydGnzLJO2ZH1Tt4 F66Yn8gTaCAXRa3s/YX332huMqfPgV9GFL6GXGXDGoI9ZqXlWm3XJYwQNfWJ8dskHEZv DTFH/28XL5c+fkeKR+wTgzXjuCEHzURsbe9mg= X-Google-DKIM-Signature: v=1; a=rsa-sha256; c=relaxed/relaxed; d=1e100.net; s=20230601; t=1752603340; x=1753208140; h=references:in-reply-to:cc:to:from:subject:message-id:date :x-gm-message-state:from:to:cc:subject:date:message-id:reply-to; bh=cCaTRMb2knvYHaFM+nPWE8MzdDSaQzUpcEO6BSA810E=; b=OzW1EUozsmJ+T3IQ3taBnYoLjzqStPcEo/oelbB6h8/X1fuG6z65NY/Ut2fpVTqWip Pc2k2U0dVN0Ruo2PEWbIa6fDlvLbt+E40uEvW63LuOsGV3Jx53ATOg7c44n/UqS/vZ/R U2Bzm/NVmZHgtvSEt3KVPrXkjG6MglckAWB+YPA/1hiEiVK6nTaH5mz8SxnhByM1rS8Y h/56eaDRnls+fNu6OeBMNXN7lWcfHKzpGSqi0WKOmV7REFUut+1yXJd6TBC747QHnFA5 rXgOkFQdQAiEcptCvBFCDbvmQlK2BhX7ZGN8UvQgn9Y2e/zkAA6M4CYYxqbDiMmYKjnX XkXA== X-Gm-Message-State: AOJu0YynKKuOrmbmge0oWXcLHA/M5xpZXPz5EKrP+5VGK+OuniKSsEDs NZpSGRStgPOAQkJPeH8PSIwX0yOnZKBONbIOSXH8oMF64Fkem+q4flkUFRG/lYv2XwtPCdh8jgk 3wSpNhsvwFsMfF9rJepeCkTIlWteI3qPa3eVhTpcYBnbyv060KpRX+hvsWREu X-Gm-Gg: ASbGncvS3BJzsiGRZvo3s4K5VO6SgI76KFn+peLTOWdcGH6LxC1nx07B5HljmK+Pww0 PRFY8szTYhF2Hv3tmnMBcTJyakvszzmCD9GfnAtlF6CTstTO0ct2VGLDp9VBok/k4msTWYRfNuh xLvkf8hG7vnNALTgJ5HzmE5Wu3ypqpu6XFM/a+m33Kuy1xyvr8Qua71i0DglmJg21tAQT5vSoH9 KVsnRP6dUI7GSmnO8uAQlrSjxsi1zTu9n+sV4uy2vy7NtXW9xoDiw7DtamMtKGLidB/TY2EvFte n/rhrD+qE1TnVd/3gN8A7I5Ru3x+ECPayCLFMlLLH9/nmPnxsA== X-Google-Smtp-Source: AGHT+IGgQcCGPF7VW5QSx6XJ57jRXanevIUk/Mum9NJ+TCL52hUdsiSaualooaKX2T5V7HVL2ia3vVJp1+Ug X-Received: by 2002:a17:902:db06:b0:234:c8f6:1afb with SMTP id d9443c01a7336-23e24e77fbfmr194725ad.0.1752603340340; Tue, 15 Jul 2025 11:15:40 -0700 (PDT) Received: from postal.iol.unh.edu (postal.iol.unh.edu. [2606:4100:3880:1234::84]) by smtp-relay.gmail.com with ESMTPS id d9443c01a7336-23de42a4eb9sm6771525ad.49.2025.07.15.11.15.40 (version=TLS1_2 cipher=ECDHE-ECDSA-AES128-GCM-SHA256 bits=128/128); Tue, 15 Jul 2025 11:15:40 -0700 (PDT) X-Relaying-Domain: iol.unh.edu Date: Tue, 15 Jul 2025 11:15:40 -0700 (PDT) Message-ID: <68769acc.170a0220.27314f.5316SMTPIN_ADDED_MISSING@mx.google.com> Received: from [172.21.0.5] (unknown [172.18.0.240]) by postal.iol.unh.edu (Postfix) with ESMTP id AF5F0604D420; Tue, 15 Jul 2025 14:15:39 -0400 (EDT) Subject: |FAILURE| pw155228-155240 [PATCH] [v4,13/13] pdump: mark API and app From: dpdklab@iol.unh.edu To: Test Report Cc: dpdk-test-reports@iol.unh.edu, Stephen Hemminger In-Reply-To: <20250715161700.103209-14-stephen@networkplumber.org> References: <20250715161700.103209-14-stephen@networkplumber.org> Content-Type: text/plain X-BeenThere: test-report@dpdk.org X-Mailman-Version: 2.1.29 Precedence: list List-Id: automatic DPDK test reports List-Unsubscribe: , List-Archive: List-Post: List-Help: List-Subscribe: , Errors-To: test-report-bounces@dpdk.org Test-Label: iol-unit-amd64-testing Test-Status: FAILURE http://dpdk.org/patch/155240 _Testing issues_ Submitter: Stephen Hemminger Date: Tuesday, July 15 2025 16:15:51 DPDK git baseline: Repo:dpdk Branch: master CommitID:9fe9c0b231c8da5435bfccb1963121b4277f961c 155228-155240 --> testing issues Upstream job id: Generic-Unit-Test-DPDK#355556 Test environment and result as below: +-------------------------------+----------------+ | Environment | dpdk_unit_test | +===============================+================+ | Windows Server 2022 | FAIL | +-------------------------------+----------------+ | CentOS Stream 9 | FAIL | +-------------------------------+----------------+ | CentOS Stream 10 | FAIL | +-------------------------------+----------------+ | Fedora Linux 40 | FAIL | +-------------------------------+----------------+ | Debian GNU/Linux 12 | FAIL | +-------------------------------+----------------+ | Fedora Linux 41 | FAIL | +-------------------------------+----------------+ | Red Hat Enterprise Linux 8.10 | FAIL | +-------------------------------+----------------+ | Ubuntu 20.04 | PASS | +-------------------------------+----------------+ | Red Hat Enterprise Linux 9.5 | FAIL | +-------------------------------+----------------+ | Ubuntu 24.04 | PEND | +-------------------------------+----------------+ | Ubuntu 22.04 | PEND | +-------------------------------+----------------+ ==== Unit test summary for Red Hat Enterprise Linux 9.5 (dpdk_unit_test): ==== ninja: Entering directory `/root/workspace/Generic-Unit-Test-DPDK/dpdk/build' ninja: no work to do. 1/121 DPDK:fast-tests / acl_autotest OK 4.04s 2/121 DPDK:fast-tests / alarm_autotest OK 1.37s 3/121 DPDK:fast-tests / argparse_autotest OK 0.23s 4/121 DPDK:fast-tests / atomic_autotest OK 0.49s 5/121 DPDK:fast-tests / bitcount_autotest OK 0.26s 6/121 DPDK:fast-tests / bitmap_autotest OK 0.26s 7/121 DPDK:fast-tests / bitops_autotest OK 2.09s 8/121 DPDK:fast-tests / bitratestats_autotest OK 0.25s 9/121 DPDK:fast-tests / bitset_autotest OK 2.01s 10/121 DPDK:fast-tests / bpf_autotest OK 0.18s 11/121 DPDK:fast-tests / bpf_convert_autotest OK 0.26s 12/121 DPDK:fast-tests / byteorder_autotest OK 0.30s 13/121 DPDK:fast-tests / cfgfile_autotest OK 0.24s 14/121 DPDK:fast-tests / cksum_autotest OK 0.19s 15/121 DPDK:fast-tests / cmdline_autotest OK 0.18s 16/121 DPDK:fast-tests / common_autotest OK 0.69s 17/121 DPDK:fast-tests / compressdev_autotest SKIP 0.15s exit status 77 18/121 DPDK:fast-tests / cpuflags_autotest OK 0.28s 19/121 DPDK:fast-tests / crc_autotest OK 0.22s 20/121 DPDK:fast-tests / user_delay_us OK 0.18s 21/121 DPDK:fast-tests / debug_autotest OK 0.63s 22/121 DPDK:fast-tests / devargs_autotest OK 0.24s 23/121 DPDK:fast-tests / dispatcher_autotest SKIP 0.15s exit status 77 24/121 DPDK:fast-tests / distributor_autotest OK 1.37s 25/121 DPDK:fast-tests / eal_flags_c_opt_autotest OK 1.53s 26/121 DPDK:fast-tests / eal_flags_main_opt_autotest OK 0.43s 27/121 DPDK:fast-tests / eal_flags_n_opt_autotest OK 0.79s 28/121 DPDK:fast-tests / eal_flags_hpet_autotest OK 0.23s 29/121 DPDK:fast-tests / eal_flags_no_huge_autotest OK 0.86s 30/121 DPDK:fast-tests / eal_flags_a_opt_autotest OK 0.69s 31/121 DPDK:fast-tests / eal_flags_b_opt_autotest OK 0.45s 32/121 DPDK:fast-tests / eal_flags_vdev_opt_autotest OK 0.90s 33/121 DPDK:fast-tests / eal_flags_r_opt_autotest OK 0.31s 34/121 DPDK:fast-tests / eal_flags_mem_autotest OK 1.10s 35/121 DPDK:fast-tests / eal_flags_file_prefix_autotest OK 4.35s 36/121 DPDK:fast-tests / eal_flags_misc_autotest OK 2.92s 37/121 DPDK:fast-tests / eal_fs_autotest OK 0.22s 38/121 DPDK:fast-tests / errno_autotest OK 0.27s 39/121 DPDK:fast-tests / ethdev_link_status OK 0.18s 40/121 DPDK:fast-tests / ethdev_mirror FAIL 0.35s (exit status 255 or signal 127 SIGinvalid) >>> DPDK_TEST=ethdev_mirror MALLOC_PERTURB_=102 /root/workspace/Generic-Unit-Test-DPDK/dpdk/build/app/dpdk-test --no-huge -m 2048 41/121 DPDK:fast-tests / event_eth_tx_adapter_autotest OK 0.70s 42/121 DPDK:fast-tests / event_ring_autotest OK 0.28s 43/121 DPDK:fast-tests / eventdev_common_autotest OK 0.29s 44/121 DPDK:fast-tests / eventdev_selftest_sw OK 0.30s 45/121 DPDK:fast-tests / fbarray_autotest OK 0.25s 46/121 DPDK:fast-tests / fib_autotest OK 1.00s 47/121 DPDK:fast-tests / fib6_autotest OK 1.26s 48/121 DPDK:fast-tests / func_reentrancy_autotest OK 0.83s 49/121 DPDK:fast-tests / graph_autotest OK 0.33s 50/121 DPDK:fast-tests / node_list_dump OK 0.26s 51/121 DPDK:fast-tests / graph_feature_arc_autotest OK 0.18s 52/121 DPDK:fast-tests / hash_autotest OK 0.42s 53/121 DPDK:fast-tests / hash_readwrite_func_autotest SKIP 0.18s exit status 77 54/121 DPDK:fast-tests / interrupt_autotest OK 1.58s 55/121 DPDK:fast-tests / ipfrag_autotest OK 0.29s 56/121 DPDK:fast-tests / ipsec_autotest SKIP 0.19s exit status 77 57/121 DPDK:fast-tests / kvargs_autotest OK 0.26s 58/121 DPDK:fast-tests / latencystats_autotest OK 0.28s 59/121 DPDK:fast-tests / lcore_var_autotest OK 0.46s 60/121 DPDK:fast-tests / lcores_autotest OK 1.15s 61/121 DPDK:fast-tests / logs_autotest OK 0.19s 62/121 DPDK:fast-tests / lpm_autotest OK 2.57s 63/121 DPDK:fast-tests / lpm6_autotest OK 4.91s 64/121 DPDK:fast-tests / malloc_autotest OK 0.47s 65/121 DPDK:fast-tests / mbuf_autotest OK 0.36s 66/121 DPDK:fast-tests / mcslock_autotest OK 0.69s 67/121 DPDK:fast-tests / member_autotest OK 1.16s 68/121 DPDK:fast-tests / memcpy_autotest OK 2.98s 69/121 DPDK:fast-tests / memory_autotest OK 0.23s 70/121 DPDK:fast-tests / mempool_autotest OK 0.49s 71/121 DPDK:fast-tests / memzone_autotest OK 0.29s 72/121 DPDK:fast-tests / meter_autotest OK 0.26s 73/121 DPDK:fast-tests / metrics_autotest OK 0.23s 74/121 DPDK:fast-tests / multiprocess_autotest OK 0.53s 75/121 DPDK:fast-tests / net_ether_autotest OK 0.88s 76/121 DPDK:fast-tests / net_ipv6_autotest OK 0.25s 77/121 DPDK:fast-tests / pcapng_autotest OK 8.77s 78/121 DPDK:fast-tests / pdcp_autotest SKIP 0.21s exit status 77 79/121 DPDK:fast-tests / pdump_autotest OK 0.37s 80/121 DPDK:fast-tests / per_lcore_autotest OK 0.32s 81/121 DPDK:fast-tests / pflock_autotest OK 0.40s 82/121 DPDK:fast-tests / pie_autotest OK 0.28s 83/121 DPDK:fast-tests / ring_pmd_autotest OK 0.28s 84/121 DPDK:fast-tests / power_autotest OK 0.26s 85/121 DPDK:fast-tests / power_cpufreq_autotest SKIP 0.16s exit status 77 86/121 DPDK:fast-tests / power_intel_uncore_autotest SKIP 0.27s exit status 77 87/121 DPDK:fast-tests / power_kvm_vm_autotest SKIP 0.18s exit status 77 88/121 DPDK:fast-tests / prefetch_autotest OK 0.27s 89/121 DPDK:fast-tests / ptr_compress_autotest OK 0.23s 90/121 DPDK:fast-tests / rawdev_autotest OK 0.21s 91/121 DPDK:fast-tests / rcu_qsbr_autotest OK 0.36s 92/121 DPDK:fast-tests / reorder_autotest OK 0.66s 93/121 DPDK:fast-tests / rib_autotest OK 5.73s 94/121 DPDK:fast-tests / rib6_autotest OK 5.55s 95/121 DPDK:fast-tests / ring_autotest OK 0.48s 96/121 DPDK:fast-tests / rwlock_test1_autotest OK 0.40s 97/121 DPDK:fast-tests / rwlock_rda_autotest OK 5.42s 98/121 DPDK:fast-tests / rwlock_rds_wrm_autotest OK 5.32s 99/121 DPDK:fast-tests / rwlock_rde_wro_autotest OK 5.31s 100/121 DPDK:fast-tests / sched_autotest OK 0.29s 101/121 DPDK:fast-tests / security_autotest OK 0.16s 102/121 DPDK:fast-tests / seqlock_autotest SKIP 0.28s exit status 77 103/121 DPDK:fast-tests / service_autotest OK 0.30s 104/121 DPDK:fast-tests / soring_autotest OK 0.34s 105/121 DPDK:fast-tests / spinlock_autotest OK 0.31s 106/121 DPDK:fast-tests / stack_autotest OK 0.26s 107/121 DPDK:fast-tests / stack_lf_autotest OK 0.38s 108/121 DPDK:fast-tests / string_autotest OK 0.25s 109/121 DPDK:fast-tests / table_autotest OK 7.58s 110/121 DPDK:fast-tests / tailq_autotest OK 0.32s 111/121 DPDK:fast-tests / telemetry_data_autotest OK 0.24s 112/121 DPDK:fast-tests / telemetry_json_autotest OK 0.27s 113/121 DPDK:fast-tests / thash_autotest OK 0.19s 114/121 DPDK:fast-tests / threads_autotest OK 0.56s 115/121 DPDK:fast-tests / ticketlock_autotest OK 0.27s 116/121 DPDK:fast-tests / timer_autotest OK 2.77s 117/121 DPDK:fast-tests / trace_autotest OK 0.20s 118/121 DPDK:fast-tests / trace_autotest_with_traces OK 0.27s 119/121 DPDK:fast-tests / vdev_autotest OK 0.18s 120/121 DPDK:fast-tests / version_autotest OK 0.26s 121/121 DPDK:fast-tests / telemetry_all SKIP 0.01s exit status 77 Ok: 110 Expected Fail: 0 Fail: 1 Unexpected Pass: 0 Skipped: 10 Timeout: 0 Full log written to /root/workspace/Generic-Unit-Test-DPDK/dpdk/build/meson-logs/testlog.txt Test log output from the failed test ethdev_mirror: Sorry, we were not able to find the logs for this test. Download the log output from the CI site for this test run. ==== End log output ==== Windows Server 2022 Kernel: 10.0.20348.2031 Compiler: clang 15.0.7, gcc 14.1.0 (MinGW), and MSVC VS 19.39.33521 CentOS Stream 9 Kernel: 5.15 Compiler: gcc gcc (GCC) 11.5.0 20240719 (Red Hat 11.5.0-7) CentOS Stream 10 Kernel: 5.15 Compiler: gcc gcc (GCC) 14.2.1 20250110 (Red Hat 14.2.1-8) Fedora Linux 40 Kernel: 5.15 Compiler: clang gcc (GCC) 14.2.1 20240912 (Red Hat 14.2.1-3) Debian GNU/Linux 12 Kernel: 5.15 Compiler: gcc gcc (Debian 12.2.0-14+deb12u1) 12.2.0 Fedora Linux 41 Kernel: 5.15 Compiler: clang gcc (GCC) 14.3.1 20250523 (Red Hat 14.3.1-1) Red Hat Enterprise Linux 8.10 Kernel: 5.15 Compiler: gcc gcc (GCC) 8.5.0 20210514 (Red Hat 8.5.0-22) Ubuntu 20.04 Kernel: 5.15 Compiler: gcc gcc (Ubuntu 9.4.0-1ubuntu1~20.04.2) 9.4.0 Red Hat Enterprise Linux 9.5 Kernel: 5.15 Compiler: gcc gcc (GCC) 11.5.0 20240719 (Red Hat 11.5.0-2) Ubuntu 24.04 Kernel: 5.15 Compiler: gcc gcc (Ubuntu 13.3.0-6ubuntu2~24.04) 13.3.0 Ubuntu 22.04 Kernel: 5.15 Compiler: gcc gcc (Ubuntu 11.4.0-1ubuntu1~22.04) 11.4.0 To view detailed results, visit: https://lab.dpdk.org/results/dashboard/patchsets/33660/ UNH-IOL DPDK Community Lab To manage your email subscriptions, visit: https://lab.dpdk.org/results/dashboard/preferences/subscriptions/