From mboxrd@z Thu Jan 1 00:00:00 1970 Return-Path: Received: from mails.dpdk.org (mails.dpdk.org [217.70.189.124]) by inbox.dpdk.org (Postfix) with ESMTP id ECB2046B81 for ; Tue, 15 Jul 2025 20:47:39 +0200 (CEST) Received: from mails.dpdk.org (localhost [127.0.0.1]) by mails.dpdk.org (Postfix) with ESMTP id C43584013F; Tue, 15 Jul 2025 20:47:39 +0200 (CEST) Received: from mail-io1-f100.google.com (mail-io1-f100.google.com [209.85.166.100]) by mails.dpdk.org (Postfix) with ESMTP id DE9FA4013F for ; Tue, 15 Jul 2025 20:47:38 +0200 (CEST) Received: by mail-io1-f100.google.com with SMTP id ca18e2360f4ac-86d01686196so165560639f.1 for ; Tue, 15 Jul 2025 11:47:38 -0700 (PDT) DKIM-Signature: v=1; a=rsa-sha256; c=relaxed/relaxed; d=iol.unh.edu; s=unh-iol; t=1752605258; x=1753210058; darn=dpdk.org; h=references:in-reply-to:cc:to:from:subject:message-id:date:from:to :cc:subject:date:message-id:reply-to; bh=03fOTeDDy1Rga+77mkCg0IbK4sU5MtRKaaSeGrcR7Ow=; b=ClJi4f3FWe98vNe/Kp29LdiRlXR0CjWE5lEuvuL2sUzTfMnw61spMwOGDb5VKOlnOU eNRtj3W/bq/pTBJ8BhzID/3syUUBQHyCwy6ROLVVyrdYDrDb3WKeHUCYKkWZaaSD7trL vh9Yzwi7D4TC3Df5SuihQqq4baJhlgHFrIPco= X-Google-DKIM-Signature: v=1; a=rsa-sha256; c=relaxed/relaxed; d=1e100.net; s=20230601; t=1752605258; x=1753210058; h=references:in-reply-to:cc:to:from:subject:message-id:date :x-gm-message-state:from:to:cc:subject:date:message-id:reply-to; bh=03fOTeDDy1Rga+77mkCg0IbK4sU5MtRKaaSeGrcR7Ow=; b=hpKToOmcqJt7FChLPE1g5WYr5+63Y6M70ALYDJYTv1P6ricN6wx9P37hKamifzpUIQ 1WJYn+LcgLL6DakVXP7g69/C1TwPibQC9pveqhQ3asB140O6OOa/QrwJBzGwT5A4OMif OpCK0oeGK/BFarRgWjB6FAdbtVOPTdEayT3DAEXwrheNYuvTlhM2qZoRkBHjMbM1pBrt wb/DQek+dzlO7KWmb1R3OSbYjPdZknY0ahtuqqdPuvM0jCdxklho8/D5CxZp1OrAP38O afdvIJlBRzelxzUIHiSkT0uYOOmF5M1+722XBJxGxaopUVMSm+KRQlDdJJ7WnNDCE3hP NJmg== X-Gm-Message-State: AOJu0Yw3KTZNczOQQMnM5RJH+qUhNq9AnVHqdj3bFmbpauRQX9XffP1M p09zYrXLE6iyO25EjHqhOgQCASXObEwI2iZwsOIxWWT50okY2CredeQSarljn7MwN9kMRxGq9o9 xLcFaBOTQO8vOBCHb+1nFdHl42BQYDUqCKca6l6M/yaGw+mNdGLBUN/C9+v1H X-Gm-Gg: ASbGncs751Csa4JmhO+EOJsNcMqioCPOazUvNAbbs6225XXkebeWWwB1aGm9/NOguTg Pz83gRzadiFWtNwu4OlzDkVTO371kHkffC4ONoQ4BxHbnzNCWFTdjQH891a3bLoF1Uah4WOmJ6L iYlXTUjKs6bUg/oUHyOmDx1RnUfsx/G7E0kZTbD9QeBgMuM0ejfZI4QbJf35uSQ/BGG0GrsqtFs s81zodHQWwjHJmZX0AAbWSB8m+QF4TzzdgZEIxnMl3klIfmFqeVa1ZArcPjEz6SAcuB6S3HxNDb N98PnWcME/9GhDzwhwt9iPYcVfI58n7ImJgPzNE3+Gs/SC0F3w== X-Google-Smtp-Source: AGHT+IGseoa4Ib62hEYC1hUpk3e5jUHRCHR+S17fteFery0zqrOq3Jw/iP1Qbo/m2c0r/ig4I4XcTSCbdiyu X-Received: by 2002:a05:6602:b8b:b0:85d:b054:6eb9 with SMTP id ca18e2360f4ac-879c090d284mr60219939f.14.1752605257977; Tue, 15 Jul 2025 11:47:37 -0700 (PDT) Received: from postal.iol.unh.edu (postal.iol.unh.edu. [2606:4100:3880:1234::84]) by smtp-relay.gmail.com with ESMTPS id ca18e2360f4ac-8796b8c500csm54100139f.6.2025.07.15.11.47.37 (version=TLS1_2 cipher=ECDHE-ECDSA-AES128-GCM-SHA256 bits=128/128); Tue, 15 Jul 2025 11:47:37 -0700 (PDT) X-Relaying-Domain: iol.unh.edu Date: Tue, 15 Jul 2025 11:47:37 -0700 (PDT) Message-ID: <6876a249.050a0220.156545.ce3cSMTPIN_ADDED_MISSING@mx.google.com> Received: from [172.21.0.5] (unknown [172.18.0.240]) by postal.iol.unh.edu (Postfix) with ESMTP id 7AAC5604D420; Tue, 15 Jul 2025 14:47:37 -0400 (EDT) Subject: |FAILURE| pw155228-155240 [PATCH] [v4,13/13] pdump: mark API and app From: dpdklab@iol.unh.edu To: Test Report Cc: dpdk-test-reports@iol.unh.edu, Stephen Hemminger In-Reply-To: <20250715161700.103209-14-stephen@networkplumber.org> References: <20250715161700.103209-14-stephen@networkplumber.org> Content-Type: text/plain X-BeenThere: test-report@dpdk.org X-Mailman-Version: 2.1.29 Precedence: list List-Id: automatic DPDK test reports List-Unsubscribe: , List-Archive: List-Post: List-Help: List-Subscribe: , Errors-To: test-report-bounces@dpdk.org Test-Label: iol-compile-amd64-testing Test-Status: FAILURE http://dpdk.org/patch/155240 _Testing issues_ Submitter: Stephen Hemminger Date: Tuesday, July 15 2025 16:15:51 DPDK git baseline: Repo:dpdk Branch: master CommitID:9fe9c0b231c8da5435bfccb1963121b4277f961c 155228-155240 --> testing issues Upstream job id: Generic-DPDK-Compile-Meson#408928 Test environment and result as below: +-------------------------------+--------------------+-------------------+------------------+-------------------------+-------------------+----------------------+ | Environment | dpdk_meson_compile | dpdk_compile_spdk | dpdk_compile_ovs | dpdk_llvm_clang_compile | dpdk_msvc_compile | dpdk_mingw64_compile | +===============================+====================+===================+==================+=========================+===================+======================+ | CentOS Stream 9 | PASS | PASS | SKIPPED | SKIPPED | SKIPPED | SKIPPED | +-------------------------------+--------------------+-------------------+------------------+-------------------------+-------------------+----------------------+ | Debian GNU/Linux 12 | PASS | PASS | SKIPPED | SKIPPED | SKIPPED | SKIPPED | +-------------------------------+--------------------+-------------------+------------------+-------------------------+-------------------+----------------------+ | CentOS Stream 10 | PASS | SKIPPED | SKIPPED | SKIPPED | SKIPPED | SKIPPED | +-------------------------------+--------------------+-------------------+------------------+-------------------------+-------------------+----------------------+ | Fedora Linux 40 | PASS | PASS | SKIPPED | SKIPPED | SKIPPED | SKIPPED | +-------------------------------+--------------------+-------------------+------------------+-------------------------+-------------------+----------------------+ | Fedora Linux 41 | PASS | PASS | WARN | SKIPPED | SKIPPED | SKIPPED | +-------------------------------+--------------------+-------------------+------------------+-------------------------+-------------------+----------------------+ | openSUSE Leap 15.6 | PASS | SKIPPED | SKIPPED | SKIPPED | SKIPPED | SKIPPED | +-------------------------------+--------------------+-------------------+------------------+-------------------------+-------------------+----------------------+ | Red Hat Enterprise Linux 8.10 | PASS | SKIPPED | SKIPPED | SKIPPED | SKIPPED | SKIPPED | +-------------------------------+--------------------+-------------------+------------------+-------------------------+-------------------+----------------------+ | Red Hat Enterprise Linux 9.5 | PASS | SKIPPED | SKIPPED | SKIPPED | SKIPPED | SKIPPED | +-------------------------------+--------------------+-------------------+------------------+-------------------------+-------------------+----------------------+ | Ubuntu 20.04 | PASS | SKIPPED | SKIPPED | SKIPPED | SKIPPED | SKIPPED | +-------------------------------+--------------------+-------------------+------------------+-------------------------+-------------------+----------------------+ | Ubuntu 22.04 | PASS | PASS | SKIPPED | SKIPPED | SKIPPED | SKIPPED | +-------------------------------+--------------------+-------------------+------------------+-------------------------+-------------------+----------------------+ | Ubuntu 24.04 | PASS | PASS | WARN | SKIPPED | SKIPPED | SKIPPED | +-------------------------------+--------------------+-------------------+------------------+-------------------------+-------------------+----------------------+ | Alpine Linux 3.22.0 | PASS | SKIPPED | SKIPPED | SKIPPED | SKIPPED | SKIPPED | +-------------------------------+--------------------+-------------------+------------------+-------------------------+-------------------+----------------------+ | FreeBSD 14.2 | PASS | SKIPPED | SKIPPED | SKIPPED | SKIPPED | SKIPPED | +-------------------------------+--------------------+-------------------+------------------+-------------------------+-------------------+----------------------+ | Windows Server 2022 | SKIPPED | SKIPPED | SKIPPED | PASS | FAIL | PASS | +-------------------------------+--------------------+-------------------+------------------+-------------------------+-------------------+----------------------+ ==== 20 line log output for Windows Server 2022 (dpdk_msvc_compile): ==== ../lib/ethdev/rte_mirror.c(127): error C7707: call to '__c11_atomic_store': argument type 'rte_eth_mirror **_Atomic ' must be a pointer to an atomic type ../lib/ethdev/rte_mirror.c(194): warning C4090: 'function': different '_Atomic' qualifiers ../lib/ethdev/rte_mirror.c(196): warning C4090: 'function': different '_Atomic' qualifiers ../lib/ethdev/rte_mirror.c(224): error C7707: call to '__c11_atomic_store': argument type 'rte_eth_mirror **' must be a pointer to an atomic type ../lib/ethdev/rte_mirror.c(253): warning C4090: 'function': different '_Atomic' qualifiers ../lib/ethdev/rte_mirror.c(254): warning C4090: 'function': different '_Atomic' qualifiers [157/454] Compiling C object lib/librte_net.a.p/net_rte_arp.c.obj [158/454] Linking target lib/rte_mbuf-25.dll Creating library lib\rte_mbuf.lib and object lib\rte_mbuf.exp [159/454] Compiling C object lib/librte_ethdev.a.p/ethdev_sff_common.c.obj [160/454] Compiling C object lib/librte_ethdev.a.p/ethdev_sff_telemetry.c.obj [161/454] Compiling C object lib/librte_ethdev.a.p/ethdev_sff_8472.c.obj [162/454] Compiling C object lib/librte_ethdev.a.p/ethdev_ethdev_profile.c.obj [163/454] Compiling C object lib/librte_ethdev.a.p/ethdev_rte_class_eth.c.obj [164/454] Compiling C object lib/librte_ethdev.a.p/ethdev_ethdev_trace_points.c.obj [165/454] Compiling C object lib/librte_ethdev.a.p/ethdev_rte_flow.c.obj ninja: build stopped: subcommand failed. INFO: autodetecting backend as ninja INFO: calculating backend command to run: "C:\Program Files\Meson\ninja.EXE" -C C:/Users/builder/jenkins/workspace/Windows-Compile-DPDK-VS/dpdk/build ==== End log output ==== CentOS Stream 9 Kernel: 5.15 Compiler: gcc gcc (GCC) 11.5.0 20240719 (Red Hat 11.5.0-7) Debian GNU/Linux 12 Kernel: 5.15 Compiler: gcc gcc (Debian 12.2.0-14+deb12u1) 12.2.0 CentOS Stream 10 Kernel: 5.15 Compiler: gcc gcc (GCC) 14.2.1 20250110 (Red Hat 14.2.1-8) Fedora Linux 40 Kernel: 5.15 Compiler: clang gcc (GCC) 14.2.1 20240912 (Red Hat 14.2.1-3) Fedora Linux 41 Kernel: 5.15 Compiler: clang gcc (GCC) 14.3.1 20250523 (Red Hat 14.3.1-1) openSUSE Leap 15.6 Kernel: 5.15 Compiler: gcc gcc (SUSE Linux) 7.5.0 Red Hat Enterprise Linux 8.10 Kernel: 5.15 Compiler: gcc gcc (GCC) 8.5.0 20210514 (Red Hat 8.5.0-22) Red Hat Enterprise Linux 9.5 Kernel: 5.15 Compiler: gcc gcc (GCC) 11.5.0 20240719 (Red Hat 11.5.0-2) Ubuntu 20.04 Kernel: 5.15 Compiler: gcc gcc (Ubuntu 9.4.0-1ubuntu1~20.04.2) 9.4.0 Ubuntu 22.04 Kernel: 5.15 Compiler: gcc gcc (Ubuntu 11.4.0-1ubuntu1~22.04) 11.4.0 Ubuntu 24.04 Kernel: 5.15 Compiler: gcc gcc (Ubuntu 13.3.0-6ubuntu2~24.04) 13.3.0 Alpine Linux 3.22.0 Kernel: 5.15 Compiler: gcc gcc (Alpine 14.2.0) 14.2.0 FreeBSD 14.2 Kernel: 14.2-RELEASE Compiler: clang 18.1.6 Windows Server 2022 Kernel: 10.0.20348.2031 Compiler: clang 15.0.7, gcc 14.1.0 (MinGW), and MSVC VS 19.39.33521 To view detailed results, visit: https://lab.dpdk.org/results/dashboard/patchsets/33660/ UNH-IOL DPDK Community Lab To manage your email subscriptions, visit: https://lab.dpdk.org/results/dashboard/preferences/subscriptions/