From mboxrd@z Thu Jan 1 00:00:00 1970 Return-Path: Received: from mails.dpdk.org (mails.dpdk.org [217.70.189.124]) by inbox.dpdk.org (Postfix) with ESMTP id 4CED546B81 for ; Tue, 15 Jul 2025 21:27:46 +0200 (CEST) Received: from mails.dpdk.org (localhost [127.0.0.1]) by mails.dpdk.org (Postfix) with ESMTP id 28D684013F; Tue, 15 Jul 2025 21:27:46 +0200 (CEST) Received: from mail-pl1-f227.google.com (mail-pl1-f227.google.com [209.85.214.227]) by mails.dpdk.org (Postfix) with ESMTP id 378BE4013F for ; Tue, 15 Jul 2025 21:27:45 +0200 (CEST) Received: by mail-pl1-f227.google.com with SMTP id d9443c01a7336-235d6de331fso64601315ad.3 for ; Tue, 15 Jul 2025 12:27:45 -0700 (PDT) DKIM-Signature: v=1; a=rsa-sha256; c=relaxed/relaxed; d=iol.unh.edu; s=unh-iol; t=1752607664; x=1753212464; darn=dpdk.org; h=references:in-reply-to:cc:to:from:subject:message-id:date:from:to :cc:subject:date:message-id:reply-to; bh=0BI2zQiT7TGyLqM7wva1Dm2MS2svS4aUAVAWmJIEhZc=; b=EFiJDnutiNUT71jrvGkqkKZ9iEsvG/HIRfvQik4bnJ1y2ZMdn2Az9xGRzPlrmGjOVf zem9+v2Z/YXTd4Zf72Ix8wvjU4uqsvYANjFxO0arobSZqpvDSizxVam2E8aGRAYx13BP dLzpg1EbAN/RdFpjxwBs0keivMIl/1rwTM4K8= X-Google-DKIM-Signature: v=1; a=rsa-sha256; c=relaxed/relaxed; d=1e100.net; s=20230601; t=1752607664; x=1753212464; h=references:in-reply-to:cc:to:from:subject:message-id:date :x-gm-message-state:from:to:cc:subject:date:message-id:reply-to; bh=0BI2zQiT7TGyLqM7wva1Dm2MS2svS4aUAVAWmJIEhZc=; b=TnP8AkLRkXKk3Q00kaFsteFnADJs/2qXUP47ogec90/Rnrj397ROVC+wwdekHZhF+x PQr16Ab7IOJQOydda484VZsSAMd0G4O/iEZG8BhN7WvdL7EN3dCVQge6+5xNfNOPwcIi noOXZXiII0JcaNNF60ai1tDTcuuVsAfXvP42CFSB+ET81xY9j0M//4XFA2vzxqkoKLNK qo+NYUidvQCctjHQIGG7TeOYiMPw7yBviQMuC4+Hc/Jij00y9r8ZiXuhuoQTfHNFX/+r z6rQk8TnBxc/V8km1mi4R+XdawUz5RwpwfnnXidWb5d7dPJm7lFQClq6F7MApomfMYnC OeLw== X-Gm-Message-State: AOJu0Yx9LKtKUmsKFT6jjRhsAUEwnnfAViGK7e2EoXh90kSbm18RRXtQ SpNwNmtBBcC79bF24PiA3itIEG5kGOwJ/gWuK6iLHVAf+0Dow94WjcGkwsD3NvNGSO2m4aXTqdS /TWyRkckW18NnqaW6yvi8hFcLNo9oUeLyB5ScfEECOiXXecuGQ52Dmv2LlXXF X-Gm-Gg: ASbGncsPH8Q5RMaiPLf/Uh09fI2aBaxwjdUtawIpECA7UOrgA8Ycj8mOv+p7Xka0Tgc +o8nTqa3KU6T/2P4oGsRRLrsPL1gH+gG/Fz+Avai+LQ/5sOwyhwptxKqyVYIZaZy7RdJEcl05AQ luPtrwB3B+jU7axCGBWJIMx6NE0pKUVvuWLsfWuTqqv5AQsm3gb9hs0Fgjuf5XO5SbaJGWSPAci zRVNA6Tb/jy+/uJJLwjZMZz8htho2hFHi+SCazlAtn9gZxp/ouWEtbEzuTzWlA8A5xe201OT+Ig SCh8XRVfZbjqckXV2sy0P9uz5llb25gWR72ZQ8AczgdG0KsGow== X-Google-Smtp-Source: AGHT+IF5K7vi/GdeZKYBb0bOyBW4+LiW56s6E+xul4UOA/7GrvafgxKJtSSk79P3qDZPOMQ94hkbW/g03cTl X-Received: by 2002:a17:903:22cc:b0:23d:fda6:1ac6 with SMTP id d9443c01a7336-23e24f5663dmr2524105ad.39.1752607664089; Tue, 15 Jul 2025 12:27:44 -0700 (PDT) Received: from postal.iol.unh.edu (postal.iol.unh.edu. [2606:4100:3880:1234::84]) by smtp-relay.gmail.com with ESMTPS id d9443c01a7336-23de433bed3sm6702505ad.108.2025.07.15.12.27.43 (version=TLS1_2 cipher=ECDHE-ECDSA-AES128-GCM-SHA256 bits=128/128); Tue, 15 Jul 2025 12:27:44 -0700 (PDT) X-Relaying-Domain: iol.unh.edu Date: Tue, 15 Jul 2025 12:27:44 -0700 (PDT) Message-ID: <6876abb0.170a0220.1099bf.3562SMTPIN_ADDED_MISSING@mx.google.com> Received: from [172.21.0.5] (unknown [172.18.0.240]) by postal.iol.unh.edu (Postfix) with ESMTP id 6C4BE604D420; Tue, 15 Jul 2025 15:27:43 -0400 (EDT) Subject: |FAILURE| pw155228-155240 [PATCH] [v4,13/13] pdump: mark API and app From: dpdklab@iol.unh.edu To: Test Report Cc: dpdk-test-reports@iol.unh.edu, Stephen Hemminger In-Reply-To: <20250715161700.103209-14-stephen@networkplumber.org> References: <20250715161700.103209-14-stephen@networkplumber.org> Content-Type: text/plain X-BeenThere: test-report@dpdk.org X-Mailman-Version: 2.1.29 Precedence: list List-Id: automatic DPDK test reports List-Unsubscribe: , List-Archive: List-Post: List-Help: List-Subscribe: , Errors-To: test-report-bounces@dpdk.org Test-Label: iol-unit-arm64-testing Test-Status: FAILURE http://dpdk.org/patch/155240 _Testing issues_ Submitter: Stephen Hemminger Date: Tuesday, July 15 2025 16:15:51 DPDK git baseline: Repo:dpdk Branch: master CommitID:9fe9c0b231c8da5435bfccb1963121b4277f961c 155228-155240 --> testing issues Upstream job id: Generic-Unit-Test-DPDK#355550 Test environment and result as below: +------------------------------+--------------+------------------------------+---------------------------+----------------+ | Environment | lpm_autotest | cryptodev_sw_snow3g_autotest | cryptodev_sw_zuc_autotest | dpdk_unit_test | +==============================+==============+==============================+===========================+================+ | Ubuntu 20.04 | PASS | SKIPPED | SKIPPED | FAIL | +------------------------------+--------------+------------------------------+---------------------------+----------------+ | Debian 12 (arm) | SKIPPED | PASS | PASS | SKIPPED | +------------------------------+--------------+------------------------------+---------------------------+----------------+ | Fedora Linux 40 | SKIPPED | SKIPPED | SKIPPED | FAIL | +------------------------------+--------------+------------------------------+---------------------------+----------------+ | CentOS Stream 10 | SKIPPED | SKIPPED | SKIPPED | FAIL | +------------------------------+--------------+------------------------------+---------------------------+----------------+ | Debian GNU/Linux 12 | SKIPPED | SKIPPED | SKIPPED | FAIL | +------------------------------+--------------+------------------------------+---------------------------+----------------+ | Fedora Linux 41 | SKIPPED | SKIPPED | SKIPPED | FAIL | +------------------------------+--------------+------------------------------+---------------------------+----------------+ | CentOS Stream 9 | SKIPPED | SKIPPED | SKIPPED | FAIL | +------------------------------+--------------+------------------------------+---------------------------+----------------+ | Ubuntu 22.04 | SKIPPED | SKIPPED | SKIPPED | PASS | +------------------------------+--------------+------------------------------+---------------------------+----------------+ | Red Hat Enterprise Linux 9.5 | SKIPPED | SKIPPED | SKIPPED | FAIL | +------------------------------+--------------+------------------------------+---------------------------+----------------+ | Ubuntu 24.04 | SKIPPED | SKIPPED | SKIPPED | FAIL | +------------------------------+--------------+------------------------------+---------------------------+----------------+ ==== Unit test summary for Ubuntu 24.04 (dpdk_unit_test): ==== ninja: Entering directory `/home-local/jenkins-local/jenkins-agent/workspace/Generic-Unit-Test-DPDK/dpdk/build' ninja: no work to do. 1/121 DPDK:fast-tests / acl_autotest OK 8.66s 2/121 DPDK:fast-tests / alarm_autotest OK 1.32s 3/121 DPDK:fast-tests / argparse_autotest OK 0.31s 4/121 DPDK:fast-tests / atomic_autotest OK 10.11s 5/121 DPDK:fast-tests / bitcount_autotest OK 0.35s 6/121 DPDK:fast-tests / bitmap_autotest OK 0.32s 7/121 DPDK:fast-tests / bitops_autotest OK 1.81s 8/121 DPDK:fast-tests / bitratestats_autotest OK 0.34s 9/121 DPDK:fast-tests / bitset_autotest OK 7.17s 10/121 DPDK:fast-tests / bpf_autotest OK 0.32s 11/121 DPDK:fast-tests / bpf_convert_autotest OK 0.36s 12/121 DPDK:fast-tests / byteorder_autotest OK 0.33s 13/121 DPDK:fast-tests / cfgfile_autotest OK 0.31s 14/121 DPDK:fast-tests / cksum_autotest OK 0.31s 15/121 DPDK:fast-tests / cmdline_autotest OK 0.32s 16/121 DPDK:fast-tests / common_autotest OK 2.21s 17/121 DPDK:fast-tests / compressdev_autotest SKIP 0.19s exit status 77 18/121 DPDK:fast-tests / cpuflags_autotest OK 0.35s 19/121 DPDK:fast-tests / crc_autotest OK 0.32s 20/121 DPDK:fast-tests / user_delay_us OK 0.32s 21/121 DPDK:fast-tests / debug_autotest OK 1.78s 22/121 DPDK:fast-tests / devargs_autotest OK 0.32s 23/121 DPDK:fast-tests / dispatcher_autotest OK 4.65s 24/121 DPDK:fast-tests / distributor_autotest OK 1.12s 25/121 DPDK:fast-tests / eal_flags_c_opt_autotest OK 3.41s 26/121 DPDK:fast-tests / eal_flags_main_opt_autotest OK 0.88s 27/121 DPDK:fast-tests / eal_flags_n_opt_autotest OK 0.78s 28/121 DPDK:fast-tests / eal_flags_hpet_autotest OK 0.47s 29/121 DPDK:fast-tests / eal_flags_no_huge_autotest OK 0.90s 30/121 DPDK:fast-tests / eal_flags_a_opt_autotest OK 1.25s 31/121 DPDK:fast-tests / eal_flags_b_opt_autotest OK 0.99s 32/121 DPDK:fast-tests / eal_flags_vdev_opt_autotest OK 0.75s 33/121 DPDK:fast-tests / eal_flags_r_opt_autotest OK 0.74s 34/121 DPDK:fast-tests / eal_flags_mem_autotest OK 1.12s 35/121 DPDK:fast-tests / eal_flags_file_prefix_autotest OK 3.25s 36/121 DPDK:fast-tests / eal_flags_misc_autotest OK 4.12s 37/121 DPDK:fast-tests / eal_fs_autotest OK 0.35s 38/121 DPDK:fast-tests / errno_autotest OK 0.32s 39/121 DPDK:fast-tests / ethdev_link_status OK 0.31s 40/121 DPDK:fast-tests / ethdev_mirror FAIL 0.33s (exit status 255 or signal 127 SIGinvalid) >>> DPDK_TEST=ethdev_mirror MALLOC_PERTURB_=71 /home-local/jenkins-local/jenkins-agent/workspace/Generic-Unit-Test-DPDK/dpdk/build/app/dpdk-test --no-huge -m 2048 41/121 DPDK:fast-tests / event_eth_tx_adapter_autotest OK 2.35s 42/121 DPDK:fast-tests / event_ring_autotest OK 0.35s 43/121 DPDK:fast-tests / eventdev_common_autotest OK 0.32s 44/121 DPDK:fast-tests / eventdev_selftest_sw OK 20.58s 45/121 DPDK:fast-tests / fbarray_autotest OK 0.33s 46/121 DPDK:fast-tests / fib_autotest OK 1.79s 47/121 DPDK:fast-tests / fib6_autotest OK 1.65s 48/121 DPDK:fast-tests / func_reentrancy_autotest OK 1.48s 49/121 DPDK:fast-tests / graph_autotest OK 0.36s 50/121 DPDK:fast-tests / node_list_dump OK 0.32s 51/121 DPDK:fast-tests / graph_feature_arc_autotest OK 0.31s 52/121 DPDK:fast-tests / hash_autotest OK 1.08s 53/121 DPDK:fast-tests / hash_readwrite_func_autotest OK 14.49s 54/121 DPDK:fast-tests / interrupt_autotest OK 1.38s 55/121 DPDK:fast-tests / ipfrag_autotest OK 0.18s 56/121 DPDK:fast-tests / ipsec_autotest SKIP 0.35s exit status 77 57/121 DPDK:fast-tests / kvargs_autotest OK 0.31s 58/121 DPDK:fast-tests / latencystats_autotest OK 0.33s 59/121 DPDK:fast-tests / lcore_var_autotest OK 1.34s 60/121 DPDK:fast-tests / lcores_autotest OK 6.30s 61/121 DPDK:fast-tests / logs_autotest OK 0.31s 62/121 DPDK:fast-tests / lpm_autotest OK 3.24s 63/121 DPDK:fast-tests / lpm6_autotest OK 9.82s 64/121 DPDK:fast-tests / malloc_autotest OK 0.88s 65/121 DPDK:fast-tests / mbuf_autotest OK 4.73s 66/121 DPDK:fast-tests / mcslock_autotest OK 1.76s 67/121 DPDK:fast-tests / member_autotest OK 2.95s 68/121 DPDK:fast-tests / memcpy_autotest OK 12.32s 69/121 DPDK:fast-tests / memory_autotest OK 0.19s 70/121 DPDK:fast-tests / mempool_autotest OK 0.68s 71/121 DPDK:fast-tests / memzone_autotest OK 0.20s 72/121 DPDK:fast-tests / meter_autotest OK 0.35s 73/121 DPDK:fast-tests / metrics_autotest OK 0.31s 74/121 DPDK:fast-tests / multiprocess_autotest OK 1.16s 75/121 DPDK:fast-tests / net_ether_autotest OK 1.93s 76/121 DPDK:fast-tests / net_ipv6_autotest OK 0.31s 77/121 DPDK:fast-tests / pcapng_autotest OK 6.83s 78/121 DPDK:fast-tests / pdcp_autotest SKIP 0.19s exit status 77 79/121 DPDK:fast-tests / pdump_autotest OK 0.91s 80/121 DPDK:fast-tests / per_lcore_autotest OK 0.42s 81/121 DPDK:fast-tests / pflock_autotest OK 0.68s 82/121 DPDK:fast-tests / pie_autotest OK 0.31s 83/121 DPDK:fast-tests / ring_pmd_autotest OK 0.33s 84/121 DPDK:fast-tests / power_autotest OK 0.32s 85/121 DPDK:fast-tests / power_cpufreq_autotest SKIP 0.17s exit status 77 86/121 DPDK:fast-tests / power_intel_uncore_autotest SKIP 0.35s exit status 77 87/121 DPDK:fast-tests / power_kvm_vm_autotest SKIP 0.17s exit status 77 88/121 DPDK:fast-tests / prefetch_autotest OK 0.35s 89/121 DPDK:fast-tests / ptr_compress_autotest OK 0.32s 90/121 DPDK:fast-tests / rawdev_autotest OK 0.33s 91/121 DPDK:fast-tests / rcu_qsbr_autotest OK 1.35s 92/121 DPDK:fast-tests / reorder_autotest OK 0.84s 93/121 DPDK:fast-tests / rib_autotest OK 7.83s 94/121 DPDK:fast-tests / rib6_autotest OK 8.10s 95/121 DPDK:fast-tests / ring_autotest OK 0.38s 96/121 DPDK:fast-tests / rwlock_test1_autotest OK 0.66s 97/121 DPDK:fast-tests / rwlock_rda_autotest OK 5.32s 98/121 DPDK:fast-tests / rwlock_rds_wrm_autotest OK 5.32s 99/121 DPDK:fast-tests / rwlock_rde_wro_autotest OK 5.41s 100/121 DPDK:fast-tests / sched_autotest OK 0.33s 101/121 DPDK:fast-tests / security_autotest OK 0.18s 102/121 DPDK:fast-tests / seqlock_autotest OK 2.35s 103/121 DPDK:fast-tests / service_autotest OK 3.02s 104/121 DPDK:fast-tests / soring_autotest OK 0.34s 105/121 DPDK:fast-tests / spinlock_autotest OK 0.35s 106/121 DPDK:fast-tests / stack_autotest OK 0.69s 107/121 DPDK:fast-tests / stack_lf_autotest OK 0.65s 108/121 DPDK:fast-tests / string_autotest OK 0.35s 109/121 DPDK:fast-tests / table_autotest OK 14.36s 110/121 DPDK:fast-tests / tailq_autotest OK 0.32s 111/121 DPDK:fast-tests / telemetry_data_autotest OK 0.36s 112/121 DPDK:fast-tests / telemetry_json_autotest OK 0.32s 113/121 DPDK:fast-tests / thash_autotest OK 0.42s 114/121 DPDK:fast-tests / threads_autotest OK 0.52s 115/121 DPDK:fast-tests / ticketlock_autotest OK 0.38s 116/121 DPDK:fast-tests / timer_autotest OK 3.44s 117/121 DPDK:fast-tests / trace_autotest OK 0.37s 118/121 DPDK:fast-tests / trace_autotest_with_traces OK 0.35s 119/121 DPDK:fast-tests / vdev_autotest OK 0.32s 120/121 DPDK:fast-tests / version_autotest OK 0.34s 121/121 DPDK:fast-tests / telemetry_all OK 1.16s Ok: 114 Expected Fail: 0 Fail: 1 Unexpected Pass: 0 Skipped: 6 Timeout: 0 Full log written to /home-local/jenkins-local/jenkins-agent/workspace/Generic-Unit-Test-DPDK/dpdk/build/meson-logs/testlog.txt Test log output from the failed test ethdev_mirror: Sorry, we were not able to find the logs for this test. Download the log output from the CI site for this test run. ==== End log output ==== Ubuntu 20.04 Kernel: 5.4 Compiler: gcc gcc (Ubuntu 9.4.0-1ubuntu1~20.04.2) 9.4.0 Debian 12 (arm) Kernel: Depends on container host Compiler: gcc (Debian 12.2.0-14) 12.2.0 Fedora Linux 40 Kernel: 5.4 Compiler: gcc gcc (GCC) 14.2.1 20240912 (Red Hat 14.2.1-3) CentOS Stream 10 Kernel: 5.4 Compiler: gcc gcc (GCC) 14.2.1 20250110 (Red Hat 14.2.1-8) Debian GNU/Linux 12 Kernel: 5.4 Compiler: gcc gcc (Debian 12.2.0-14+deb12u1) 12.2.0 Fedora Linux 41 Kernel: 5.4 Compiler: clang gcc (GCC) 14.3.1 20250523 (Red Hat 14.3.1-1) CentOS Stream 9 Kernel: 5.4 Compiler: gcc gcc (GCC) 11.5.0 20240719 (Red Hat 11.5.0-7) Ubuntu 22.04 Kernel: 5.4 Compiler: gcc gcc (Ubuntu 11.4.0-1ubuntu1~22.04) 11.4.0 Red Hat Enterprise Linux 9.5 Kernel: 5.4 Compiler: gcc gcc (GCC) 11.5.0 20240719 (Red Hat 11.5.0-2) Ubuntu 24.04 Kernel: 5.4 Compiler: gcc gcc (Ubuntu 13.3.0-6ubuntu2~24.04) 13.3.0 To view detailed results, visit: https://lab.dpdk.org/results/dashboard/patchsets/33660/ UNH-IOL DPDK Community Lab To manage your email subscriptions, visit: https://lab.dpdk.org/results/dashboard/preferences/subscriptions/