automatic DPDK test reports
 help / color / mirror / Atom feed
From: dpdklab@iol.unh.edu
To: Test Report <test-report@dpdk.org>
Cc: dpdk-test-reports@iol.unh.edu
Subject: |SUCCESS| pw155290-155292 [PATCH] [v6,3/3] doc: revise coding guidel
Date: Wed, 16 Jul 2025 14:31:31 -0700 (PDT)	[thread overview]
Message-ID: <68781a33.170a0220.2dfe88.b382SMTPIN_ADDED_MISSING@mx.google.com> (raw)
In-Reply-To: <20250716182546.58567-3-dmarx@iol.unh.edu>

Test-Label: iol-sample-apps-testing
Test-Status: SUCCESS
http://dpdk.org/patch/155292

_Testing PASS_

Submitter: Dean Marx <dmarx@iol.unh.edu>
Date: Wednesday, July 16 2025 18:25:46 
DPDK git baseline: Repo:dpdk
  Branch: master
  CommitID:9fe9c0b231c8da5435bfccb1963121b4277f961c

155290-155292 --> testing pass

Upstream job id: ACVP-FIPS-testing#10522

Test environment and result as below:

+--------------+----------------------+
| Environment  | dpdk_fips_validation |
+==============+======================+
| Ubuntu 20.04 | PASS                 |
+--------------+----------------------+


Ubuntu 20.04
	Kernel: 5.15
	Compiler: gcc gcc (Ubuntu 9.4.0-1ubuntu1~20.04.2) 9.4.0

To view detailed results, visit:
https://lab.dpdk.org/results/dashboard/patchsets/33673/

UNH-IOL DPDK Community Lab

To manage your email subscriptions, visit: 
https://lab.dpdk.org/results/dashboard/preferences/subscriptions/

  parent reply	other threads:[~2025-07-16 21:31 UTC|newest]

Thread overview: 22+ messages / expand[flat|nested]  mbox.gz  Atom feed  top
     [not found] <20250716182546.58567-3-dmarx@iol.unh.edu>
2025-07-16 17:51 ` |SUCCESS| pw155290-155292 [PATCH v6 3/3] doc: revise coding guidelines section qemudev
2025-07-16 17:56 ` qemudev
2025-07-16 18:25 ` |WARNING| pw155292 " checkpatch
2025-07-16 19:23 ` |FAILURE| " 0-day Robot
2025-07-16 19:36 ` |SUCCESS| pw155290-155292 [PATCH] [v6,3/3] doc: revise coding guidel dpdklab
2025-07-16 19:49 ` |PENDING| " dpdklab
2025-07-16 19:54 ` |SUCCESS| " dpdklab
2025-07-16 19:54 ` |PENDING| " dpdklab
2025-07-16 19:54 ` dpdklab
2025-07-16 19:55 ` |SUCCESS| " dpdklab
2025-07-16 20:08 ` dpdklab
2025-07-16 20:13 ` dpdklab
2025-07-16 20:14 ` dpdklab
2025-07-16 20:17 ` dpdklab
2025-07-16 20:33 ` dpdklab
2025-07-16 20:33 ` |PENDING| " dpdklab
2025-07-16 20:45 ` |SUCCESS| " dpdklab
2025-07-16 20:46 ` dpdklab
2025-07-16 21:05 ` dpdklab
2025-07-16 21:31 ` dpdklab [this message]
2025-07-16 22:23 ` dpdklab
2025-07-17  0:14 ` dpdklab

Reply instructions:

You may reply publicly to this message via plain-text email
using any one of the following methods:

* Save the following mbox file, import it into your mail client,
  and reply-to-all from there: mbox

  Avoid top-posting and favor interleaved quoting:
  https://en.wikipedia.org/wiki/Posting_style#Interleaved_style

* Reply using the --to, --cc, and --in-reply-to
  switches of git-send-email(1):

  git send-email \
    --in-reply-to=68781a33.170a0220.2dfe88.b382SMTPIN_ADDED_MISSING@mx.google.com \
    --to=dpdklab@iol.unh.edu \
    --cc=dpdk-test-reports@iol.unh.edu \
    --cc=test-report@dpdk.org \
    /path/to/YOUR_REPLY

  https://kernel.org/pub/software/scm/git/docs/git-send-email.html

* If your mail client supports setting the In-Reply-To header
  via mailto: links, try the mailto: link
Be sure your reply has a Subject: header at the top and a blank line before the message body.
This is a public inbox, see mirroring instructions
for how to clone and mirror all data and code used for this inbox;
as well as URLs for NNTP newsgroup(s).