automatic DPDK test reports
 help / color / mirror / Atom feed
From: dpdklab@iol.unh.edu
To: Test Report <test-report@dpdk.org>
Cc: dpdk-test-reports@iol.unh.edu
Subject: |PENDING| pw155207 [PATCH] [v1] mailmap: add new email to DPDK
Date: Thu, 17 Jul 2025 06:42:05 -0700 (PDT)	[thread overview]
Message-ID: <6878fdad.050a0220.2905dc.6c00SMTPIN_ADDED_MISSING@mx.google.com> (raw)
In-Reply-To: <20250714191141.1243467-1-pravin.pathak@intel.com>

Test-Label: iol-abi-testing
Test-Status: PENDING
http://dpdk.org/patch/155207

_Testing pending RETEST #1_

Submitter: Pravin Pathak <pravin.pathak@intel.com>
Date: Monday, July 14 2025 19:11:41 
DPDK git baseline: Repo:dpdk
  Branch: master
  CommitID:9fe9c0b231c8da5435bfccb1963121b4277f961c

155207 --> testing pending

Upstream job id: Generic-DPDK-Compile-ABI#134678

Test environment and result as below:

+-------------------------------+----------+
|          Environment          | abi_test |
+===============================+==========+
| Fedora Linux 41               | PEND     |
+-------------------------------+----------+
| CentOS Stream 10              | PEND     |
+-------------------------------+----------+
| Debian GNU/Linux 12           | PEND     |
+-------------------------------+----------+
| CentOS Stream 9               | PEND     |
+-------------------------------+----------+
| Fedora Linux 40               | PEND     |
+-------------------------------+----------+
| Red Hat Enterprise Linux 8.10 | PEND     |
+-------------------------------+----------+
| openSUSE Leap 15.6            | PEND     |
+-------------------------------+----------+
| Ubuntu 22.04                  | PEND     |
+-------------------------------+----------+
| Red Hat Enterprise Linux 9.5  | PEND     |
+-------------------------------+----------+
| Ubuntu 24.04                  | PASS     |
+-------------------------------+----------+


Fedora Linux 41
	Kernel: 5.15
	Compiler: gcc gcc (GCC) 14.3.1 20250523 (Red Hat 14.3.1-1)

CentOS Stream 10
	Kernel: 5.15
	Compiler: gcc gcc (GCC) 14.2.1 20250110 (Red Hat 14.2.1-8)

Debian GNU/Linux 12
	Kernel: 5.15
	Compiler: gcc gcc (Debian 12.2.0-14+deb12u1) 12.2.0

CentOS Stream 9
	Kernel: 5.15
	Compiler: gcc gcc (GCC) 11.5.0 20240719 (Red Hat 11.5.0-7)

Fedora Linux 40
	Kernel: 5.15
	Compiler: clang gcc (GCC) 14.2.1 20240912 (Red Hat 14.2.1-3)

Red Hat Enterprise Linux 8.10
	Kernel: 5.15
	Compiler: gcc gcc (GCC) 8.5.0 20210514 (Red Hat 8.5.0-22)

openSUSE Leap 15.6
	Kernel: 5.15
	Compiler: gcc gcc (SUSE Linux) 7.5.0

Ubuntu 22.04
	Kernel: 5.15
	Compiler: gcc gcc (Ubuntu 11.4.0-1ubuntu1~22.04) 11.4.0

Red Hat Enterprise Linux 9.5
	Kernel: 5.15
	Compiler: gcc gcc (GCC) 11.5.0 20240719 (Red Hat 11.5.0-2)

Ubuntu 24.04
	Kernel: 5.15
	Compiler: gcc gcc (Ubuntu 13.3.0-6ubuntu2~24.04) 13.3.0

To view detailed results, visit:
https://lab.dpdk.org/results/dashboard/patchsets/33652/

UNH-IOL DPDK Community Lab

To manage your email subscriptions, visit: 
https://lab.dpdk.org/results/dashboard/preferences/subscriptions/

  parent reply	other threads:[~2025-07-17 13:42 UTC|newest]

Thread overview: 52+ messages / expand[flat|nested]  mbox.gz  Atom feed  top
     [not found] <20250714191141.1243467-1-pravin.pathak@intel.com>
2025-07-14 18:37 ` |SUCCESS| pw155207 [PATCH v1] " qemudev
2025-07-14 18:43 ` |FAILURE| " qemudev
2025-07-14 19:11 ` |SUCCESS| " checkpatch
2025-07-14 19:55 ` |FAILURE| pw155207 [PATCH] [v1] " dpdklab
2025-07-14 20:00 ` |PENDING| " dpdklab
2025-07-14 20:02 ` |SUCCESS| " dpdklab
2025-07-14 20:10 ` dpdklab
2025-07-14 20:14 ` |PENDING| " dpdklab
2025-07-14 20:17 ` dpdklab
2025-07-14 20:19 ` |SUCCESS| " dpdklab
2025-07-14 20:23 ` |SUCCESS| pw155207 [PATCH v1] " 0-day Robot
2025-07-14 20:31 ` |PENDING| pw155207 [PATCH] [v1] " dpdklab
2025-07-14 20:39 ` dpdklab
2025-07-14 20:43 ` |SUCCESS| " dpdklab
2025-07-14 21:06 ` dpdklab
2025-07-14 21:17 ` dpdklab
2025-07-14 21:28 ` dpdklab
2025-07-14 21:28 ` dpdklab
2025-07-14 22:53 ` dpdklab
2025-07-14 23:08 ` dpdklab
2025-07-14 23:46 ` dpdklab
2025-07-15  5:34 ` dpdklab
2025-07-15  6:42 ` |FAILURE| " dpdklab
2025-07-17 12:31 ` |SUCCESS| pw155207 [PATCH v1] " qemudev
2025-07-17 12:36 ` qemudev
2025-07-17 12:44 ` qemudev
2025-07-17 12:50 ` |FAILURE| " qemudev
2025-07-17 13:37 ` |PENDING| pw155207 [PATCH] [v1] " dpdklab
2025-07-17 13:39 ` dpdklab
2025-07-17 13:40 ` |SUCCESS| " dpdklab
2025-07-17 13:40 ` |PENDING| " dpdklab
2025-07-17 13:42 ` dpdklab [this message]
2025-07-17 13:43 ` |SUCCESS| " dpdklab
2025-07-17 13:49 ` |PENDING| " dpdklab
2025-07-17 13:55 ` |SUCCESS| " dpdklab
2025-07-17 13:57 ` dpdklab
2025-07-17 13:57 ` dpdklab
2025-07-17 14:07 ` dpdklab
2025-07-17 14:18 ` dpdklab
2025-07-17 14:28 ` dpdklab
2025-07-17 14:38 ` dpdklab
2025-07-17 14:44 ` dpdklab
2025-07-17 14:48 ` dpdklab
2025-07-17 17:08 ` dpdklab
2025-07-17 17:55 ` dpdklab
2025-07-17 18:20 ` dpdklab
2025-07-17 18:28 ` dpdklab
2025-07-17 18:43 ` dpdklab
2025-07-17 18:48 ` dpdklab
2025-07-18  0:00 ` |SUCCESS| pw155207 [PATCH v1] " qemudev
2025-07-18  0:04 ` qemudev
2025-07-18  0:12 ` |SUCCESS| pw155207 [PATCH] [v1] " dpdklab

Reply instructions:

You may reply publicly to this message via plain-text email
using any one of the following methods:

* Save the following mbox file, import it into your mail client,
  and reply-to-all from there: mbox

  Avoid top-posting and favor interleaved quoting:
  https://en.wikipedia.org/wiki/Posting_style#Interleaved_style

* Reply using the --to, --cc, and --in-reply-to
  switches of git-send-email(1):

  git send-email \
    --in-reply-to=6878fdad.050a0220.2905dc.6c00SMTPIN_ADDED_MISSING@mx.google.com \
    --to=dpdklab@iol.unh.edu \
    --cc=dpdk-test-reports@iol.unh.edu \
    --cc=test-report@dpdk.org \
    /path/to/YOUR_REPLY

  https://kernel.org/pub/software/scm/git/docs/git-send-email.html

* If your mail client supports setting the In-Reply-To header
  via mailto: links, try the mailto: link
Be sure your reply has a Subject: header at the top and a blank line before the message body.
This is a public inbox, see mirroring instructions
for how to clone and mirror all data and code used for this inbox;
as well as URLs for NNTP newsgroup(s).