From: dpdklab@iol.unh.edu
To: Test Report <test-report@dpdk.org>
Cc: dpdk-test-reports@iol.unh.edu,
Bruce Richardson <bruce.richardson@intel.com>
Subject: |FAILURE| pw155323 [PATCH] build: remove obsolete compiler checks
Date: Fri, 18 Jul 2025 07:26:01 -0700 (PDT) [thread overview]
Message-ID: <687a5979.050a0220.53da1.37b5SMTPIN_ADDED_MISSING@mx.google.com> (raw)
In-Reply-To: <20250718121402.856265-1-bruce.richardson@intel.com>
Test-Label: iol-compile-amd64-testing
Test-Status: FAILURE
http://dpdk.org/patch/155323
_Testing issues_
Submitter: Bruce Richardson <bruce.richardson@intel.com>
Date: Friday, July 18 2025 12:14:02
DPDK git baseline: Repo:dpdk
Branch: master
CommitID:20a053a223db35244b6daee98d71fdab631646b6
155323 --> testing issues
Upstream job id: Generic-DPDK-Compile-Meson#409752
Test environment and result as below:
+-------------------------------+--------------------+-------------------+------------------+-------------------------+-------------------+----------------------+
| Environment | dpdk_meson_compile | dpdk_compile_spdk | dpdk_compile_ovs | dpdk_llvm_clang_compile | dpdk_msvc_compile | dpdk_mingw64_compile |
+===============================+====================+===================+==================+=========================+===================+======================+
| CentOS Stream 9 | PASS | PASS | SKIPPED | SKIPPED | SKIPPED | SKIPPED |
+-------------------------------+--------------------+-------------------+------------------+-------------------------+-------------------+----------------------+
| CentOS Stream 10 | PASS | SKIPPED | SKIPPED | SKIPPED | SKIPPED | SKIPPED |
+-------------------------------+--------------------+-------------------+------------------+-------------------------+-------------------+----------------------+
| Debian GNU/Linux 12 | PASS | PASS | SKIPPED | SKIPPED | SKIPPED | SKIPPED |
+-------------------------------+--------------------+-------------------+------------------+-------------------------+-------------------+----------------------+
| Fedora Linux 41 | PASS | PASS | PASS | SKIPPED | SKIPPED | SKIPPED |
+-------------------------------+--------------------+-------------------+------------------+-------------------------+-------------------+----------------------+
| Fedora Linux 40 | PASS | PASS | SKIPPED | SKIPPED | SKIPPED | SKIPPED |
+-------------------------------+--------------------+-------------------+------------------+-------------------------+-------------------+----------------------+
| Red Hat Enterprise Linux 8.10 | PASS | SKIPPED | SKIPPED | SKIPPED | SKIPPED | SKIPPED |
+-------------------------------+--------------------+-------------------+------------------+-------------------------+-------------------+----------------------+
| Ubuntu 22.04 | PASS | PASS | SKIPPED | SKIPPED | SKIPPED | SKIPPED |
+-------------------------------+--------------------+-------------------+------------------+-------------------------+-------------------+----------------------+
| Red Hat Enterprise Linux 9.5 | PASS | SKIPPED | SKIPPED | SKIPPED | SKIPPED | SKIPPED |
+-------------------------------+--------------------+-------------------+------------------+-------------------------+-------------------+----------------------+
| Ubuntu 20.04 | PASS | SKIPPED | SKIPPED | SKIPPED | SKIPPED | SKIPPED |
+-------------------------------+--------------------+-------------------+------------------+-------------------------+-------------------+----------------------+
| Ubuntu 24.04 | PASS | PASS | PASS | SKIPPED | SKIPPED | SKIPPED |
+-------------------------------+--------------------+-------------------+------------------+-------------------------+-------------------+----------------------+
| Alpine Linux 3.22.0 | PASS | SKIPPED | SKIPPED | SKIPPED | SKIPPED | SKIPPED |
+-------------------------------+--------------------+-------------------+------------------+-------------------------+-------------------+----------------------+
| FreeBSD 14.2 | PASS | SKIPPED | SKIPPED | SKIPPED | SKIPPED | SKIPPED |
+-------------------------------+--------------------+-------------------+------------------+-------------------------+-------------------+----------------------+
| openSUSE Leap 15.6 | FAIL | SKIPPED | SKIPPED | SKIPPED | SKIPPED | SKIPPED |
+-------------------------------+--------------------+-------------------+------------------+-------------------------+-------------------+----------------------+
| Windows Server 2022 | SKIPPED | SKIPPED | SKIPPED | PASS | PASS | PASS |
+-------------------------------+--------------------+-------------------+------------------+-------------------------+-------------------+----------------------+
==== 20 line log output for openSUSE Leap 15.6 (dpdk_meson_compile): ====
vhost_for_each_try_unroll(i, 0, PACKED_BATCH_SIZE)
../lib/vhost/virtio_net.c:3393:0: error: ignoring #pragma GCC unroll [-Werror=unknown-pragmas]
vhost_for_each_try_unroll(i, 0, PACKED_BATCH_SIZE) {
../lib/vhost/virtio_net.c: In function 'virtio_dev_tx_async_packed_batch':
../lib/vhost/virtio_net.c:4037:0: error: ignoring #pragma GCC unroll [-Werror=unknown-pragmas]
vhost_for_each_try_unroll(i, 0, PACKED_BATCH_SIZE)
../lib/vhost/virtio_net.c:4040:0: error: ignoring #pragma GCC unroll [-Werror=unknown-pragmas]
vhost_for_each_try_unroll(i, 0, PACKED_BATCH_SIZE) {
../lib/vhost/virtio_net.c:4045:0: error: ignoring #pragma GCC unroll [-Werror=unknown-pragmas]
vhost_for_each_try_unroll(i, 0, PACKED_BATCH_SIZE) {
../lib/vhost/virtio_net.c:4055:0: error: ignoring #pragma GCC unroll [-Werror=unknown-pragmas]
vhost_for_each_try_unroll(i, 0, PACKED_BATCH_SIZE) {
cc1: all warnings being treated as errors
ninja: build stopped: subcommand failed.
==== End log output ====
CentOS Stream 9
Kernel: 5.15
Compiler: gcc gcc (GCC) 11.5.0 20240719 (Red Hat 11.5.0-7)
CentOS Stream 10
Kernel: 5.15
Compiler: gcc gcc (GCC) 14.2.1 20250110 (Red Hat 14.2.1-8)
Debian GNU/Linux 12
Kernel: 5.15
Compiler: gcc gcc (Debian 12.2.0-14+deb12u1) 12.2.0
Fedora Linux 41
Kernel: 5.15
Compiler: clang gcc (GCC) 14.3.1 20250523 (Red Hat 14.3.1-1)
Fedora Linux 40
Kernel: 5.15
Compiler: gcc gcc (GCC) 14.2.1 20240912 (Red Hat 14.2.1-3)
Red Hat Enterprise Linux 8.10
Kernel: 5.15
Compiler: gcc gcc (GCC) 8.5.0 20210514 (Red Hat 8.5.0-22)
Ubuntu 22.04
Kernel: 5.15
Compiler: gcc gcc (Ubuntu 11.4.0-1ubuntu1~22.04) 11.4.0
Red Hat Enterprise Linux 9.5
Kernel: 5.15
Compiler: gcc gcc (GCC) 11.5.0 20240719 (Red Hat 11.5.0-2)
Ubuntu 20.04
Kernel: 5.15
Compiler: gcc gcc (Ubuntu 9.4.0-1ubuntu1~20.04.2) 9.4.0
Ubuntu 24.04
Kernel: 5.15
Compiler: gcc gcc (Ubuntu 13.3.0-6ubuntu2~24.04) 13.3.0
Alpine Linux 3.22.0
Kernel: 5.15
Compiler: gcc gcc (Alpine 14.2.0) 14.2.0
FreeBSD 14.2
Kernel: 14.2-RELEASE
Compiler: clang 18.1.6
openSUSE Leap 15.6
Kernel: 5.15
Compiler: gcc gcc (SUSE Linux) 7.5.0
Windows Server 2022
Kernel: 10.0.20348.2031
Compiler: clang 15.0.7, gcc 14.1.0 (MinGW), and MSVC VS 19.39.33521
To view detailed results, visit:
https://lab.dpdk.org/results/dashboard/patchsets/33687/
UNH-IOL DPDK Community Lab
To manage your email subscriptions, visit:
https://lab.dpdk.org/results/dashboard/preferences/subscriptions/
prev parent reply other threads:[~2025-07-18 14:26 UTC|newest]
Thread overview: 24+ messages / expand[flat|nested] mbox.gz Atom feed top
[not found] <20250718121402.856265-1-bruce.richardson@intel.com>
2025-07-18 11:39 ` |SUCCESS| " qemudev
2025-07-18 11:44 ` qemudev
2025-07-18 12:14 ` checkpatch
2025-07-18 12:51 ` dpdklab
2025-07-18 12:51 ` |PENDING| " dpdklab
2025-07-18 12:52 ` dpdklab
2025-07-18 12:58 ` |SUCCESS| " dpdklab
2025-07-18 12:59 ` |PENDING| " dpdklab
2025-07-18 13:05 ` |SUCCESS| " dpdklab
2025-07-18 13:06 ` dpdklab
2025-07-18 13:08 ` dpdklab
2025-07-18 13:08 ` dpdklab
2025-07-18 13:23 ` 0-day Robot
2025-07-18 13:28 ` dpdklab
2025-07-18 13:30 ` |PENDING| " dpdklab
2025-07-18 13:36 ` |SUCCESS| " dpdklab
2025-07-18 13:50 ` dpdklab
2025-07-18 13:50 ` |PENDING| " dpdklab
2025-07-18 13:51 ` |SUCCESS| " dpdklab
2025-07-18 13:51 ` dpdklab
2025-07-18 13:52 ` dpdklab
2025-07-18 13:53 ` dpdklab
2025-07-18 13:57 ` dpdklab
2025-07-18 14:26 ` dpdklab [this message]
Reply instructions:
You may reply publicly to this message via plain-text email
using any one of the following methods:
* Save the following mbox file, import it into your mail client,
and reply-to-all from there: mbox
Avoid top-posting and favor interleaved quoting:
https://en.wikipedia.org/wiki/Posting_style#Interleaved_style
* Reply using the --to, --cc, and --in-reply-to
switches of git-send-email(1):
git send-email \
--in-reply-to=687a5979.050a0220.53da1.37b5SMTPIN_ADDED_MISSING@mx.google.com \
--to=dpdklab@iol.unh.edu \
--cc=bruce.richardson@intel.com \
--cc=dpdk-test-reports@iol.unh.edu \
--cc=test-report@dpdk.org \
/path/to/YOUR_REPLY
https://kernel.org/pub/software/scm/git/docs/git-send-email.html
* If your mail client supports setting the In-Reply-To header
via mailto: links, try the mailto: link
Be sure your reply has a Subject: header at the top and a blank line
before the message body.
This is a public inbox, see mirroring instructions
for how to clone and mirror all data and code used for this inbox;
as well as URLs for NNTP newsgroup(s).