From mboxrd@z Thu Jan 1 00:00:00 1970 Return-Path: Received: from mails.dpdk.org (mails.dpdk.org [217.70.189.124]) by inbox.dpdk.org (Postfix) with ESMTP id BB15146BAC for ; Fri, 18 Jul 2025 16:26:04 +0200 (CEST) Received: from mails.dpdk.org (localhost [127.0.0.1]) by mails.dpdk.org (Postfix) with ESMTP id 8DBA84014F; Fri, 18 Jul 2025 16:26:04 +0200 (CEST) Received: from mail-io1-f99.google.com (mail-io1-f99.google.com [209.85.166.99]) by mails.dpdk.org (Postfix) with ESMTP id DE4B64014F for ; Fri, 18 Jul 2025 16:26:02 +0200 (CEST) Received: by mail-io1-f99.google.com with SMTP id ca18e2360f4ac-87b92a32bb0so177352439f.1 for ; Fri, 18 Jul 2025 07:26:02 -0700 (PDT) DKIM-Signature: v=1; a=rsa-sha256; c=relaxed/relaxed; d=iol.unh.edu; s=unh-iol; t=1752848762; x=1753453562; darn=dpdk.org; h=references:in-reply-to:cc:to:from:subject:message-id:date:from:to :cc:subject:date:message-id:reply-to; bh=suF7Er66S5FsLCtrfgrNa7stuhU2e1Ot7qz5BXGPzjE=; b=ecGg/tgH2Tj5TF1xZcs4b8HKAABvyobtPNXrdjtR9kMAWeUdMqp0clK8iQJ9a7ZohY paybA0LqRLEES7uj4EkGMlBdR9SLdF0zHiIyYnFwrDHWQuBriFX8IYSUfd6oLdYStevz sGAqPcDfPxLC79NzuGqmU6hlxokyUB1cmh0OE= X-Google-DKIM-Signature: v=1; a=rsa-sha256; c=relaxed/relaxed; d=1e100.net; s=20230601; t=1752848762; x=1753453562; h=references:in-reply-to:cc:to:from:subject:message-id:date :x-gm-message-state:from:to:cc:subject:date:message-id:reply-to; bh=suF7Er66S5FsLCtrfgrNa7stuhU2e1Ot7qz5BXGPzjE=; b=HY0/vIRQuUN0LBVS4D32ISp4M/3A0+qoplpJW/j6B81q/RKZeXAurKDLUgfXwl5qtD xLZjBPJiu3WwKoXWlR6oX3ZOT56X0FKSl0FqaMqDMcBsEzOzka3TDnOdy33Laow4SONb 3kvxFX5E5dwRonyX+Z/rBk9MScNoi1jucmUbVHrWR0zyf+BYe7kvxubPxhX+gTvArryi 9LTgIK1XWe2pD7w14PCsLrnvg7sQ4dhCA5NFIvqzXUVviG0G1R+vd1pm+PmYb6BoQaoD Si7PCGhVhP2W8GvXHYB//2ls66rhlAWWWPErFu36u8aoENKEoeFbMi61H7TadWYyz/2/ 9Udw== X-Gm-Message-State: AOJu0YyOHLHyha3ojLcAY9dqvafgTefS4VL2qfQqL8cuJ+1TEDQwMLyN U+GFHjL3ODwh/YxEW4y+thseBLnK+/X7CVvNibUhvAanYSP9SqBVUXn2fH3Es4g5M2dzg20HbhL hqyf4Gw/wX0xtZ2hHk1IefuZ9fi6+kxAq/0vteJfleZQ1 X-Gm-Gg: ASbGncvMWes/2kLLfOxZqovOaI3NvszFn/MgY4kM/Z5OFbTfW62mODPCRCiLJN6J9fW MrpFhlSIopW9MHxxgrKKiusz3gW3yYnRQhy7/sDaYUPh4+F3fQP+LBqHwLzrOYj4Fytt2nQXxXz bP7QAk+FpDbxnflA666dPvGrsGAJ26TqtBgWySnoLtPHZlzxQZgX0KU4aTD/eVFEF52XqcAgaVL SP2GBnp959tMYAsY91wF7vO+tt/NbyKVqMtyThOEmKHOvqrdxQUeZ7dO9XMYa6vawxb1XLXrCWs KOvFmqXbu5OvjBBvr5ad9dE3vwJj86zwV3ADhrtUhspaBXIy2ISeulhpv2I5IO4Cq3ngBgT6 X-Google-Smtp-Source: AGHT+IEgWdf9HLxyEa9SG4fjRXPOHd2M41n8DoHJgFV4E1gF9EpJiXAYe6JmUVNhvlkyoiSAiyYiYE04FPbd X-Received: by 2002:a05:6e02:168d:b0:3e2:9e61:433c with SMTP id e9e14a558f8ab-3e29e614569mr3775165ab.15.1752848761928; Fri, 18 Jul 2025 07:26:01 -0700 (PDT) Received: from postal.iol.unh.edu (postal.iol.unh.edu. [132.177.123.84]) by smtp-relay.gmail.com with ESMTPS id 8926c6da1cb9f-5084c8f541asm66966173.35.2025.07.18.07.26.01 (version=TLS1_2 cipher=ECDHE-ECDSA-AES128-GCM-SHA256 bits=128/128); Fri, 18 Jul 2025 07:26:01 -0700 (PDT) X-Relaying-Domain: iol.unh.edu Date: Fri, 18 Jul 2025 07:26:01 -0700 (PDT) Message-ID: <687a5979.050a0220.53da1.37b5SMTPIN_ADDED_MISSING@mx.google.com> Received: from [172.21.0.2] (unknown [172.18.0.240]) by postal.iol.unh.edu (Postfix) with ESMTP id 79ABB604D420; Fri, 18 Jul 2025 10:26:01 -0400 (EDT) Subject: |FAILURE| pw155323 [PATCH] build: remove obsolete compiler checks From: dpdklab@iol.unh.edu To: Test Report Cc: dpdk-test-reports@iol.unh.edu, Bruce Richardson In-Reply-To: <20250718121402.856265-1-bruce.richardson@intel.com> References: <20250718121402.856265-1-bruce.richardson@intel.com> Content-Type: text/plain X-BeenThere: test-report@dpdk.org X-Mailman-Version: 2.1.29 Precedence: list List-Id: automatic DPDK test reports List-Unsubscribe: , List-Archive: List-Post: List-Help: List-Subscribe: , Errors-To: test-report-bounces@dpdk.org Test-Label: iol-compile-amd64-testing Test-Status: FAILURE http://dpdk.org/patch/155323 _Testing issues_ Submitter: Bruce Richardson Date: Friday, July 18 2025 12:14:02 DPDK git baseline: Repo:dpdk Branch: master CommitID:20a053a223db35244b6daee98d71fdab631646b6 155323 --> testing issues Upstream job id: Generic-DPDK-Compile-Meson#409752 Test environment and result as below: +-------------------------------+--------------------+-------------------+------------------+-------------------------+-------------------+----------------------+ | Environment | dpdk_meson_compile | dpdk_compile_spdk | dpdk_compile_ovs | dpdk_llvm_clang_compile | dpdk_msvc_compile | dpdk_mingw64_compile | +===============================+====================+===================+==================+=========================+===================+======================+ | CentOS Stream 9 | PASS | PASS | SKIPPED | SKIPPED | SKIPPED | SKIPPED | +-------------------------------+--------------------+-------------------+------------------+-------------------------+-------------------+----------------------+ | CentOS Stream 10 | PASS | SKIPPED | SKIPPED | SKIPPED | SKIPPED | SKIPPED | +-------------------------------+--------------------+-------------------+------------------+-------------------------+-------------------+----------------------+ | Debian GNU/Linux 12 | PASS | PASS | SKIPPED | SKIPPED | SKIPPED | SKIPPED | +-------------------------------+--------------------+-------------------+------------------+-------------------------+-------------------+----------------------+ | Fedora Linux 41 | PASS | PASS | PASS | SKIPPED | SKIPPED | SKIPPED | +-------------------------------+--------------------+-------------------+------------------+-------------------------+-------------------+----------------------+ | Fedora Linux 40 | PASS | PASS | SKIPPED | SKIPPED | SKIPPED | SKIPPED | +-------------------------------+--------------------+-------------------+------------------+-------------------------+-------------------+----------------------+ | Red Hat Enterprise Linux 8.10 | PASS | SKIPPED | SKIPPED | SKIPPED | SKIPPED | SKIPPED | +-------------------------------+--------------------+-------------------+------------------+-------------------------+-------------------+----------------------+ | Ubuntu 22.04 | PASS | PASS | SKIPPED | SKIPPED | SKIPPED | SKIPPED | +-------------------------------+--------------------+-------------------+------------------+-------------------------+-------------------+----------------------+ | Red Hat Enterprise Linux 9.5 | PASS | SKIPPED | SKIPPED | SKIPPED | SKIPPED | SKIPPED | +-------------------------------+--------------------+-------------------+------------------+-------------------------+-------------------+----------------------+ | Ubuntu 20.04 | PASS | SKIPPED | SKIPPED | SKIPPED | SKIPPED | SKIPPED | +-------------------------------+--------------------+-------------------+------------------+-------------------------+-------------------+----------------------+ | Ubuntu 24.04 | PASS | PASS | PASS | SKIPPED | SKIPPED | SKIPPED | +-------------------------------+--------------------+-------------------+------------------+-------------------------+-------------------+----------------------+ | Alpine Linux 3.22.0 | PASS | SKIPPED | SKIPPED | SKIPPED | SKIPPED | SKIPPED | +-------------------------------+--------------------+-------------------+------------------+-------------------------+-------------------+----------------------+ | FreeBSD 14.2 | PASS | SKIPPED | SKIPPED | SKIPPED | SKIPPED | SKIPPED | +-------------------------------+--------------------+-------------------+------------------+-------------------------+-------------------+----------------------+ | openSUSE Leap 15.6 | FAIL | SKIPPED | SKIPPED | SKIPPED | SKIPPED | SKIPPED | +-------------------------------+--------------------+-------------------+------------------+-------------------------+-------------------+----------------------+ | Windows Server 2022 | SKIPPED | SKIPPED | SKIPPED | PASS | PASS | PASS | +-------------------------------+--------------------+-------------------+------------------+-------------------------+-------------------+----------------------+ ==== 20 line log output for openSUSE Leap 15.6 (dpdk_meson_compile): ==== vhost_for_each_try_unroll(i, 0, PACKED_BATCH_SIZE) ../lib/vhost/virtio_net.c:3393:0: error: ignoring #pragma GCC unroll [-Werror=unknown-pragmas] vhost_for_each_try_unroll(i, 0, PACKED_BATCH_SIZE) { ../lib/vhost/virtio_net.c: In function 'virtio_dev_tx_async_packed_batch': ../lib/vhost/virtio_net.c:4037:0: error: ignoring #pragma GCC unroll [-Werror=unknown-pragmas] vhost_for_each_try_unroll(i, 0, PACKED_BATCH_SIZE) ../lib/vhost/virtio_net.c:4040:0: error: ignoring #pragma GCC unroll [-Werror=unknown-pragmas] vhost_for_each_try_unroll(i, 0, PACKED_BATCH_SIZE) { ../lib/vhost/virtio_net.c:4045:0: error: ignoring #pragma GCC unroll [-Werror=unknown-pragmas] vhost_for_each_try_unroll(i, 0, PACKED_BATCH_SIZE) { ../lib/vhost/virtio_net.c:4055:0: error: ignoring #pragma GCC unroll [-Werror=unknown-pragmas] vhost_for_each_try_unroll(i, 0, PACKED_BATCH_SIZE) { cc1: all warnings being treated as errors ninja: build stopped: subcommand failed. ==== End log output ==== CentOS Stream 9 Kernel: 5.15 Compiler: gcc gcc (GCC) 11.5.0 20240719 (Red Hat 11.5.0-7) CentOS Stream 10 Kernel: 5.15 Compiler: gcc gcc (GCC) 14.2.1 20250110 (Red Hat 14.2.1-8) Debian GNU/Linux 12 Kernel: 5.15 Compiler: gcc gcc (Debian 12.2.0-14+deb12u1) 12.2.0 Fedora Linux 41 Kernel: 5.15 Compiler: clang gcc (GCC) 14.3.1 20250523 (Red Hat 14.3.1-1) Fedora Linux 40 Kernel: 5.15 Compiler: gcc gcc (GCC) 14.2.1 20240912 (Red Hat 14.2.1-3) Red Hat Enterprise Linux 8.10 Kernel: 5.15 Compiler: gcc gcc (GCC) 8.5.0 20210514 (Red Hat 8.5.0-22) Ubuntu 22.04 Kernel: 5.15 Compiler: gcc gcc (Ubuntu 11.4.0-1ubuntu1~22.04) 11.4.0 Red Hat Enterprise Linux 9.5 Kernel: 5.15 Compiler: gcc gcc (GCC) 11.5.0 20240719 (Red Hat 11.5.0-2) Ubuntu 20.04 Kernel: 5.15 Compiler: gcc gcc (Ubuntu 9.4.0-1ubuntu1~20.04.2) 9.4.0 Ubuntu 24.04 Kernel: 5.15 Compiler: gcc gcc (Ubuntu 13.3.0-6ubuntu2~24.04) 13.3.0 Alpine Linux 3.22.0 Kernel: 5.15 Compiler: gcc gcc (Alpine 14.2.0) 14.2.0 FreeBSD 14.2 Kernel: 14.2-RELEASE Compiler: clang 18.1.6 openSUSE Leap 15.6 Kernel: 5.15 Compiler: gcc gcc (SUSE Linux) 7.5.0 Windows Server 2022 Kernel: 10.0.20348.2031 Compiler: clang 15.0.7, gcc 14.1.0 (MinGW), and MSVC VS 19.39.33521 To view detailed results, visit: https://lab.dpdk.org/results/dashboard/patchsets/33687/ UNH-IOL DPDK Community Lab To manage your email subscriptions, visit: https://lab.dpdk.org/results/dashboard/preferences/subscriptions/